000
CDUS42 KCAE 210527
CLIDNL


CLIMATE REPORT
NATIONAL WEATHER SERVICE COLUMBIA SC
127 AM EDT MON APR 21 2014


...................................

...THE AUGUSTA DANIEL FIELD GA CLIMATE SUMMARY FOR APRIL 20 2014...

CLIMATE NORMAL PERIOD 1981 TO 2010
CLIMATE RECORD PERIOD 9999 TO 9999


WEATHER ITEM   OBSERVED TIME   RECORD YEAR NORMAL DEPARTURE LAST
                VALUE   (LST)  VALUE       VALUE  FROM      YEAR
                                                  NORMAL
..................................................................
TEMPERATURE (F)
 YESTERDAY
  MAXIMUM         74    447 PM  MM      MM  76     -2       67
  MINIMUM         50    416 AM  MM      MM  54     -4       45
  AVERAGE         62                        65     -3       56

PRECIPITATION (IN)
  YESTERDAY        0.01         MM      MM   0.09  -0.08     0.00
  MONTH TO DATE    4.09                      2.31   1.78     2.14
  SINCE MAR 1      6.77                      6.62   0.15     4.98
  SINCE JAN 1     13.06                     14.86  -1.80    14.13

DEGREE DAYS
 HEATING
  YESTERDAY        3                         3      0        9
  MONTH TO DATE   66                        79    -13       67
  SINCE MAR 1    386                       329     57      485
  SINCE JUL 1   2222                      2142     80     2058

 COOLING
  YESTERDAY        0                         3     -3        0
  MONTH TO DATE   58                        39     19       55
  SINCE MAR 1     63                        61      2       60
  SINCE JAN 1     71                        65      6       80
..................................................................


WIND (MPH)
  HIGHEST WIND SPEED    20   HIGHEST WIND DIRECTION    NE (30)
  HIGHEST GUST SPEED    24   HIGHEST GUST DIRECTION    NE (40)
  AVERAGE WIND SPEED    10.1


SKY COVER
  AVERAGE SKY COVER 0.8


WEATHER CONDITIONS
 THE FOLLOWING WEATHER WAS RECORDED YESTERDAY.
  LIGHT RAIN
  FOG


RELATIVE HUMIDITY (PERCENT)
 HIGHEST    83          1200 AM
 LOWEST     33           300 PM

..........................................................


THE AUGUSTA DANIEL FIELD GA CLIMATE NORMALS FOR TODAY
                         NORMAL    RECORD    YEAR
 MAXIMUM TEMPERATURE (F)   77        MM        MM
 MINIMUM TEMPERATURE (F)   54        MM        MM


SUNRISE AND SUNSET
APRIL 21 2014.........SUNRISE   651 AM EDT   SUNSET   803 PM EDT
APRIL 22 2014.........SUNRISE   650 AM EDT   SUNSET   804 PM EDT


-  INDICATES NEGATIVE NUMBERS.
R  INDICATES RECORD WAS SET OR TIED.
MM INDICATES DATA IS MISSING.
T  INDICATES TRACE AMOUNT.




$$
