000
CDUS42 KCAE 200536
CLIDNL


CLIMATE REPORT
NATIONAL WEATHER SERVICE COLUMBIA SC
1235 AM EST SAT JAN 20 2018


...................................

...THE AUGUSTA DANIEL FIELD GA CLIMATE SUMMARY FOR JANUARY 19 2018...

CLIMATE NORMAL PERIOD 1981 TO 2010
CLIMATE RECORD PERIOD 9999 TO 9999


WEATHER ITEM   OBSERVED TIME   NORMAL DEPARTURE LAST
                VALUE   (LST)  VALUE  FROM      YEAR
                                      NORMAL
......................................................
TEMPERATURE (F)
 YESTERDAY
  MAXIMUM         62    425 PM  56      6       74
  MINIMUM         29    749 AM  38     -9       52
  AVERAGE         46            47     -1       63

PRECIPITATION (IN)
  YESTERDAY        0.00          0.14  -0.14     0.00
  MONTH TO DATE    0.82          2.33  -1.51     7.06
  SINCE DEC 1      4.82          5.95  -1.13    11.27
  SINCE JAN 1      0.82          2.33  -1.51     7.06

DEGREE DAYS
 HEATING
  YESTERDAY       19            18      1        2
  MONTH TO DATE  447           357     90      173
  SINCE DEC 1    867           862      5      568
  SINCE JUL 1   1129          1196    -67      737

 COOLING
  YESTERDAY        0             0      0        0
  MONTH TO DATE    2             0      2       11
  SINCE DEC 1      5             5      0       15
  SINCE JAN 1      2             0      2       11
......................................................


WIND (MPH)
  HIGHEST WIND SPEED    10   HIGHEST WIND DIRECTION    SW (220)
  HIGHEST GUST SPEED    13   HIGHEST GUST DIRECTION    SW (210)
  AVERAGE WIND SPEED     2.5


SKY COVER
  AVERAGE SKY COVER 0.0


WEATHER CONDITIONS
 THE FOLLOWING WEATHER WAS RECORDED YESTERDAY.
  NO SIGNIFICANT WEATHER WAS OBSERVED.


RELATIVE HUMIDITY (PERCENT)
 HIGHEST    53           800 AM
 LOWEST     11           300 PM

..........................................................


THE AUGUSTA DANIEL FIELD GA CLIMATE NORMALS FOR TODAY
                         NORMAL    RECORD    YEAR
 MAXIMUM TEMPERATURE (F)   56        MM        MM
 MINIMUM TEMPERATURE (F)   38        MM        MM


SUNRISE AND SUNSET
JANUARY 20 2018.......SUNRISE   731 AM EST   SUNSET   548 PM EST
JANUARY 21 2018.......SUNRISE   730 AM EST   SUNSET   549 PM EST


-  INDICATES NEGATIVE NUMBERS.
R  INDICATES RECORD WAS SET OR TIED.
MM INDICATES DATA IS MISSING.
T  INDICATES TRACE AMOUNT.




$$
