000
CDUS42 KCAE 312114
CLIDNL


CLIMATE REPORT
NATIONAL WEATHER SERVICE COLUMBIA SC
514 PM EDT TUE MAY 31 2016


...................................

...THE AUGUSTA DANIEL FIELD GA CLIMATE SUMMARY FOR MAY 31 2016...
VALID TODAY AS OF 0500 PM LOCAL TIME.

CLIMATE NORMAL PERIOD 1981 TO 2010
CLIMATE RECORD PERIOD 9999 TO 9999


WEATHER ITEM   OBSERVED TIME   NORMAL DEPARTURE LAST
                VALUE   (LST)  VALUE  FROM      YEAR
                                      NORMAL
......................................................
TEMPERATURE (F)
 TODAY
  MAXIMUM         88        MM  87      1       90
  MINIMUM         70        MM  67      3       71
  AVERAGE         79            77      2

PRECIPITATION (IN)
  TODAY            0.00          0.15  -0.15      T
  MONTH TO DATE    3.13          3.18  -0.05     1.45
  SINCE MAR 1      8.36         10.44  -2.08     7.51
  SINCE JAN 1     12.97         18.68  -5.71    12.44

DEGREE DAYS
 HEATING
  TODAY            0             0      0        0
  MONTH TO DATE    7             8     -1        2
  SINCE MAR 1    162           357   -195      181
  SINCE JUL 1   1463          2170   -707     2036

 COOLING
  TODAY           14            12      2       16
  MONTH TO DATE  287           256     31      357
  SINCE MAR 1    514           353    161      548
  SINCE JAN 1    520           357    163      548
......................................................


WIND (MPH)
  HIGHEST WIND SPEED     9   HIGHEST WIND DIRECTION     N (10)
  HIGHEST GUST SPEED    MM   HIGHEST GUST DIRECTION    MM
  AVERAGE WIND SPEED     4.3


SKY COVER
  AVERAGE SKY COVER 0.2


WEATHER CONDITIONS
 THE FOLLOWING WEATHER WAS RECORDED TODAY.
  NO SIGNIFICANT WEATHER WAS OBSERVED.


RELATIVE HUMIDITY (PERCENT)
 HIGHEST    90           500 AM
 LOWEST     50           100 PM

..........................................................


THE AUGUSTA DANIEL FIELD GA CLIMATE NORMALS FOR TOMORROW
                         NORMAL
 MAXIMUM TEMPERATURE (F)   87
 MINIMUM TEMPERATURE (F)   67


SUNRISE AND SUNSET
MAY 31 2016...........SUNRISE   619 AM EDT   SUNSET   833 PM EDT
JUNE  1 2016..........SUNRISE   619 AM EDT   SUNSET   833 PM EDT


-  INDICATES NEGATIVE NUMBERS.
R  INDICATES RECORD WAS SET OR TIED.
MM INDICATES DATA IS MISSING.
T  INDICATES TRACE AMOUNT.




$$
