000
CDUS43 KLOT 030649
CLIDPA


CLIMATE REPORT
NATIONAL WEATHER SERVICE CHICAGO IL
1248 AM CST SAT DEC 3 2016


...................................

...THE DU PAGE  AIRPORT CLIMATE SUMMARY FOR DECEMBER 2 2016...

CLIMATE NORMAL PERIOD 1981 TO 2010
CLIMATE RECORD PERIOD 1997 TO 2016


WEATHER ITEM   OBSERVED TIME   RECORD YEAR NORMAL DEPARTURE LAST
                VALUE   (LST)  VALUE       VALUE  FROM      YEAR
                                                  NORMAL
..................................................................
TEMPERATURE (F)
 YESTERDAY
  MAXIMUM         39   1255 PM  63    2012  40     -1       36
  MINIMUM         33   1159 PM   7    2006  24      9       31
  AVERAGE         36                        32      4       34

PRECIPITATION (IN)
  YESTERDAY        0.02          0.15        0.07  -0.05     0.15
  MONTH TO DATE    0.02                      0.14  -0.12     0.39
  SINCE DEC 1      0.02                      0.14  -0.12     0.39
  SINCE JAN 1     31.31                     35.33  -4.02    35.60

SNOWFALL (IN)
  YESTERDAY       MM
  MONTH TO DATE   MM
  SINCE JUL 1      0.0

DEGREE DAYS
 HEATING
  YESTERDAY       29                        33     -4       31
  MONTH TO DATE   56                        65     -9       56
  SINCE DEC 1     56                        65     -9       56
  SINCE JUL 1    967                      1319   -352     1133

 COOLING
  YESTERDAY        0                         0      0        0
  MONTH TO DATE    0                         0      0        0
  SINCE DEC 1      0                         0      0        0
  SINCE JAN 1   1007                       814    193      711
..................................................................


WIND (MPH)
  RESULTANT WIND SPEED   8   RESULTANT WIND DIRECTION   W (290)
  HIGHEST WIND SPEED    15   HIGHEST WIND DIRECTION    NW (320)
  HIGHEST GUST SPEED    21   HIGHEST GUST DIRECTION    NW (310)
  AVERAGE WIND SPEED     8.2



WEATHER CONDITIONS
 THE FOLLOWING WEATHER WAS RECORDED YESTERDAY.
  LIGHT RAIN
  SNOW
  LIGHT SNOW
  FOG


..........................................................


THE DU PAGE  AIRPORT CLIMATE NORMALS FOR TODAY
                         NORMAL    RECORD    YEAR
 MAXIMUM TEMPERATURE (F)   40        69      2012
 MINIMUM TEMPERATURE (F)   23         1      2002


SUNRISE AND SUNSET
DECEMBER  3 2016......SUNRISE   704 AM CST   SUNSET   422 PM CST
DECEMBER  4 2016......SUNRISE   705 AM CST   SUNSET   422 PM CST


-  INDICATES NEGATIVE NUMBERS.
R  INDICATES RECORD WAS SET OR TIED.
MM INDICATES DATA IS MISSING.
T  INDICATES TRACE AMOUNT.




$$
