000
CDUS45 KGJT 262347
CLIDRO


CLIMATE REPORT
NATIONAL WEATHER SERVICE GRAND JUNCTION CO
430 PM MST WED NOV 26 2014


...................................

...THE DURANGO AIRPORT CO CLIMATE SUMMARY FOR NOVEMBER 26 2014...
VALID TODAY AS OF 0400 PM LOCAL TIME.

CLIMATE NORMAL PERIOD 1981 TO 2010
CLIMATE RECORD PERIOD 9999 TO 9999


WEATHER ITEM   OBSERVED TIME   RECORD YEAR NORMAL DEPARTURE LAST
                VALUE   (LST)  VALUE       VALUE  FROM      YEAR
                                                  NORMAL
..................................................................
TEMPERATURE (F)
 TODAY
  MAXIMUM         55    316 PM  MM      MM  45     10       32
  MINIMUM         19    721 AM  MM      MM  19      0       22
  AVERAGE         37                        32      5       27

PRECIPITATION (IN)
  TODAY            0.00         MM      MM   0.05  -0.05     0.00
  MONTH TO DATE    1.00                      1.52  -0.52     1.48
  SINCE SEP 1      5.72                      4.77   0.95     7.37
  SINCE JAN 1     11.35                     14.74  -3.39    15.58

SNOWFALL (IN)
  TODAY           MM            MM      MM  MM     MM       MM
  MONTH TO DATE   MM                        MM     MM       MM
  SINCE SEP 1     MM                        MM     MM       MM
  SINCE JUL 1     MM                        MM     MM       MM
  SNOW DEPTH      MM

DEGREE DAYS
 HEATING
  TODAY           28                        33     -5       38
  MONTH TO DATE  725                       748    -23      729
  SINCE SEP 1   1271                      1507   -236     1545
  SINCE JUL 1   1298                      1536   -238     1558

 COOLING
  TODAY            0                         0      0        0
  MONTH TO DATE    0                         0      0        0
  SINCE SEP 1     13                         6      7       39
  SINCE JAN 1    305                       243     62      388
..................................................................


WIND (MPH)
  HIGHEST WIND SPEED    12   HIGHEST WIND DIRECTION    SW (210)
  HIGHEST GUST SPEED    15   HIGHEST GUST DIRECTION    SW (210)
  AVERAGE WIND SPEED     6.8


SKY COVER
  POSSIBLE SUNSHINE  MM
  AVERAGE SKY COVER 0.0


WEATHER CONDITIONS
 THE FOLLOWING WEATHER WAS RECORDED TODAY.
  NO SIGNIFICANT WEATHER WAS OBSERVED.


RELATIVE HUMIDITY (PERCENT)
 HIGHEST    73           600 AM
 LOWEST     28           300 PM
 AVERAGE    51

..........................................................


THE DURANGO AIRPORT CO CLIMATE NORMALS FOR TOMORROW
                         NORMAL    RECORD    YEAR
 MAXIMUM TEMPERATURE (F)   44        MM        MM
 MINIMUM TEMPERATURE (F)   19        MM        MM


SUNRISE AND SUNSET
NOVEMBER 26 2014......SUNRISE   701 AM MST   SUNSET   455 PM MST
NOVEMBER 27 2014......SUNRISE   702 AM MST   SUNSET   455 PM MST


-  INDICATES NEGATIVE NUMBERS.
R  INDICATES RECORD WAS SET OR TIED.
MM INDICATES DATA IS MISSING.
T  INDICATES TRACE AMOUNT.




$$
