000
CDUS44 KEWX 012223
CLIDRT


CLIMATE REPORT
NATIONAL WEATHER SERVICE AUSTIN/SAN ANTONIO, TX
523 PM CDT SAT AUG 1 2015


...................................

...THE DEL RIO CLIMATE SUMMARY FOR AUGUST 1 2015...
VALID TODAY AS OF 0523 PM LOCAL TIME.

CLIMATE NORMAL PERIOD 1981 TO 2010
CLIMATE RECORD PERIOD 1906 TO 2015


WEATHER ITEM   OBSERVED TIME   RECORD YEAR NORMAL DEPARTURE LAST
                VALUE   (LST)  VALUE       VALUE  FROM      YEAR
                                                  NORMAL
..................................................................
TEMPERATURE (F)
 TODAY
  MAXIMUM        100    241 PM 106    2012  98      2       96
                                      1912
  MINIMUM         77    629 AM  65    1925  76      1       76
  AVERAGE         89                        87      2       86

PRECIPITATION (IN)
  TODAY            T             0.99 1988   0.05  -0.05     0.00
  MONTH TO DATE    T                         0.05  -0.05     0.00
  SINCE JUN 1      3.52                      4.18  -0.66     5.04
  SINCE JAN 1     18.60                     11.38   7.22     6.39

SNOWFALL (IN)
  TODAY            0.0
  MONTH TO DATE    0.0
  SINCE JUN 1      0.0
  SINCE JUL 1      0.0
  SNOW DEPTH       0

DEGREE DAYS
 HEATING
  TODAY            0                         0      0        0
  MONTH TO DATE    0                         0      0        0
  SINCE JUN 1      0                         0      0        0
  SINCE JUL 1      0                         0      0        0

 COOLING
  TODAY           24                        22      2       21
  MONTH TO DATE   24                        22      2       21
  SINCE JUN 1   1190                      1241    -51     1344
  SINCE JAN 1   1870                      2000   -130     2194
..................................................................


WIND (MPH)
  HIGHEST WIND SPEED    24   HIGHEST WIND DIRECTION    NE (40)
  HIGHEST GUST SPEED    37   HIGHEST GUST DIRECTION    NE (50)
  AVERAGE WIND SPEED     7.7



WEATHER CONDITIONS
 THE FOLLOWING WEATHER WAS RECORDED TODAY.
  NO SIGNIFICANT WEATHER WAS OBSERVED.


RELATIVE HUMIDITY (PERCENT)
 HIGHEST    76           500 AM
 LOWEST     38           100 PM
 AVERAGE    57

..........................................................


THE DEL RIO CLIMATE NORMALS FOR TOMORROW
                         NORMAL    RECORD    YEAR
 MAXIMUM TEMPERATURE (F)   98       106      2012
 MINIMUM TEMPERATURE (F)   76        65      1949


SUNRISE AND SUNSET
AUGUST  1 2015........SUNRISE   704 AM CDT   SUNSET   836 PM CDT
AUGUST  2 2015........SUNRISE   704 AM CDT   SUNSET   835 PM CDT


-  INDICATES NEGATIVE NUMBERS.
R  INDICATES RECORD WAS SET OR TIED.
MM INDICATES DATA IS MISSING.
T  INDICATES TRACE AMOUNT.




$$
