000
CDUS44 KEWX 222256
CLIDRT


CLIMATE REPORT
NATIONAL WEATHER SERVICE AUSTIN/SAN ANTONIO, TX
555 PM CDT THU JUN 22 2017


...................................

...THE DEL RIO CLIMATE SUMMARY FOR JUNE 22 2017...
VALID TODAY AS OF 555 PM LOCAL TIME.

CLIMATE NORMAL PERIOD 1981 TO 2010
CLIMATE RECORD PERIOD 1906 TO 2017


WEATHER ITEM   OBSERVED TIME   RECORD YEAR NORMAL DEPARTURE LAST
                VALUE   (LST)  VALUE       VALUE  FROM      YEAR
                                                  NORMAL
..................................................................
TEMPERATURE (F)
 TODAY
  MAXIMUM        103    449 PM 106    1953  95      8      100
  MINIMUM         69    609 AM  65    1926  74     -5       75
  AVERAGE         86                        85      1       88

PRECIPITATION (IN)
  TODAY            0.00          2.42 1926   0.08  -0.08     0.00
  MONTH TO DATE    1.73                      1.82  -0.09     2.37
  SINCE JUN 1      1.73                      1.82  -0.09     2.37
  SINCE JAN 1     12.82                      9.02   3.80    10.98

SNOWFALL (IN)
  TODAY            0.0
  MONTH TO DATE    0.0
  SINCE JUN 1      0.0
  SINCE JUL 1      0.0
  SNOW DEPTH       0

DEGREE DAYS
 HEATING
  TODAY            0                         0      0        0
  MONTH TO DATE    0                         0      0        0
  SINCE JUN 1      0                         0      0        0
  SINCE JUL 1    840                      1376   -536     1050

 COOLING
  TODAY           21                        20      1       23
  MONTH TO DATE  410                       411     -1      416
  SINCE JUN 1    410                       411     -1      416
  SINCE JAN 1   1235                      1170     65     1142
..................................................................


WIND (MPH)
  HIGHEST WIND SPEED    15   HIGHEST WIND DIRECTION     E (100)
  HIGHEST GUST SPEED    23   HIGHEST GUST DIRECTION     E (90)
  AVERAGE WIND SPEED     7.2



WEATHER CONDITIONS
 THE FOLLOWING WEATHER WAS RECORDED TODAY.
  NO SIGNIFICANT WEATHER WAS OBSERVED.


RELATIVE HUMIDITY (PERCENT)
 HIGHEST    68           600 AM
 LOWEST     26           400 PM
 AVERAGE    47

..........................................................


THE DEL RIO CLIMATE NORMALS FOR TOMORROW
                         NORMAL    RECORD    YEAR
 MAXIMUM TEMPERATURE (F)   96       106      1953
 MINIMUM TEMPERATURE (F)   74        65      1909


SUNRISE AND SUNSET
JUNE 22 2017..........SUNRISE   645 AM CDT   SUNSET   847 PM CDT
JUNE 23 2017..........SUNRISE   645 AM CDT   SUNSET   847 PM CDT


-  INDICATES NEGATIVE NUMBERS.
R  INDICATES RECORD WAS SET OR TIED.
MM INDICATES DATA IS MISSING.
T  INDICATES TRACE AMOUNT.




$$
