000
CDUS44 KEWX 212343
CLIDRT


CLIMATE REPORT
NATIONAL WEATHER SERVICE AUSTIN/SAN ANTONIO, TX
543 PM CST SUN JAN 21 2018


...................................

...THE DEL RIO CLIMATE SUMMARY FOR JANUARY 21 2018...
VALID TODAY AS OF 0500 PM LOCAL TIME.

CLIMATE NORMAL PERIOD 1981 TO 2010
CLIMATE RECORD PERIOD 1906 TO 2018


WEATHER ITEM   OBSERVED TIME   RECORD YEAR NORMAL DEPARTURE LAST
                VALUE   (LST)  VALUE       VALUE  FROM      YEAR
                                                  NORMAL
..................................................................
TEMPERATURE (F)
 TODAY
  MAXIMUM         67    444 PM  86    2003  64      3       82
  MINIMUM         46   1216 AM  21    1988  41      5       50
                                      1985
                                      1935
  AVERAGE         57                        52      5       66

PRECIPITATION (IN)
  TODAY            0.00          1.81 1994   0.03  -0.03      T
  MONTH TO DATE    T                         0.47  -0.47     0.18
  SINCE DEC 1      1.74                      1.12   0.62     2.66
  SINCE JAN 1      T                         0.47  -0.47     0.18

SNOWFALL (IN)
  TODAY            0.0
  MONTH TO DATE    T
  SINCE DEC 1      T
  SINCE JUL 1      T
  SNOW DEPTH       0

DEGREE DAYS
 HEATING
  TODAY            8                        13     -5        0
  MONTH TO DATE  368                       282     86      190
  SINCE DEC 1    777                       676    101      523
  SINCE JUL 1    928                       873     55      592

 COOLING
  TODAY            0                         0      0        1
  MONTH TO DATE    0                         0      0       12
  SINCE DEC 1     10                         3      7       24
  SINCE JAN 1      0                         0      0       12
..................................................................


WIND (MPH)
  HIGHEST WIND SPEED    10   HIGHEST WIND DIRECTION    NW (300)
  HIGHEST GUST SPEED    13   HIGHEST GUST DIRECTION    SE (130)
  AVERAGE WIND SPEED     5.3



WEATHER CONDITIONS
 THE FOLLOWING WEATHER WAS RECORDED TODAY.
  FOG


RELATIVE HUMIDITY (PERCENT)
 HIGHEST   100          1200 AM
 LOWEST     68           500 PM
 AVERAGE    84

..........................................................


THE DEL RIO CLIMATE NORMALS FOR TOMORROW
                         NORMAL    RECORD    YEAR
 MAXIMUM TEMPERATURE (F)   64        87      1971
 MINIMUM TEMPERATURE (F)   41        19      1935
                                             1930


SUNRISE AND SUNSET
JANUARY 21 2018.......SUNRISE   738 AM CST   SUNSET   613 PM CST
JANUARY 22 2018.......SUNRISE   737 AM CST   SUNSET   614 PM CST


-  INDICATES NEGATIVE NUMBERS.
R  INDICATES RECORD WAS SET OR TIED.
MM INDICATES DATA IS MISSING.
T  INDICATES TRACE AMOUNT.




$$
