000
CDUS44 KEWX 210735
CLIDRT


CLIMATE REPORT
NATIONAL WEATHER SERVICE AUSTIN/SAN ANTONIO, TX
133 AM CST SUN DEC 21 2014


...................................

...THE DEL RIO CLIMATE SUMMARY FOR DECEMBER 20 2014...

CLIMATE NORMAL PERIOD 1981 TO 2010
CLIMATE RECORD PERIOD 1906 TO 2014


WEATHER ITEM   OBSERVED TIME   RECORD YEAR NORMAL DEPARTURE LAST
                VALUE   (LST)  VALUE       VALUE  FROM      YEAR
                                                  NORMAL
..................................................................
TEMPERATURE (F)
 YESTERDAY
  MAXIMUM         60    410 PM  82    1951  63     -3       70
  MINIMUM         51   1159 PM  23    1996  40     11       54
                                      1924
  AVERAGE         56                        52      4       62

PRECIPITATION (IN)
  YESTERDAY        0.00          0.29 1997   0.02  -0.02     0.03
  MONTH TO DATE    0.04                      0.39  -0.35     0.04
  SINCE DEC 1      0.04                      0.39  -0.35     0.04
  SINCE JAN 1     15.94                     19.26  -3.32    15.03

SNOWFALL (IN)
  YESTERDAY        0.0
  MONTH TO DATE    0.0
  SINCE DEC 1      0.0
  SINCE JUL 1      0.0

DEGREE DAYS
 HEATING
  YESTERDAY        9                        13     -4        3
  MONTH TO DATE  107                       242   -135      279
  SINCE DEC 1    107                       242   -135      279
  SINCE JUL 1    379                       439    -60      512

 COOLING
  YESTERDAY        0                         0      0        0
  MONTH TO DATE    6                         0      6        5
  SINCE DEC 1      6                         0      6        5
  SINCE JAN 1   3694                      3372    322     3746
..................................................................


WIND (MPH)
  HIGHEST WIND SPEED    15   HIGHEST WIND DIRECTION    SE (120)
  HIGHEST GUST SPEED    20   HIGHEST GUST DIRECTION    SE (120)
  AVERAGE WIND SPEED     9.7


SKY COVER
  AVERAGE SKY COVER 0.9


WEATHER CONDITIONS
 THE FOLLOWING WEATHER WAS RECORDED YESTERDAY.
  NO SIGNIFICANT WEATHER WAS OBSERVED.


RELATIVE HUMIDITY (PERCENT)
 HIGHEST    89           500 AM
 LOWEST     62           300 PM
 AVERAGE    76

..........................................................


THE DEL RIO CLIMATE NORMALS FOR TODAY
                         NORMAL    RECORD    YEAR
 MAXIMUM TEMPERATURE (F)   63        82      1966
 MINIMUM TEMPERATURE (F)   40        21      1989


SUNRISE AND SUNSET
DECEMBER 21 2014......SUNRISE   734 AM CST   SUNSET   550 PM CST
DECEMBER 22 2014......SUNRISE   734 AM CST   SUNSET   550 PM CST


-  INDICATES NEGATIVE NUMBERS.
R  INDICATES RECORD WAS SET OR TIED.
MM INDICATES DATA IS MISSING.
T  INDICATES TRACE AMOUNT.




$$
