000
CDUS44 KEWX 230708
CLIDRT


CLIMATE REPORT
NATIONAL WEATHER SERVICE AUSTIN/SAN ANTONIO, TX
202 AM CDT SAT AUG 23 2014


...................................

...THE DEL RIO CLIMATE SUMMARY FOR AUGUST 22 2014...

CLIMATE NORMAL PERIOD 1981 TO 2010
CLIMATE RECORD PERIOD 1906 TO 2014


WEATHER ITEM   OBSERVED TIME   RECORD YEAR NORMAL DEPARTURE LAST
                VALUE   (LST)  VALUE       VALUE  FROM      YEAR
                                                  NORMAL
..................................................................
TEMPERATURE (F)
 YESTERDAY
  MAXIMUM        103    446 PM 104    1997  97      6       96
                                      1991
                                      1911
  MINIMUM         77    637 AM  64    1940  75      2       76
  AVERAGE         90                        86      4       86

PRECIPITATION (IN)
  YESTERDAY        0.00          1.08 1920   0.08  -0.08     0.00
  MONTH TO DATE    0.78                      1.38  -0.60     0.51
  SINCE JUN 1      5.82                      5.51   0.31     5.04
  SINCE JAN 1      7.17                     12.71  -5.54     8.26

SNOWFALL (IN)
  YESTERDAY        0.0
  MONTH TO DATE    0.0
  SINCE JUN 1      0.0
  SINCE JUL 1      0.0

DEGREE DAYS
 HEATING
  YESTERDAY        0                         0      0        0
  MONTH TO DATE    0                         0      0        0
  SINCE JUN 1      0                         0      0        0
  SINCE JUL 1      0                         0      0        0

 COOLING
  YESTERDAY       25                        21      4       21
  MONTH TO DATE  496                       479     17      553
  SINCE JUN 1   1819                      1698    121     1839
  SINCE JAN 1   2669                      2457    212     2745
..................................................................


WIND (MPH)
  HIGHEST WIND SPEED    24   HIGHEST WIND DIRECTION     S (160)
  HIGHEST GUST SPEED    30   HIGHEST GUST DIRECTION    SE (150)
  AVERAGE WIND SPEED    12.4


SKY COVER
  AVERAGE SKY COVER 0.0


WEATHER CONDITIONS
 THE FOLLOWING WEATHER WAS RECORDED YESTERDAY.
  NO SIGNIFICANT WEATHER WAS OBSERVED.


RELATIVE HUMIDITY (PERCENT)
 HIGHEST    67           600 AM
 LOWEST     14           500 PM
 AVERAGE    41

..........................................................


THE DEL RIO CLIMATE NORMALS FOR TODAY
                         NORMAL    RECORD    YEAR
 MAXIMUM TEMPERATURE (F)   97       106      1917
 MINIMUM TEMPERATURE (F)   75        65      1940


SUNRISE AND SUNSET
AUGUST 23 2014........SUNRISE   716 AM CDT   SUNSET   816 PM CDT
AUGUST 24 2014........SUNRISE   717 AM CDT   SUNSET   815 PM CDT


-  INDICATES NEGATIVE NUMBERS.
R  INDICATES RECORD WAS SET OR TIED.
MM INDICATES DATA IS MISSING.
T  INDICATES TRACE AMOUNT.




$$
