000
CDUS44 KEWX 250710
CLIDRT


CLIMATE REPORT
NATIONAL WEATHER SERVICE AUSTIN/SAN ANTONIO, TX
209 AM CDT FRI APR 25 2014


...................................

...THE DEL RIO CLIMATE SUMMARY FOR APRIL 24 2014...

CLIMATE NORMAL PERIOD 1981 TO 2010
CLIMATE RECORD PERIOD 1906 TO 2014


WEATHER ITEM   OBSERVED TIME   RECORD YEAR NORMAL DEPARTURE LAST
                VALUE   (LST)  VALUE       VALUE  FROM      YEAR
                                                  NORMAL
..................................................................
TEMPERATURE (F)
 YESTERDAY
  MAXIMUM         98    338 PM  99    1978  85     13       65
  MINIMUM         67    651 AM  46    1968  62      5       51
  AVERAGE         83                        74      9       58

PRECIPITATION (IN)
  YESTERDAY        0.00          2.69 1966   0.06  -0.06      T
  MONTH TO DATE    0.08                      1.24  -1.16     0.36
  SINCE MAR 1      0.40                      2.38  -1.98     0.42
  SINCE JAN 1      0.62                      3.98  -3.36     1.75

SNOWFALL (IN)
  YESTERDAY        0.0
  MONTH TO DATE    0.0
  SINCE MAR 1      0.0
  SINCE JUL 1      0.0

DEGREE DAYS
 HEATING
  YESTERDAY        0                         0      0        7
  MONTH TO DATE   14                        24    -10       24
  SINCE MAR 1    148                       138     10      116
  SINCE JUL 1   1555                      1374    181     1009

 COOLING
  YESTERDAY       18                         9      9        0
  MONTH TO DATE  206                       164     42      180
  SINCE MAR 1    290                       251     39      328
  SINCE JAN 1    335                       270     65      367
..................................................................


WIND (MPH)
  HIGHEST WIND SPEED    20   HIGHEST WIND DIRECTION    NW (330)
  HIGHEST GUST SPEED    27   HIGHEST GUST DIRECTION     N (340)
  AVERAGE WIND SPEED     9.0


SKY COVER
  AVERAGE SKY COVER 0.2


WEATHER CONDITIONS
 THE FOLLOWING WEATHER WAS RECORDED YESTERDAY.
  NO SIGNIFICANT WEATHER WAS OBSERVED.


RELATIVE HUMIDITY (PERCENT)
 HIGHEST    81           700 AM
 LOWEST      5           600 PM
 AVERAGE    43

..........................................................


THE DEL RIO CLIMATE NORMALS FOR TODAY
                         NORMAL    RECORD    YEAR
 MAXIMUM TEMPERATURE (F)   86       103      1996
 MINIMUM TEMPERATURE (F)   62        40      1913


SUNRISE AND SUNSET
APRIL 25 2014.........SUNRISE   707 AM CDT   SUNSET   816 PM CDT
APRIL 26 2014.........SUNRISE   706 AM CDT   SUNSET   817 PM CDT


-  INDICATES NEGATIVE NUMBERS.
R  INDICATES RECORD WAS SET OR TIED.
MM INDICATES DATA IS MISSING.
T  INDICATES TRACE AMOUNT.




$$
