000
CDUS44 KEWX 312222
CLIDRT


CLIMATE REPORT
NATIONAL WEATHER SERVICE AUSTIN/SAN ANTONIO, TX
521 PM CDT THU JUL 31 2014

...................................

...THE DEL RIO CLIMATE SUMMARY FOR JULY 31 2014...
VALID TODAY AS OF 0500 PM LOCAL TIME.

CLIMATE NORMAL PERIOD 1981 TO 2010
CLIMATE RECORD PERIOD 1906 TO 2014


WEATHER ITEM   OBSERVED TIME   RECORD YEAR NORMAL DEPARTURE LAST
                VALUE   (LST)  VALUE       VALUE  FROM      YEAR
                                                  NORMAL
..................................................................
TEMPERATURE (F)
 TODAY
  MAXIMUM         99    351 PM 106    1912  98      1      103
  MINIMUM         79    752 AM  68    1971  76      3       78
  AVERAGE         89                        87      2       91

PRECIPITATION (IN)
  TODAY            0.00          1.03 1915   0.05  -0.05     0.00
  MONTH TO DATE    0.26                      1.78  -1.52     2.77
  SINCE JUN 1      4.95                      4.13   0.82     4.53
  SINCE JAN 1      6.30                     11.33  -5.03     7.75

SNOWFALL (IN)
  TODAY            0.0
  MONTH TO DATE    0.0
  SINCE JUN 1      0.0
  SINCE JUL 1      0.0
  SNOW DEPTH       0

DEGREE DAYS
 HEATING
  TODAY            0                         0      0        0
  MONTH TO DATE    0                         0      0        0
  SINCE JUN 1      0                         0      0        0
  SINCE JUL 1      0                         0      0        0

 COOLING
  TODAY           24                        22      2       26
  MONTH TO DATE  694                       648     46      661
  SINCE JUN 1   1322                      1219    103     1286
  SINCE JAN 1   2172                      1978    194     2192
..................................................................


WIND (MPH)
  HIGHEST WIND SPEED    16   HIGHEST WIND DIRECTION    SE (120)
  HIGHEST GUST SPEED    23   HIGHEST GUST DIRECTION    SE (120)
  AVERAGE WIND SPEED     8.5



WEATHER CONDITIONS
 THE FOLLOWING WEATHER WAS RECORDED TODAY.
  NO SIGNIFICANT WEATHER WAS OBSERVED.


RELATIVE HUMIDITY (PERCENT)
 HIGHEST    79           600 AM
 LOWEST     38           400 PM
 AVERAGE    59

..........................................................


THE DEL RIO CLIMATE NORMALS FOR TOMORROW
                         NORMAL    RECORD    YEAR
 MAXIMUM TEMPERATURE (F)   98       106      2012
                                             1912
 MINIMUM TEMPERATURE (F)   76        65      1925


SUNRISE AND SUNSET
JULY 31 2014..........SUNRISE   703 AM CDT   SUNSET   836 PM CDT
AUGUST  1 2014........SUNRISE   704 AM CDT   SUNSET   836 PM CDT


-  INDICATES NEGATIVE NUMBERS.
R  INDICATES RECORD WAS SET OR TIED.
MM INDICATES DATA IS MISSING.
T  INDICATES TRACE AMOUNT.


$$
