000
CDUS43 KDMX 230635 RRA
CLIDSM

CLIMATE REPORT
NATIONAL WEATHER SERVICE DES MOINES IA
1233 AM CST THU NOV 23 2017


...................................

...THE DES MOINES IA CLIMATE SUMMARY FOR NOVEMBER 22 2017...

CLIMATE NORMAL PERIOD 1981 TO 2010
CLIMATE RECORD PERIOD 1878 TO 2017


WEATHER ITEM   OBSERVED TIME   RECORD YEAR NORMAL DEPARTURE LAST
                VALUE   (LST)  VALUE       VALUE  FROM      YEAR
                                                  NORMAL
..................................................................
TEMPERATURE (F)
 YESTERDAY
  MAXIMUM         39    310 PM  69    1966  44     -5       44
  MINIMUM         16    725 AM   0    1937  27    -11       38
  AVERAGE         28                        36     -8       41

PRECIPITATION (IN)
  YESTERDAY        0.00          1.12 1884   0.06  -0.06     0.51
  MONTH TO DATE    0.25                      1.68  -1.43     0.60
  SINCE SEP 1      7.54                      7.37   0.17     7.01
  SINCE JAN 1     29.78                     34.09  -4.31    32.34

SNOWFALL (IN)
  YESTERDAY        0.0           3.6  1991   0.1   -0.1      0.0
  MONTH TO DATE    0.0                       1.2   -1.2       T
  SINCE SEP 1      T                         1.6   -1.6       T
  SINCE JUL 1      T                         1.6   -1.6       T
  SNOW DEPTH       0

DEGREE DAYS
 HEATING
  YESTERDAY       37                        29      8       24
  MONTH TO DATE  589                       520     69      303
  SINCE SEP 1    909                       998    -89      509
  SINCE JUL 1    909                      1004    -95      509

 COOLING
  YESTERDAY        0                         0      0        0
  MONTH TO DATE    0                         0      0        1
  SINCE SEP 1    226                       127     99      251
  SINCE JAN 1   1306                      1066    240     1448
..................................................................


WIND (MPH)
  HIGHEST WIND SPEED    16   HIGHEST WIND DIRECTION     S (200)
  HIGHEST GUST SPEED    21   HIGHEST GUST DIRECTION     S (200)
  AVERAGE WIND SPEED     8.4


SKY COVER
  POSSIBLE SUNSHINE  MM
  AVERAGE SKY COVER 0.3


WEATHER CONDITIONS
 THE FOLLOWING WEATHER WAS RECORDED YESTERDAY.
  NO SIGNIFICANT WEATHER WAS OBSERVED.


RELATIVE HUMIDITY (PERCENT)
 HIGHEST    80           800 AM
 LOWEST     35           200 PM
 AVERAGE    58

..........................................................


THE DES MOINES IA CLIMATE NORMALS FOR TODAY
                         NORMAL    RECORD    YEAR
 MAXIMUM TEMPERATURE (F)   44        66      1966
                                             1931
 MINIMUM TEMPERATURE (F)   27         1      1898


SUNRISE AND SUNSET
NOVEMBER 23 2017......SUNRISE   713 AM CST   SUNSET   449 PM CST
NOVEMBER 24 2017......SUNRISE   714 AM CST   SUNSET   448 PM CST


-  INDICATES NEGATIVE NUMBERS.
R  INDICATES RECORD WAS SET OR TIED.
MM INDICATES DATA IS MISSING.
T  INDICATES TRACE AMOUNT.




$$
