000
CDUS43 KDTX 050543
CLIDTW


CLIMATE REPORT
NATIONAL WEATHER SERVICE DETROIT/PONTIAC MI
1243 AM EST THU MAR 5 2015


...................................

...THE DETROIT MI CLIMATE SUMMARY FOR MARCH 4 2015...

CLIMATE NORMAL PERIOD 1981 TO 2010
CLIMATE RECORD PERIOD 1874 TO 2015


WEATHER ITEM   OBSERVED TIME   RECORD YEAR NORMAL DEPARTURE LAST
                VALUE   (LST)  VALUE       VALUE  FROM      YEAR
                                                  NORMAL
..................................................................
TEMPERATURE (F)
 YESTERDAY
  MAXIMUM         36   1222 AM  69    1983  41     -5       21
  MINIMUM         17   1159 PM   0    2014  25     -8        0
  AVERAGE         27                        33     -6       11

PRECIPITATION (IN)
  YESTERDAY        0.00          1.18 1895   0.07  -0.07     0.00
  MONTH TO DATE    0.32                      0.29   0.03     0.38
  SINCE MAR 1      0.32                      0.29   0.03     0.38
  SINCE JAN 1      3.12                      4.27  -1.15     6.12

SNOWFALL (IN)
  YESTERDAY        0.0          11.8  1895   0.3   -0.3      0.0
  MONTH TO DATE    2.8                       1.2    1.6      4.6
  SINCE MAR 1      2.8                       1.2    1.6      4.6
  SINCE JUL 1     47.5                      35.1   12.4     83.8
  SNOW DEPTH      13

DEGREE DAYS
 HEATING
  YESTERDAY       38                        32      6       54
  MONTH TO DATE  156                       131     25      202
  SINCE MAR 1    156                       131     25      202
  SINCE JUL 1   5267                      4684    583     5452

 COOLING
  YESTERDAY        0                         0      0        0
  MONTH TO DATE    0                         0      0        0
  SINCE MAR 1      0                         0      0        0
  SINCE JAN 1      0                         0      0        0
..................................................................


WIND (MPH)
  HIGHEST WIND SPEED    29   HIGHEST WIND DIRECTION     W (250)
  HIGHEST GUST SPEED    38   HIGHEST GUST DIRECTION    SW (230)
  AVERAGE WIND SPEED    12.8


SKY COVER
  POSSIBLE SUNSHINE  MM
  AVERAGE SKY COVER 0.9


WEATHER CONDITIONS
 THE FOLLOWING WEATHER WAS RECORDED YESTERDAY.
  NO SIGNIFICANT WEATHER WAS OBSERVED.


RELATIVE HUMIDITY (PERCENT)
 HIGHEST    72           500 AM
 LOWEST     45          1100 PM
 AVERAGE    59

..........................................................


THE DETROIT MI CLIMATE NORMALS FOR TODAY
                         NORMAL    RECORD    YEAR
 MAXIMUM TEMPERATURE (F)   41        68      2004
 MINIMUM TEMPERATURE (F)   25         2      1948
                                             1901


SUNRISE AND SUNSET
MARCH  5 2015.........SUNRISE   702 AM EST   SUNSET   628 PM EST
MARCH  6 2015.........SUNRISE   701 AM EST   SUNSET   629 PM EST


-  INDICATES NEGATIVE NUMBERS.
R  INDICATES RECORD WAS SET OR TIED.
MM INDICATES DATA IS MISSING.
T  INDICATES TRACE AMOUNT.




$$
