000
CDUS43 KDTX 310536
CLIDTW


CLIMATE REPORT
NATIONAL WEATHER SERVICE DETROIT/PONTIAC MI
136 AM EDT FRI OCT 31 2014


...................................

...THE DETROIT MI CLIMATE SUMMARY FOR OCTOBER 30 2014...

CLIMATE NORMAL PERIOD 1981 TO 2010
CLIMATE RECORD PERIOD 1874 TO 2014


WEATHER ITEM   OBSERVED TIME   RECORD YEAR NORMAL DEPARTURE LAST
                VALUE   (LST)  VALUE       VALUE  FROM      YEAR
                                                  NORMAL
..................................................................
TEMPERATURE (F)
 YESTERDAY
  MAXIMUM         51    117 PM  76    1999  56     -5       62
                                      1950
  MINIMUM         36    724 AM  20    1980  39     -3       34
  AVERAGE         44                        48     -4       48

PRECIPITATION (IN)
  YESTERDAY        0.05          1.29 1900   0.08  -0.03     0.41
  MONTH TO DATE    2.23                      2.44  -0.21     1.89
  SINCE SEP 1      6.94                      5.71   1.23     3.09
  SINCE JAN 1     34.36                     28.14   6.22    34.07

SNOWFALL (IN)
  YESTERDAY        0.0           0.3  1993   0.0    0.0      0.0
  MONTH TO DATE    0.0                       0.1   -0.1       T
  SINCE SEP 1      0.0                       0.1   -0.1       T
  SINCE JUL 1      0.0                       0.1   -0.1       T
  SNOW DEPTH       0

DEGREE DAYS
 HEATING
  YESTERDAY       21                        17      4       17
  MONTH TO DATE  367                       379    -12      368
  SINCE SEP 1    475                       483     -8      466
  SINCE JUL 1    488                       493     -5      478

 COOLING
  YESTERDAY        0                         0      0        0
  MONTH TO DATE    0                         7     -7       20
  SINCE SEP 1     72                        91    -19       98
  SINCE JAN 1    704                       802    -98      891
..................................................................


WIND (MPH)
  HIGHEST WIND SPEED    10   HIGHEST WIND DIRECTION     W (270)
  HIGHEST GUST SPEED    14   HIGHEST GUST DIRECTION    NW (320)
  AVERAGE WIND SPEED     5.6


SKY COVER
  POSSIBLE SUNSHINE  MM
  AVERAGE SKY COVER 0.8


WEATHER CONDITIONS
 THE FOLLOWING WEATHER WAS RECORDED YESTERDAY.
  NO SIGNIFICANT WEATHER WAS OBSERVED.


RELATIVE HUMIDITY (PERCENT)
 HIGHEST    92           700 AM
 LOWEST     56          1200 PM
 AVERAGE    74

..........................................................


THE DETROIT MI CLIMATE NORMALS FOR TODAY
                         NORMAL    RECORD    YEAR
 MAXIMUM TEMPERATURE (F)   56        79      1950
                                             1933
 MINIMUM TEMPERATURE (F)   39        21      1988


SUNRISE AND SUNSET
OCTOBER 31 2014.......SUNRISE   805 AM EDT   SUNSET   628 PM EDT
NOVEMBER  1 2014......SUNRISE   806 AM EDT   SUNSET   627 PM EDT


-  INDICATES NEGATIVE NUMBERS.
R  INDICATES RECORD WAS SET OR TIED.
MM INDICATES DATA IS MISSING.
T  INDICATES TRACE AMOUNT.




$$
