000
CDUS43 KDTX 200537
CLIDTW


CLIMATE REPORT
NATIONAL WEATHER SERVICE DETROIT/PONTIAC MI
137 AM EDT SUN APR 20 2014


...................................

...THE DETROIT MI CLIMATE SUMMARY FOR APRIL 19 2014...

CLIMATE NORMAL PERIOD 1981 TO 2010
CLIMATE RECORD PERIOD 1874 TO 2014


WEATHER ITEM   OBSERVED TIME   RECORD YEAR NORMAL DEPARTURE LAST
                VALUE   (LST)  VALUE       VALUE  FROM      YEAR
                                                  NORMAL
..................................................................
TEMPERATURE (F)
 YESTERDAY
  MAXIMUM         56    308 PM  83    2005  61     -5       60
                                      1977
  MINIMUM         35    633 AM  23    1897  41     -6       38
  AVERAGE         46                        51     -5       49

PRECIPITATION (IN)
  YESTERDAY        0.00          1.38 1911   0.10  -0.10     0.18
  MONTH TO DATE    1.22                      1.83  -0.61     4.19
  SINCE MAR 1      2.71                      4.11  -1.40     4.93
  SINCE JAN 1      8.45                      8.09   0.36    11.21

SNOWFALL (IN)
  YESTERDAY        0.0           3.0  1943   0.0    0.0       T
  MONTH TO DATE    3.2                       1.5    1.7       T
  SINCE MAR 1     15.7                       8.4    7.3      3.1
  SINCE JUL 1     94.9                      42.3   52.6     47.6
  SNOW DEPTH       0

DEGREE DAYS
 HEATING
  YESTERDAY       19                        15      4       16
  MONTH TO DATE  337                       341     -4      379
  SINCE MAR 1   1456                      1203    253     1312
  SINCE JUL 1   6706                      5756    950     5597

 COOLING
  YESTERDAY        0                         0      0        0
  MONTH TO DATE    0                         0      0        0
  SINCE MAR 1      0                         0      0        0
  SINCE JAN 1      0                         0      0        0
..................................................................


WIND (MPH)
  HIGHEST WIND SPEED    17   HIGHEST WIND DIRECTION     N (20)
  HIGHEST GUST SPEED    22   HIGHEST GUST DIRECTION     N (20)
  AVERAGE WIND SPEED     7.8


SKY COVER
  POSSIBLE SUNSHINE  MM
  AVERAGE SKY COVER 0.3


WEATHER CONDITIONS
 THE FOLLOWING WEATHER WAS RECORDED YESTERDAY.
  NO SIGNIFICANT WEATHER WAS OBSERVED.


RELATIVE HUMIDITY (PERCENT)
 HIGHEST    75           400 AM
 LOWEST     26           200 PM
 AVERAGE    51

..........................................................


THE DETROIT MI CLIMATE NORMALS FOR TODAY
                         NORMAL    RECORD    YEAR
 MAXIMUM TEMPERATURE (F)   61        82      1985
                                             1957
                                             1952
 MINIMUM TEMPERATURE (F)   41        20      1897


SUNRISE AND SUNSET
APRIL 20 2014.........SUNRISE   645 AM EDT   SUNSET   820 PM EDT
APRIL 21 2014.........SUNRISE   643 AM EDT   SUNSET   822 PM EDT


-  INDICATES NEGATIVE NUMBERS.
R  INDICATES RECORD WAS SET OR TIED.
MM INDICATES DATA IS MISSING.
T  INDICATES TRACE AMOUNT.




$$
