000
CDUS43 KDTX 012139
CLIDTW


CLIMATE REPORT
NATIONAL WEATHER SERVICE DETROIT/PONTIAC MI
438 PM EST SUN FEB 1 2015


...................................

...THE DETROIT MI CLIMATE SUMMARY FOR FEBRUARY 1 2015...
VALID TODAY AS OF 0400 PM LOCAL TIME.

CLIMATE NORMAL PERIOD 1981 TO 2010
CLIMATE RECORD PERIOD 1874 TO 2015


WEATHER ITEM   OBSERVED TIME   RECORD YEAR NORMAL DEPARTURE LAST
                VALUE   (LST)  VALUE       VALUE  FROM      YEAR
                                                  NORMAL
..................................................................
TEMPERATURE (F)
 TODAY
  MAXIMUM         32    230 AM  54    1933  33     -1       35
  MINIMUM         22    359 PM  -7    1971  19      3       27
  AVERAGE         27                        26      1       31

PRECIPITATION (IN)
  TODAY            0.41          1.11 1968   0.06   0.35     0.75
  MONTH TO DATE    0.41                      0.06   0.35     0.75
  SINCE DEC 1      3.27                      4.48  -1.21     6.09
  SINCE JAN 1      1.86                      2.02  -0.16     3.67

SNOWFALL (IN)
  TODAY            8.0           9.8  1881   0.4    7.6      4.1
  MONTH TO DATE    8.0                       0.4    7.6      4.1
  SINCE DEC 1     22.3                      22.5   -0.2     58.7
  SINCE JUL 1     26.3                      24.1    2.2     59.9
  SNOW DEPTH       4

DEGREE DAYS
 HEATING
  TODAY           38                        39     -1       34
  MONTH TO DATE   38                        39     -1       34
  SINCE DEC 1   2354                      2344     10     2710
  SINCE JUL 1   3731                      3559    172     4012

 COOLING
  TODAY            0                         0      0        0
  MONTH TO DATE    0                         0      0        0
  SINCE DEC 1      0                         0      0        0
  SINCE JAN 1      0                         0      0        0
..................................................................


WIND (MPH)
  HIGHEST WIND SPEED    20   HIGHEST WIND DIRECTION    NE (40)
  HIGHEST GUST SPEED    29   HIGHEST GUST DIRECTION    NE (40)
  AVERAGE WIND SPEED     9.2


SKY COVER
  POSSIBLE SUNSHINE  MM
  AVERAGE SKY COVER 1.0


WEATHER CONDITIONS
 THE FOLLOWING WEATHER WAS RECORDED TODAY.
  HEAVY SNOW
  SNOW
  LIGHT SNOW
  FOG
  FOG W/VISIBILITY <= 1/4 MILE
  BLOWING SNOW


RELATIVE HUMIDITY (PERCENT)
 HIGHEST    92           400 AM
 LOWEST     72           100 AM
 AVERAGE    82

..........................................................


THE DETROIT MI CLIMATE NORMALS FOR TOMORROW
                         NORMAL    RECORD    YEAR
 MAXIMUM TEMPERATURE (F)   33        52      1983
                                             1973
 MINIMUM TEMPERATURE (F)   19       -12      1976


SUNRISE AND SUNSET
FEBRUARY  1 2015......SUNRISE   747 AM EST   SUNSET   547 PM EST
FEBRUARY  2 2015......SUNRISE   746 AM EST   SUNSET   549 PM EST


-  INDICATES NEGATIVE NUMBERS.
R  INDICATES RECORD WAS SET OR TIED.
MM INDICATES DATA IS MISSING.
T  INDICATES TRACE AMOUNT.




$$
