000
CDUS45 KTWC 260048 RRA
CLIDUG

CLIMATE REPORT
NATIONAL WEATHER SERVICE TUCSON AZ
545 PM MST SUN SEP 25 2016


...................................

...THE DOUGLAS AZ CLIMATE SUMMARY FOR SEPTEMBER 25 2016...
VALID TODAY AS OF 0500 PM LOCAL TIME.

CLIMATE NORMAL PERIOD 1981 TO 2010
CLIMATE RECORD PERIOD 1948 TO 2016


WEATHER ITEM   OBSERVED TIME   RECORD YEAR NORMAL DEPARTURE LAST
                VALUE   (LST)  VALUE       VALUE  FROM      YEAR
                                                  NORMAL
..................................................................
TEMPERATURE (F)
 TODAY
  MAXIMUM         85    203 PM  97    2011  87     -2       87
  MINIMUM         51    438 AM  48    1986  56     -5       67
                                      1957
  AVERAGE         68                        72     -4       77

PRECIPITATION (IN)
  TODAY            0.00                      0.05  -0.05     0.00
  MONTH TO DATE    1.23                      1.33  -0.10      T
  SINCE OCT 1     12.64                     12.89  -0.25    13.33
  SINCE JAN 1     11.43                     10.34   1.09    11.36

DEGREE DAYS
 HEATING
  TODAY            0                         0      0        0
  MONTH TO DATE    0                         0      0        0
  SINCE SEP 1      0                         0      0        0
  SINCE JUL 1      0                         0      0        0

 COOLING
  TODAY            3                         7     -4       12
  MONTH TO DATE  213                       252    -39      243
  SINCE SEP 1    213                       252    -39      243
  SINCE JAN 1   1684                      1722    -38     1552
..................................................................


WIND (MPH)
  HIGHEST WIND SPEED    24   HIGHEST WIND DIRECTION     E (80)
  HIGHEST GUST SPEED    31   HIGHEST GUST DIRECTION     E (70)
  AVERAGE WIND SPEED     9.3


SKY COVER
  POSSIBLE SUNSHINE  MM
  AVERAGE SKY COVER 0.4


WEATHER CONDITIONS
 THE FOLLOWING WEATHER WAS RECORDED TODAY.
  NO SIGNIFICANT WEATHER WAS OBSERVED.


RELATIVE HUMIDITY (PERCENT)
 HIGHEST    50
 LOWEST     17
 AVERAGE    34

..........................................................


THE DOUGLAS AZ CLIMATE NORMALS FOR TOMORROW
                         NORMAL    RECORD    YEAR
 MAXIMUM TEMPERATURE (F)   87        98      2005
 MINIMUM TEMPERATURE (F)   56        45      1955


SUNRISE AND SUNSET
SEPTEMBER 25 2016.....SUNRISE   609 AM MST   SUNSET   610 PM MST
SEPTEMBER 26 2016.....SUNRISE   609 AM MST   SUNSET   609 PM MST


-  INDICATES NEGATIVE NUMBERS.
R  INDICATES RECORD WAS SET OR TIED.
MM INDICATES DATA IS MISSING.
T  INDICATES TRACE AMOUNT.




$$
