000
CDUS45 KTWC 291432 RRA
CLIDUG

CLIMATE REPORT
NATIONAL WEATHER SERVICE TUCSON AZ
1230 AM MST WED JUL 29 2015


...................................

...THE DOUGLAS AZ CLIMATE SUMMARY FOR JULY 28 2015...

CLIMATE NORMAL PERIOD 1981 TO 2010
CLIMATE RECORD PERIOD 1948 TO 2015


WEATHER ITEM   OBSERVED TIME   RECORD YEAR NORMAL DEPARTURE LAST
                VALUE   (LST)  VALUE       VALUE  FROM      YEAR
                                                  NORMAL
..................................................................
TEMPERATURE (F)
 YESTERDAY
  MAXIMUM         MM        MM 106    1995  92     MM       89
  MINIMUM         MM        MM  61    1999  66     MM       65
                                      1976
  AVERAGE         MM                        79     MM       77

PRECIPITATION (IN)
  YESTERDAY        0.00          1.16 1969   0.12  -0.12     0.01
  MONTH TO DATE    4.29                      2.57   1.72     4.56
  SINCE OCT 1     10.28                      8.13   2.15     6.03
  SINCE JAN 1      8.31                      5.58   2.73     5.21

DEGREE DAYS
 HEATING
  YESTERDAY       MM                         0     MM        0
  MONTH TO DATE    0                         0      0        0
  SINCE JUN 1      0                         0      0        0
  SINCE JUL 1      0                         0      0        0

 COOLING
  YESTERDAY       MM                        14     MM       12
  MONTH TO DATE  381                       426    -45      424
  SINCE JUN 1    837                       821     16      922
  SINCE JAN 1    899                      1022   -123     1090
..................................................................


WIND (MPH)
  HIGHEST WIND SPEED    MM   HIGHEST WIND DIRECTION    MM
  HIGHEST GUST SPEED    MM   HIGHEST GUST DIRECTION    MM
  AVERAGE WIND SPEED    MM


SKY COVER
  POSSIBLE SUNSHINE  MM
  AVERAGE SKY COVER 0.0


WEATHER CONDITIONS
 THE FOLLOWING WEATHER WAS RECORDED YESTERDAY.
  THUNDERSTORM


RELATIVE HUMIDITY (PERCENT)
 HIGHEST    MM
 LOWEST     MM
 AVERAGE    MM

..........................................................


THE DOUGLAS AZ CLIMATE NORMALS FOR TODAY
                         NORMAL    RECORD    YEAR
 MAXIMUM TEMPERATURE (F)   92       101      1986
 MINIMUM TEMPERATURE (F)   66        55      1958


SUNRISE AND SUNSET
JULY 29 2015..........SUNRISE   533 AM MST   SUNSET   717 PM MST
JULY 30 2015..........SUNRISE   533 AM MST   SUNSET   716 PM MST


-  INDICATES NEGATIVE NUMBERS.
R  INDICATES RECORD WAS SET OR TIED.
MM INDICATES DATA IS MISSING.
T  INDICATES TRACE AMOUNT.




$$
