000
CDUS45 KTWC 280738
CLIDUG
CLIDUG

CLIMATE REPORT
NATIONAL WEATHER SERVICE TUCSON AZ
1237 AM MST THU MAY 28 2015

...................................

...THE DOUGLAS AZ CLIMATE SUMMARY FOR MAY 27 2015...

CLIMATE NORMAL PERIOD 1981 TO 2010
CLIMATE RECORD PERIOD 1948 TO 2015


WEATHER ITEM   OBSERVED TIME   RECORD YEAR NORMAL DEPARTURE LAST
                VALUE   (LST)  VALUE       VALUE  FROM      YEAR
                                                  NORMAL
..................................................................
TEMPERATURE (F)
 YESTERDAY
  MAXIMUM         90    417 PM 102    1951  91     -1       96
  MINIMUM         45    545 AM  43    1987  55    -10       55
  AVERAGE         68                        73     -5       76

PRECIPITATION (IN)
  YESTERDAY        0.00          0.51 1993   0.01  -0.01     0.00
  MONTH TO DATE    T                         0.24  -0.24      T
  SINCE OCT 1      4.80                      4.91  -0.11     1.39
  SINCE JAN 1      2.83                      2.36   0.47     0.57

DEGREE DAYS
 HEATING
  YESTERDAY        0                         0      0        0
  MONTH TO DATE   53                        20     33       25
  SINCE MAR 1    434                       485    -51      397
  SINCE JUL 1   2272                      2521   -249     2361

 COOLING
  YESTERDAY        3                         8     -5       11
  MONTH TO DATE   27                       138   -111       96
  SINCE MAR 1     31                       168   -137      114
  SINCE JAN 1     31                       168   -137      114
..................................................................


WIND (MPH)
  HIGHEST WIND SPEED    22   HIGHEST WIND DIRECTION     W (250)
  HIGHEST GUST SPEED    34   HIGHEST GUST DIRECTION    SW (210)
  AVERAGE WIND SPEED     7.5


SKY COVER
  POSSIBLE SUNSHINE  MM
  AVERAGE SKY COVER  MM


WEATHER CONDITIONS
 THE FOLLOWING WEATHER WAS RECORDED YESTERDAY.
  NO SIGNIFICANT WEATHER WAS OBSERVED.


RELATIVE HUMIDITY (PERCENT)
 HIGHEST    34
 LOWEST      5
 AVERAGE    20

..........................................................


THE DOUGLAS AZ CLIMATE NORMALS FOR TODAY
                         NORMAL    RECORD    YEAR
 MAXIMUM TEMPERATURE (F)   92       102      2000
 MINIMUM TEMPERATURE (F)   55        37      1962


SUNRISE AND SUNSET
MAY 28 2015...........SUNRISE   516 AM MST   SUNSET   716 PM MST
MAY 29 2015...........SUNRISE   515 AM MST   SUNSET   717 PM MST


-  INDICATES NEGATIVE NUMBERS.
R  INDICATES RECORD WAS SET OR TIED.
MM INDICATES DATA IS MISSING.
T  INDICATES TRACE AMOUNT.

$$
