000
CDUS45 KTWC 210029
CLIDUG

CLIMATE REPORT
NATIONAL WEATHER SERVICE TUCSON AZ
528 PM MST SUN AUG 20 2017


...................................

...THE DOUGLAS AZ CLIMATE SUMMARY FOR AUGUST 20 2017...
VALID TODAY AS OF 0500 PM LOCAL TIME.

CLIMATE NORMAL PERIOD 1981 TO 2010
CLIMATE RECORD PERIOD 1948 TO 2017


WEATHER ITEM   OBSERVED TIME   RECORD YEAR NORMAL DEPARTURE LAST
                VALUE   (LST)  VALUE       VALUE  FROM      YEAR
                                                  NORMAL
..................................................................
TEMPERATURE (F)
 TODAY
  MAXIMUM         81    425 PM 102    2009  92    -11       89
  MINIMUM         64    645 AM  54    1979  65     -1       63
  AVERAGE         73                        78     -5       76

PRECIPITATION (IN)
  TODAY            0.05                      0.09  -0.04     0.01
  MONTH TO DATE    1.64                      2.22  -0.58     2.44
  SINCE OCT 1      9.68                     10.73  -1.05    11.27
  SINCE JAN 1      8.33                      8.18   0.15    10.06

DEGREE DAYS
 COOLING
  TODAY            8                        13     -5       11
  MONTH TO DATE  256                       262     -6      234
  SINCE JUN 1   1187                      1122     65     1211
  SINCE JAN 1   1380                      1323     57     1359
..................................................................


WIND (MPH)
  HIGHEST WIND SPEED    12   HIGHEST WIND DIRECTION     E (70)
  HIGHEST GUST SPEED    16   HIGHEST GUST DIRECTION     E (70)
  AVERAGE WIND SPEED     3.6


SKY COVER
  POSSIBLE SUNSHINE  MM
  AVERAGE SKY COVER 0.8


WEATHER CONDITIONS
 THE FOLLOWING WEATHER WAS RECORDED TODAY.
  LIGHT RAIN


RELATIVE HUMIDITY (PERCENT)
 HIGHEST    93
 LOWEST     45
 AVERAGE    69

..........................................................


THE DOUGLAS AZ CLIMATE NORMALS FOR TOMORROW
                         NORMAL    RECORD    YEAR
 MAXIMUM TEMPERATURE (F)   92        98      2011
 MINIMUM TEMPERATURE (F)   64        54      1979


SUNRISE AND SUNSET
AUGUST 20 2017........SUNRISE   547 AM MST   SUNSET   656 PM MST
AUGUST 21 2017........SUNRISE   548 AM MST   SUNSET   655 PM MST


-  INDICATES NEGATIVE NUMBERS.
R  INDICATES RECORD WAS SET OR TIED.
MM INDICATES DATA IS MISSING.
T  INDICATES TRACE AMOUNT.




$$
