000
CDUS45 KTWC 270732
CLIDUG

CLIMATE REPORT
NATIONAL WEATHER SERVICE TUCSON AZ
1231 AM MST TUE JUN 27 2017


...................................

...THE DOUGLAS AZ CLIMATE SUMMARY FOR JUNE 26 2017...

CLIMATE NORMAL PERIOD 1981 TO 2010
CLIMATE RECORD PERIOD 1948 TO 2017


WEATHER ITEM   OBSERVED TIME   RECORD YEAR NORMAL DEPARTURE LAST
                VALUE   (LST)  VALUE       VALUE  FROM      YEAR
                                                  NORMAL
..................................................................
TEMPERATURE (F)
 YESTERDAY
  MAXIMUM        100    433 PM 110    1994  97      3       95
  MINIMUM         64    614 AM  52    1975  64      0       68
  AVERAGE         82                        80      2       82

PRECIPITATION (IN)
  YESTERDAY        0.00          0.26 1954   0.04  -0.04     0.07
  MONTH TO DATE    0.04                      0.46  -0.42     0.47
  SINCE OCT 1      3.16                      5.41  -2.25     3.15
  SINCE JAN 1      1.81                      2.86  -1.05     1.94

DEGREE DAYS
 HEATING
  YESTERDAY        0                         0      0        0
  MONTH TO DATE    0                         0      0        0
  SINCE JUN 1      0                         0      0        0
  SINCE JUL 1   2123                      2522   -399     2623

 COOLING
  YESTERDAY       17                        15      2       17
  MONTH TO DATE  416                       332     84      407
  SINCE JUN 1    416                       332     84      407
  SINCE JAN 1    609                       533     76      555
..................................................................


WIND (MPH)
  HIGHEST WIND SPEED    25   HIGHEST WIND DIRECTION     E (80)
  HIGHEST GUST SPEED    31   HIGHEST GUST DIRECTION     E (80)
  AVERAGE WIND SPEED     8.4


SKY COVER
  POSSIBLE SUNSHINE  MM
  AVERAGE SKY COVER 0.0


WEATHER CONDITIONS
 THE FOLLOWING WEATHER WAS RECORDED YESTERDAY.
  THUNDERSTORM


RELATIVE HUMIDITY (PERCENT)
 HIGHEST    73
 LOWEST     13
 AVERAGE    43

..........................................................


THE DOUGLAS AZ CLIMATE NORMALS FOR TODAY
                         NORMAL    RECORD    YEAR
 MAXIMUM TEMPERATURE (F)   97       107      2011
                                             1990
 MINIMUM TEMPERATURE (F)   64        51      1985
                                             1965


SUNRISE AND SUNSET
JUNE 27 2017..........SUNRISE   516 AM MST   SUNSET   727 PM MST
JUNE 28 2017..........SUNRISE   516 AM MST   SUNSET   727 PM MST


-  INDICATES NEGATIVE NUMBERS.
R  INDICATES RECORD WAS SET OR TIED.
MM INDICATES DATA IS MISSING.
T  INDICATES TRACE AMOUNT.




$$
