000
CDUS45 KTWC 190041
CLIDUG

CLIMATE REPORT
NATIONAL WEATHER SERVICE TUCSON AZ
540 PM MST FRI APR 18 2014


...................................

...THE DOUGLAS AZ CLIMATE SUMMARY FOR APRIL 18 2014...
VALID TODAY AS OF 0500 PM LOCAL TIME.

CLIMATE NORMAL PERIOD 1981 TO 2010
CLIMATE RECORD PERIOD 1948 TO 2014


WEATHER ITEM   OBSERVED TIME   RECORD YEAR NORMAL DEPARTURE LAST
                VALUE   (LST)  VALUE       VALUE  FROM      YEAR
                                                  NORMAL
..................................................................
TEMPERATURE (F)
 TODAY
  MAXIMUM         74    343 PM  93    1989  80     -6       67
  MINIMUM         53    338 AM  26    1976  44      9       33
  AVERAGE         64                        62      2       50

PRECIPITATION (IN)
  TODAY            0.03                      0.01   0.02     0.00
  MONTH TO DATE    0.03                      0.13  -0.10     0.01
  SINCE OCT 1      1.29                      4.57  -3.28     1.50
  SINCE JAN 1      0.47                      2.02  -1.55     0.87

DEGREE DAYS
 HEATING
  TODAY            1                         4     -3       15
  MONTH TO DATE   89                       104    -15       94
  SINCE MAR 1    339                       429    -90      333
  SINCE JUL 1   2303                      2465   -162     2537

 COOLING
  TODAY            0                         1     -1        0
  MONTH TO DATE    7                         6      1        4
  SINCE MAR 1      7                         7      0        6
  SINCE JAN 1      7                         7      0        6
..................................................................


WIND (MPH)
  HIGHEST WIND SPEED    30   HIGHEST WIND DIRECTION     W (260)
  HIGHEST GUST SPEED    37   HIGHEST GUST DIRECTION     W (270)
  AVERAGE WIND SPEED     6.8


SKY COVER
  POSSIBLE SUNSHINE  MM
  AVERAGE SKY COVER 0.2


WEATHER CONDITIONS
 THE FOLLOWING WEATHER WAS RECORDED TODAY.
  THUNDERSTORM
  RAIN


RELATIVE HUMIDITY (PERCENT)
 HIGHEST    27
 LOWEST     16
 AVERAGE    22

..........................................................


THE DOUGLAS AZ CLIMATE NORMALS FOR TOMORROW
                         NORMAL    RECORD    YEAR
 MAXIMUM TEMPERATURE (F)   81        95      1989
 MINIMUM TEMPERATURE (F)   44        28      1963


SUNRISE AND SUNSET
APRIL 18 2014.........SUNRISE   547 AM MST   SUNSET   649 PM MST
APRIL 19 2014.........SUNRISE   546 AM MST   SUNSET   650 PM MST


-  INDICATES NEGATIVE NUMBERS.
R  INDICATES RECORD WAS SET OR TIED.
MM INDICATES DATA IS MISSING.
T  INDICATES TRACE AMOUNT.




$$
