000
CDUS45 KTWC 280028
CLIDUG

CLIMATE REPORT
NATIONAL WEATHER SERVICE TUCSON AZ
527 PM MST WED AUG 27 2014


...................................

...THE DOUGLAS AZ CLIMATE SUMMARY FOR AUGUST 27 2014...
VALID TODAY AS OF 0500 PM LOCAL TIME.

CLIMATE NORMAL PERIOD 1981 TO 2010
CLIMATE RECORD PERIOD 1948 TO 2014


WEATHER ITEM   OBSERVED TIME   RECORD YEAR NORMAL DEPARTURE LAST
                VALUE   (LST)  VALUE       VALUE  FROM      YEAR
                                                  NORMAL
..................................................................
TEMPERATURE (F)
 TODAY
  MAXIMUM         88    409 PM 102    2011  92     -4       93
  MINIMUM         62    606 AM  53    1987  64     -2       67
  AVERAGE         75                        78     -3       80

PRECIPITATION (IN)
  TODAY            0.00                      0.07  -0.07     0.00
  MONTH TO DATE    4.00                      2.78   1.22     3.25
  SINCE OCT 1     10.26                     11.29  -1.03    14.98
  SINCE JAN 1      9.44                      8.74   0.70    14.35

DEGREE DAYS
 COOLING
  TODAY           10                        13     -3       15
  MONTH TO DATE  280                       353    -73      343
  SINCE JUN 1   1233                      1213     20     1297
  SINCE JAN 1   1401                      1414    -13     1497
..................................................................


WIND (MPH)
  HIGHEST WIND SPEED    13   HIGHEST WIND DIRECTION    NW (320)
  HIGHEST GUST SPEED    17   HIGHEST GUST DIRECTION    NW (320)
  AVERAGE WIND SPEED     4.9


SKY COVER
  POSSIBLE SUNSHINE  MM
  AVERAGE SKY COVER 0.1


WEATHER CONDITIONS
 THE FOLLOWING WEATHER WAS RECORDED TODAY.
  FOG
  FOG W/VISIBILITY <= 1/4 MILE


RELATIVE HUMIDITY (PERCENT)
 HIGHEST   100
 LOWEST     36
 AVERAGE    68

..........................................................


THE DOUGLAS AZ CLIMATE NORMALS FOR TOMORROW
                         NORMAL    RECORD    YEAR
 MAXIMUM TEMPERATURE (F)   92       100      2011
                                             1948
 MINIMUM TEMPERATURE (F)   64        57      2006
                                             1957


SUNRISE AND SUNSET
AUGUST 27 2014........SUNRISE   551 AM MST   SUNSET   648 PM MST
AUGUST 28 2014........SUNRISE   552 AM MST   SUNSET   647 PM MST


-  INDICATES NEGATIVE NUMBERS.
R  INDICATES RECORD WAS SET OR TIED.
MM INDICATES DATA IS MISSING.
T  INDICATES TRACE AMOUNT.




$$
