000
CDUS43 KDVN 251022
CLIDVN


CLIMATE REPORT
NATIONAL WEATHER SERVICE QUAD CITIES IA IL
421 AM CST TUE NOV 25 2014


...................................

...THE DAVENPORT IA CLIMATE SUMMARY FOR NOVEMBER 24 2014...

CLIMATE NORMAL PERIOD 1981 TO 2010
CLIMATE RECORD PERIOD 9999 TO 9999


WEATHER ITEM   OBSERVED TIME   RECORD YEAR NORMAL DEPARTURE LAST
                VALUE   (LST)  VALUE       VALUE  FROM      YEAR
                                                  NORMAL
..................................................................
TEMPERATURE (F)
 YESTERDAY
  MAXIMUM         43   1216 AM  MM      MM  43      0       28
  MINIMUM         21   1159 PM  MM      MM  26     -5        6
  AVERAGE         32                        34     -2       17

PRECIPITATION (IN)
  YESTERDAY        0.13         MM      MM   0.06   0.07     0.00
  MONTH TO DATE    1.80                      2.00  -0.20     1.70
  SINCE SEP 1      8.74                      8.03   0.71     5.38
  SINCE JAN 1     33.43                     33.85  -0.42    33.77

SNOWFALL (IN)
  YESTERDAY        2.4          MM      MM  MM     MM        0.0
  MONTH TO DATE    4.0                      MM     MM        0.7
  SINCE SEP 1      4.0                      MM     MM        3.2
  SINCE JUL 1      4.0                      MM     MM        3.2
  SNOW DEPTH       0

DEGREE DAYS
 HEATING
  YESTERDAY       33                        31      2       48
  MONTH TO DATE  781                       592    189      643
  SINCE SEP 1   1349                      1138    211     1160
  SINCE JUL 1   1370                      1152    218     1179

 COOLING
  YESTERDAY        0                         0      0        0
  MONTH TO DATE    0                         0      0        0
  SINCE SEP 1     69                        82    -13      165
  SINCE JAN 1    728                       786    -58      938
..................................................................


WIND (MPH)
  HIGHEST WIND SPEED    37   HIGHEST WIND DIRECTION     W (270)
  HIGHEST GUST SPEED    44   HIGHEST GUST DIRECTION     W (270)
  AVERAGE WIND SPEED    23.8


SKY COVER
  POSSIBLE SUNSHINE  MM
  AVERAGE SKY COVER 1.0


WEATHER CONDITIONS
 THE FOLLOWING WEATHER WAS RECORDED YESTERDAY.
  LIGHT RAIN
  LT FREEZING RAIN
  HEAVY SNOW
  SNOW
  LIGHT SNOW
  FOG
  FOG W/VISIBILITY <= 1/4 MILE
  HAZE


RELATIVE HUMIDITY (PERCENT)
 HIGHEST    93           100 AM
 LOWEST     74          1000 PM
 AVERAGE    84

..........................................................


THE DAVENPORT IA CLIMATE NORMALS FOR TODAY
                         NORMAL    RECORD    YEAR
 MAXIMUM TEMPERATURE (F)   42        MM        MM
 MINIMUM TEMPERATURE (F)   25        MM        MM


SUNRISE AND SUNSET
NOVEMBER 25 2014......SUNRISE   703 AM CST   SUNSET   435 PM CST
NOVEMBER 26 2014......SUNRISE   704 AM CST   SUNSET   435 PM CST


-  INDICATES NEGATIVE NUMBERS.
R  INDICATES RECORD WAS SET OR TIED.
MM INDICATES DATA IS MISSING.
T  INDICATES TRACE AMOUNT.




$$
