000
CDUS43 KDVN 301004
CLIDVN


CLIMATE REPORT
NATIONAL WEATHER SERVICE QUAD CITIES IA IL
403 AM CST FRI JAN 30 2015


...................................

...THE DAVENPORT IA CLIMATE SUMMARY FOR JANUARY 29 2015...

CLIMATE NORMAL PERIOD 1981 TO 2010
CLIMATE RECORD PERIOD 9999 TO 9999


WEATHER ITEM   OBSERVED TIME   RECORD YEAR NORMAL DEPARTURE LAST
                VALUE   (LST)  VALUE       VALUE  FROM      YEAR
                                                  NORMAL
..................................................................
TEMPERATURE (F)
 YESTERDAY
  MAXIMUM         38   1217 AM  MM      MM  30      8       30
  MINIMUM         24   1159 PM  MM      MM  14     10       -1
  AVERAGE         31                        22      9       15

PRECIPITATION (IN)
  YESTERDAY        0.00         MM      MM   0.07  -0.07     0.00
  MONTH TO DATE    0.67                      1.05  -0.38     0.72
  SINCE DEC 1      1.46                      2.78  -1.32     1.84
  SINCE JAN 1      0.67                      1.05  -0.38     0.72

SNOWFALL (IN)
  YESTERDAY        0.0          MM      MM  MM     MM        0.0
  MONTH TO DATE   10.6                      MM     MM       10.6
  SINCE DEC 1     10.6                      MM     MM       24.5
  SINCE JUL 1     14.6                      MM     MM       27.8
  SNOW DEPTH       1

DEGREE DAYS
 HEATING
  YESTERDAY       34                        43     -9       50
  MONTH TO DATE 1263                      1271     -8     1481
  SINCE DEC 1   2336                      2503   -167     2900
  SINCE JUL 1   3941                      3851     90     4313

 COOLING
  YESTERDAY        0                         0      0        0
  MONTH TO DATE    0                         0      0        0
  SINCE DEC 1      0                         0      0        0
  SINCE JAN 1      0                         0      0        0
..................................................................


WIND (MPH)
  HIGHEST WIND SPEED    29   HIGHEST WIND DIRECTION    NW (320)
  HIGHEST GUST SPEED    38   HIGHEST GUST DIRECTION    NW (330)
  AVERAGE WIND SPEED    17.5


SKY COVER
  POSSIBLE SUNSHINE  MM
  AVERAGE SKY COVER 0.8


WEATHER CONDITIONS
 THE FOLLOWING WEATHER WAS RECORDED YESTERDAY.
  FOG
  HAZE


RELATIVE HUMIDITY (PERCENT)
 HIGHEST    85           200 AM
 LOWEST     63           700 PM
 AVERAGE    74

..........................................................


THE DAVENPORT IA CLIMATE NORMALS FOR TODAY
                         NORMAL    RECORD    YEAR
 MAXIMUM TEMPERATURE (F)   31        MM        MM
 MINIMUM TEMPERATURE (F)   14        MM        MM


SUNRISE AND SUNSET
JANUARY 30 2015.......SUNRISE   716 AM CST   SUNSET   515 PM CST
JANUARY 31 2015.......SUNRISE   715 AM CST   SUNSET   517 PM CST


-  INDICATES NEGATIVE NUMBERS.
R  INDICATES RECORD WAS SET OR TIED.
MM INDICATES DATA IS MISSING.
T  INDICATES TRACE AMOUNT.




$$
