377
CDUS43 KDVN 232120
CLIDVN


CLIMATE REPORT
NATIONAL WEATHER SERVICE QUAD CITIES IA IL
419 PM CDT TUE MAY 23 2017


...................................

...THE DAVENPORT IA CLIMATE SUMMARY FOR MAY 23 2017...
VALID TODAY AS OF 0400 PM LOCAL TIME.

CLIMATE NORMAL PERIOD 1981 TO 2010
CLIMATE RECORD PERIOD 9999 TO 9999


WEATHER ITEM   OBSERVED TIME   RECORD YEAR NORMAL DEPARTURE LAST
                VALUE   (LST)  VALUE       VALUE  FROM      YEAR
                                                  NORMAL
..................................................................
TEMPERATURE (F)
 TODAY
  MAXIMUM         63    259 PM  MM      MM  74    -11       87
  MINIMUM         53    459 AM  MM      MM  52      1       55
  AVERAGE         58                        63     -5       71

PRECIPITATION (IN)
  TODAY            0.03         MM      MM   0.17  -0.14     0.00
  MONTH TO DATE    4.20                      3.14   1.06     1.90
  SINCE MAR 1     11.91                      9.17   2.74     7.44
  SINCE JAN 1     13.86                     11.70   2.16     8.22

SNOWFALL (IN)
  TODAY            0.0          MM      MM  MM     MM        0.0
  MONTH TO DATE    T                        MM     MM        0.0
  SINCE MAR 1      6.1                      MM     MM        1.2
  SINCE JUL 1     25.2                      MM     MM       16.6
  SNOW DEPTH       0

DEGREE DAYS
 HEATING
  TODAY            7                         4      3        0
  MONTH TO DATE  170                       158     12      178
  SINCE MAR 1   1333                      1437   -104     1283
  SINCE JUL 1   5389                      6462  -1073     5507

 COOLING
  TODAY            0                         2     -2        6
  MONTH TO DATE   34                        32      2        9
  SINCE MAR 1     47                        38      9       20
  SINCE JAN 1     47                        38      9       20
..................................................................


WIND (MPH)
  HIGHEST WIND SPEED    16   HIGHEST WIND DIRECTION    NW (310)
  HIGHEST GUST SPEED    19   HIGHEST GUST DIRECTION    NW (320)
  AVERAGE WIND SPEED     8.2


SKY COVER
  POSSIBLE SUNSHINE  MM
  AVERAGE SKY COVER 0.6


WEATHER CONDITIONS
 THE FOLLOWING WEATHER WAS RECORDED TODAY.
  LIGHT RAIN


RELATIVE HUMIDITY (PERCENT)
 HIGHEST    93           500 AM
 LOWEST     67           300 PM
 AVERAGE    80

..........................................................


THE DAVENPORT IA CLIMATE NORMALS FOR TOMORROW
                         NORMAL    RECORD    YEAR
 MAXIMUM TEMPERATURE (F)   75        MM        MM
 MINIMUM TEMPERATURE (F)   53        MM        MM


SUNRISE AND SUNSET
MAY 23 2017...........SUNRISE   536 AM CDT   SUNSET   823 PM CDT
MAY 24 2017...........SUNRISE   535 AM CDT   SUNSET   824 PM CDT


-  INDICATES NEGATIVE NUMBERS.
R  INDICATES RECORD WAS SET OR TIED.
MM INDICATES DATA IS MISSING.
T  INDICATES TRACE AMOUNT.




$$
