000
CDUS46 KOTX 230827
CLIEAT


CLIMATE REPORT
NATIONAL WEATHER SERVICE SPOKANE, WA
1226 AM PST THU FEB 23 2017


...................................

...THE WENATCHEE WA PANGBORN FIELD CLIMATE SUMMARY FOR FEBRUARY 22 2017...

CLIMATE NORMAL PERIOD 1981 TO 2010
CLIMATE RECORD PERIOD 1959 TO 2017


WEATHER ITEM   OBSERVED TIME   RECORD YEAR NORMAL DEPARTURE LAST
                VALUE   (LST)  VALUE       VALUE  FROM      YEAR
                                                  NORMAL
..................................................................
TEMPERATURE (F)
 YESTERDAY
  MAXIMUM         40   1241 PM  63    2002  44     -4       53
  MINIMUM         26   1157 PM  18    1969  29     -3       29
  AVERAGE         33                        36     -3       41

PRECIPITATION (IN)
  YESTERDAY        0.00          0.24 1989   0.02  -0.02     0.00
  MONTH TO DATE    1.64                      0.64   1.00     0.43
  SINCE OCT 1      5.57                      4.65   0.92     6.51
  SINCE JAN 1      2.75                      1.70   1.05     2.65

SNOWFALL (IN)
  YESTERDAY       MM

DEGREE DAYS
 HEATING
  YESTERDAY       32                        28      4       24
  MONTH TO DATE  840                       681    159      609
  SINCE DEC 1   3494                      2929    565     2662
  SINCE JUL 1   4571                      4301    270     3727

 COOLING
  YESTERDAY        0                         0      0        0
  MONTH TO DATE    0                         0      0        0
  SINCE DEC 1      0                         0      0        0
  SINCE JAN 1      0                         0      0        0
..................................................................


WIND (MPH)
  HIGHEST WIND SPEED    15   HIGHEST WIND DIRECTION    NW (320)
  HIGHEST GUST SPEED    18   HIGHEST GUST DIRECTION    NW (320)
  AVERAGE WIND SPEED     6.2


SKY COVER
  POSSIBLE SUNSHINE  MM
  AVERAGE SKY COVER 0.1


WEATHER CONDITIONS
 THE FOLLOWING WEATHER WAS RECORDED YESTERDAY.
  NO SIGNIFICANT WEATHER WAS OBSERVED.


RELATIVE HUMIDITY (PERCENT)
 HIGHEST    82           600 PM
 LOWEST     59           300 AM
 AVERAGE    71

..........................................................


THE WENATCHEE WA PANGBORN FIELD CLIMATE NORMALS FOR TODAY
                         NORMAL    RECORD    YEAR
 MAXIMUM TEMPERATURE (F)   45        63      1968
 MINIMUM TEMPERATURE (F)   29        19      1993


SUNRISE AND SUNSET
FEBRUARY 23 2017......SUNRISE   651 AM PST   SUNSET   537 PM PST
FEBRUARY 24 2017......SUNRISE   650 AM PST   SUNSET   539 PM PST


-  INDICATES NEGATIVE NUMBERS.
R  INDICATES RECORD WAS SET OR TIED.
MM INDICATES DATA IS MISSING.
T  INDICATES TRACE AMOUNT.




$$
