000
CDUS46 KOTX 040832
CLIEAT


CLIMATE REPORT
NATIONAL WEATHER SERVICE SPOKANE, WA
1232 AM PST WED MAR 4 2015


...................................

...THE WENATCHEE WA PANGBORN FIELD CLIMATE SUMMARY FOR MARCH 3 2015...

CLIMATE NORMAL PERIOD 1981 TO 2010
CLIMATE RECORD PERIOD 1959 TO 2015


WEATHER ITEM   OBSERVED TIME   RECORD YEAR NORMAL DEPARTURE LAST
                VALUE   (LST)  VALUE       VALUE  FROM      YEAR
                                                  NORMAL
..................................................................
TEMPERATURE (F)
 YESTERDAY
  MAXIMUM         47    419 PM  61    1994  48     -1       29
  MINIMUM         29    720 AM  10    1989  31     -2       18
  AVERAGE         38                        40     -2       24

PRECIPITATION (IN)
  YESTERDAY        0.00          0.23 2009   0.03  -0.03     0.09
  MONTH TO DATE    0.00                      0.08  -0.08     0.09
  SINCE OCT 1      4.71                      4.90  -0.19     1.85
  SINCE JAN 1      1.53                      1.95  -0.42     1.29

SNOWFALL (IN)
  YESTERDAY       MM

DEGREE DAYS
 HEATING
  YESTERDAY       27                        25      2       41
  MONTH TO DATE   73                        77     -4      120
  SINCE MAR 1     73                        77     -4      120
  SINCE JUL 1   3702                      4541   -839     4690

 COOLING
  YESTERDAY        0                         0      0        0
  MONTH TO DATE    0                         0      0        0
  SINCE MAR 1      0                         0      0        0
  SINCE JAN 1      0                         0      0        0
..................................................................


WIND (MPH)
  HIGHEST WIND SPEED    12   HIGHEST WIND DIRECTION    SE (150)
  HIGHEST GUST SPEED    18   HIGHEST GUST DIRECTION     N (10)
  AVERAGE WIND SPEED     3.5


SKY COVER
  POSSIBLE SUNSHINE  MM
  AVERAGE SKY COVER 0.0


WEATHER CONDITIONS
 THE FOLLOWING WEATHER WAS RECORDED YESTERDAY.
  NO SIGNIFICANT WEATHER WAS OBSERVED.


RELATIVE HUMIDITY (PERCENT)
 HIGHEST    49           500 AM
 LOWEST     22           100 PM
 AVERAGE    36

..........................................................


THE WENATCHEE WA PANGBORN FIELD CLIMATE NORMALS FOR TODAY
                         NORMAL    RECORD    YEAR
 MAXIMUM TEMPERATURE (F)   49        61      2012
                                             2005
 MINIMUM TEMPERATURE (F)   31         6      1960


SUNRISE AND SUNSET
MARCH  4 2015.........SUNRISE   636 AM PST   SUNSET   550 PM PST
MARCH  5 2015.........SUNRISE   634 AM PST   SUNSET   552 PM PST


-  INDICATES NEGATIVE NUMBERS.
R  INDICATES RECORD WAS SET OR TIED.
MM INDICATES DATA IS MISSING.
T  INDICATES TRACE AMOUNT.




$$
