000
CDUS46 KOTX 182328
CLIEAT


CLIMATE REPORT
NATIONAL WEATHER SERVICE SPOKANE, WA
426 PM PDT THU SEP 18 2014


...................................

...THE WENATCHEE WA PANGBORN FIELD CLIMATE SUMMARY FOR SEPTEMBER 18 2014...
VALID AS OF 0400 PM LOCAL TIME.

CLIMATE NORMAL PERIOD 1981 TO 2010
CLIMATE RECORD PERIOD 1959 TO 2014


WEATHER ITEM   OBSERVED TIME   RECORD YEAR NORMAL DEPARTURE LAST
                VALUE   (LST)  VALUE       VALUE  FROM      YEAR
                                                  NORMAL
..................................................................
TEMPERATURE (F)
 TODAY
  MAXIMUM         81    226 PM  90    1994  76      5       73
  MINIMUM         69    642 AM  41    1988  52     17       54
  AVERAGE         75                        64     11       64

PRECIPITATION (IN)
  TODAY            0.00          0.57 1986   0.02  -0.02     0.00
  MONTH TO DATE    T                         0.20  -0.20     0.62
  SINCE OCT 1      4.52                      7.87  -3.35    10.30
  SINCE JAN 1      3.96                      4.92  -0.96     6.50

DEGREE DAYS
 HEATING
  TODAY            0                         4     -4        1
  MONTH TO DATE   16                        36    -20        5
  SINCE SEP 1     16                        36    -20        5
  SINCE JUL 1     16                        50    -34        5

 COOLING
  TODAY           10                         2      8        0
  MONTH TO DATE   75                        66      9      146
  SINCE SEP 1     75                        66      9      146
  SINCE JAN 1   1166                       854    312     1027
..................................................................


WIND (MPH)
  HIGHEST WIND SPEED    23   HIGHEST WIND DIRECTION    NW (310)
  HIGHEST GUST SPEED    27   HIGHEST GUST DIRECTION    NW (300)
  AVERAGE WIND SPEED    11.1


SKY COVER
  POSSIBLE SUNSHINE  MM
  AVERAGE SKY COVER 0.4


WEATHER CONDITIONS
 THE FOLLOWING WEATHER WAS RECORDED TODAY.
  NO SIGNIFICANT WEATHER WAS OBSERVED.


RELATIVE HUMIDITY (PERCENT)
 HIGHEST    44           700 AM
 LOWEST     30           100 PM
 AVERAGE    37

..........................................................


THE WENATCHEE WA PANGBORN FIELD CLIMATE NORMALS FOR TOMORROW
                         NORMAL    RECORD    YEAR
 MAXIMUM TEMPERATURE (F)   75        90      1994
 MINIMUM TEMPERATURE (F)   51        37      1983


SUNRISE AND SUNSET
SEPTEMBER 18 2014.....SUNRISE   642 AM PDT   SUNSET   706 PM PDT
SEPTEMBER 19 2014.....SUNRISE   644 AM PDT   SUNSET   704 PM PDT


-  INDICATES NEGATIVE NUMBERS.
R  INDICATES RECORD WAS SET OR TIED.
MM INDICATES DATA IS MISSING.
T  INDICATES TRACE AMOUNT.




$$
