000
CDUS46 KOTX 290832
CLIEAT


CLIMATE REPORT
NATIONAL WEATHER SERVICE SPOKANE, WA
1229 AM PST MON DEC 29 2014


...................................

...THE WENATCHEE WA PANGBORN FIELD CLIMATE SUMMARY FOR DECEMBER 28 2014...

CLIMATE NORMAL PERIOD 1981 TO 2010
CLIMATE RECORD PERIOD 1959 TO 2014


WEATHER ITEM   OBSERVED TIME   RECORD YEAR NORMAL DEPARTURE LAST
                VALUE   (LST)  VALUE       VALUE  FROM      YEAR
                                                  NORMAL
..................................................................
TEMPERATURE (F)
 YESTERDAY
  MAXIMUM         40    108 PM  52    2011  31      9       33
  MINIMUM         28    820 AM -16    1968  22      6       22
  AVERAGE         34                        27      7       28

PRECIPITATION (IN)
  YESTERDAY        0.09        0.37   1992  0.04   0.05     0.00
  MONTH TO DATE    1.34                     1.29   0.05     0.11
  SINCE OCT 1      3.18                     2.84   0.34     0.56
  SINCE JAN 1      7.30                     7.90  -0.60     7.25

SNOWFALL (IN)
  YESTERDAY       MM

DEGREE DAYS
 HEATING
  YESTERDAY       31                        38     -7       37
  MONTH TO DATE  805                      1031   -226     1096
  SINCE DEC 1    805                      1031   -226     1096
  SINCE JUL 1   1911                      2403   -492     2461

 COOLING
  YESTERDAY        0                         0      0        0
  MONTH TO DATE    0                         0      0        0
  SINCE DEC 1      0                         0      0        0
  SINCE JAN 1   1218                       790    428     1028
..................................................................


WIND (MPH)
  HIGHEST WIND SPEED    24   HIGHEST WIND DIRECTION    NW (310)
  HIGHEST GUST SPEED    27   HIGHEST GUST DIRECTION    NW (300)
  AVERAGE WIND SPEED     3.4


SKY COVER
  POSSIBLE SUNSHINE  MM
  AVERAGE SKY COVER 0.6


WEATHER CONDITIONS
 THE FOLLOWING WEATHER WAS RECORDED YESTERDAY.
  LIGHT SNOW
  FOG


RELATIVE HUMIDITY (PERCENT)
 HIGHEST    92           400 AM
 LOWEST     70           100 PM
 AVERAGE    81

..........................................................


THE WENATCHEE WA PANGBORN FIELD CLIMATE NORMALS FOR TODAY
                         NORMAL    RECORD    YEAR
 MAXIMUM TEMPERATURE (F)   31        53      1997
 MINIMUM TEMPERATURE (F)   23       -20      1968


SUNRISE AND SUNSET
DECEMBER 29 2014......SUNRISE   748 AM PST   SUNSET   418 PM PST
DECEMBER 30 2014......SUNRISE   748 AM PST   SUNSET   419 PM PST


-  INDICATES NEGATIVE NUMBERS.
R  INDICATES RECORD WAS SET OR TIED.
MM INDICATES DATA IS MISSING.
T  INDICATES TRACE AMOUNT.

$$
