000
CDUS46 KOTX 280827
CLIEAT


CLIMATE REPORT
NATIONAL WEATHER SERVICE SPOKANE, WA
126 AM PDT TUE MAR 28 2017


...................................

...THE WENATCHEE WA PANGBORN FIELD CLIMATE SUMMARY FOR MARCH 27 2017...

CLIMATE NORMAL PERIOD 1981 TO 2010
CLIMATE RECORD PERIOD 1959 TO 2017


WEATHER ITEM   OBSERVED TIME   RECORD YEAR NORMAL DEPARTURE LAST
                VALUE   (LST)  VALUE       VALUE  FROM      YEAR
                                                  NORMAL
..................................................................
TEMPERATURE (F)
 YESTERDAY
  MAXIMUM         58    320 PM  75    1994  58      0       56
  MINIMUM         34    626 AM  24    1975  38     -4       41
  AVERAGE         46                        48     -2       49

PRECIPITATION (IN)
  YESTERDAY        0.00          0.64 2012   0.01  -0.01      T
  MONTH TO DATE    1.02                      0.57   0.45     2.29
  SINCE OCT 1      6.65                      5.39   1.26     8.80
  SINCE JAN 1      3.83                      2.44   1.39     4.94

SNOWFALL (IN)
  YESTERDAY        0.0

DEGREE DAYS
 HEATING
  YESTERDAY       19                        17      2       16
  MONTH TO DATE  670                       580     90      539
  SINCE MAR 1    670                       580     90      539
  SINCE JUL 1   5461                      5044    417     4412

 COOLING
  YESTERDAY        0                         0      0        0
  MONTH TO DATE    0                         0      0        0
  SINCE MAR 1      0                         0      0        0
  SINCE JAN 1      0                         0      0        0
..................................................................


WIND (MPH)
  HIGHEST WIND SPEED    23   HIGHEST WIND DIRECTION     W (260)
  HIGHEST GUST SPEED    29   HIGHEST GUST DIRECTION     W (250)
  AVERAGE WIND SPEED     8.0


SKY COVER
  POSSIBLE SUNSHINE  MM
  AVERAGE SKY COVER 0.2


WEATHER CONDITIONS
 THE FOLLOWING WEATHER WAS RECORDED YESTERDAY.
  NO SIGNIFICANT WEATHER WAS OBSERVED.


RELATIVE HUMIDITY (PERCENT)
 HIGHEST    92          1200 AM
 LOWEST     33           300 PM
 AVERAGE    63

..........................................................


THE WENATCHEE WA PANGBORN FIELD CLIMATE NORMALS FOR TODAY
                         NORMAL    RECORD    YEAR
 MAXIMUM TEMPERATURE (F)   58        78      1994
 MINIMUM TEMPERATURE (F)   38        22      1998


SUNRISE AND SUNSET
MARCH 28 2017.........SUNRISE   647 AM PDT   SUNSET   725 PM PDT
MARCH 29 2017.........SUNRISE   645 AM PDT   SUNSET   727 PM PDT


-  INDICATES NEGATIVE NUMBERS.
R  INDICATES RECORD WAS SET OR TIED.
MM INDICATES DATA IS MISSING.
T  INDICATES TRACE AMOUNT.




$$
