000
CDUS46 KOTX 192348
CLIEAT


CLIMATE REPORT
NATIONAL WEATHER SERVICE SPOKANE, WA
447 PM PDT THU OCT 19 2017


...................................

...THE WENATCHEE WA PANGBORN FIELD CLIMATE SUMMARY FOR OCTOBER 19 2017...
VALID AS OF 0400 PM LOCAL TIME.

CLIMATE NORMAL PERIOD 1981 TO 2010
CLIMATE RECORD PERIOD 1959 TO 2017


WEATHER ITEM   OBSERVED TIME   RECORD YEAR NORMAL DEPARTURE LAST
                VALUE   (LST)  VALUE       VALUE  FROM      YEAR
                                                  NORMAL
..................................................................
TEMPERATURE (F)
 TODAY
  MAXIMUM         54   1233 PM  75    1981  59     -5       56
  MINIMUM         46    414 AM  25    1984  40      6       40
  AVERAGE         50                        49      1       48

PRECIPITATION (IN)
  TODAY            T             0.15 1971   0.01  -0.01     0.01
  MONTH TO DATE    0.05                      0.20  -0.15     1.16
  SINCE OCT 1      0.05                      0.20  -0.15     1.16
  SINCE JAN 1      7.13                      5.26   1.87     8.51

SNOWFALL (IN)
  TODAY           MM

DEGREE DAYS
 HEATING
  TODAY           15                        16     -1       17
  MONTH TO DATE  285                       216     69      241
  SINCE SEP 1    387                       314     73      310
  SINCE JUL 1    387                       328     59      314

 COOLING
  TODAY            0                         0      0        0
  MONTH TO DATE    0                         0      0        0
  SINCE SEP 1    113                         2    111       28
  SINCE JAN 1   1058                       790    268      801
..................................................................


WIND (MPH)
  HIGHEST WIND SPEED    14   HIGHEST WIND DIRECTION    NW (310)
  HIGHEST GUST SPEED    19   HIGHEST GUST DIRECTION     N (350)
  AVERAGE WIND SPEED     5.2


SKY COVER
  POSSIBLE SUNSHINE  MM
  AVERAGE SKY COVER 0.9


WEATHER CONDITIONS
 THE FOLLOWING WEATHER WAS RECORDED TODAY.
  LIGHT RAIN


RELATIVE HUMIDITY (PERCENT)
 HIGHEST   100           400 AM
 LOWEST     77           100 PM
 AVERAGE    89

..........................................................


THE WENATCHEE WA PANGBORN FIELD CLIMATE NORMALS FOR TOMORROW
                         NORMAL    RECORD    YEAR
 MAXIMUM TEMPERATURE (F)   59        70      2013
 MINIMUM TEMPERATURE (F)   39        28      1982


SUNRISE AND SUNSET
OCTOBER 19 2017.......SUNRISE   726 AM PDT   SUNSET   605 PM PDT
OCTOBER 20 2017.......SUNRISE   727 AM PDT   SUNSET   603 PM PDT


-  INDICATES NEGATIVE NUMBERS.
R  INDICATES RECORD WAS SET OR TIED.
MM INDICATES DATA IS MISSING.
T  INDICATES TRACE AMOUNT.




$$
