000
CDUS46 KOTX 210828
CLIEAT


CLIMATE REPORT
NATIONAL WEATHER SERVICE SPOKANE, WA
124 AM PDT MON APR 21 2014


...................................

...THE WENATCHEE WA PANGBORN FIELD CLIMATE SUMMARY FOR APRIL 20 2014...

CLIMATE NORMAL PERIOD 1981 TO 2010
CLIMATE RECORD PERIOD 1959 TO 2014


WEATHER ITEM   OBSERVED TIME   RECORD YEAR NORMAL DEPARTURE LAST
                VALUE   (LST)  VALUE       VALUE  FROM      YEAR
                                                  NORMAL
..................................................................
TEMPERATURE (F)
 YESTERDAY
  MAXIMUM         67    352 PM  83    2009  63      4       64
  MINIMUM         40    547 AM  27    1961  41     -1       41
  AVERAGE         54                        52      2       53

PRECIPITATION (IN)
  YESTERDAY        0.00        0.28   1967  0.01  -0.01     0.00
  MONTH TO DATE    0.06                     0.31  -0.25     0.84
  SINCE OCT 1      2.51                     5.77  -3.26     5.79
  SINCE JAN 1      1.95                     2.82  -0.87     1.99

SNOWFALL (IN)
  YESTERDAY       MM                        0.0     MM       MM
  MONTH TO DATE   MM                        0.1     MM       MM
  SINCE MAR 1     MM                        9.9     MM       MM
  SINCE JUL 1     MM                       42.2     MM       MM
  SNOW DEPTH      MM

DEGREE DAYS
 HEATING
  YESTERDAY       11                        13     -2       12
  MONTH TO DATE  218                       289    -71      297
  SINCE MAR 1    862                       937    -75      941
  SINCE JUL 1   5432                      5401     31     5068

 COOLING
  YESTERDAY        0                         0      0        0
  MONTH TO DATE    0                         0      0        0
  SINCE MAR 1      0                         2     -2        0
  SINCE JAN 1      0                         2     -2        0
..................................................................


WIND (MPH)
  HIGHEST WIND SPEED    21   HIGHEST WIND DIRECTION    SE (150)
  HIGHEST GUST SPEED    26   HIGHEST GUST DIRECTION    SE (150)
  AVERAGE WIND SPEED     8.9


SKY COVER
  POSSIBLE SUNSHINE  MM
  AVERAGE SKY COVER 0.0


WEATHER CONDITIONS
 THE FOLLOWING WEATHER WAS RECORDED YESTERDAY.
  NO SIGNIFICANT WEATHER WAS OBSERVED.


RELATIVE HUMIDITY (PERCENT)
 HIGHEST    70           500 AM
 LOWEST     12           200 PM
 AVERAGE    41

..........................................................


THE WENATCHEE WA PANGBORN FIELD CLIMATE NORMALS FOR TODAY
                         NORMAL    RECORD    YEAR
 MAXIMUM TEMPERATURE (F)   64        84      2009
 MINIMUM TEMPERATURE (F)   42        25      2008


SUNRISE AND SUNSET
APRIL 21 2014.........SUNRISE   601 AM PDT   SUNSET   759 PM PDT
APRIL 22 2014.........SUNRISE   559 AM PDT   SUNSET   800 PM PDT


-  INDICATES NEGATIVE NUMBERS.
R  INDICATES RECORD WAS SET OR TIED.
MM INDICATES DATA IS MISSING.
T  INDICATES TRACE AMOUNT.

$$
