000
CDUS46 KOTX 110830
CLIEAT


CLIMATE REPORT
NATIONAL WEATHER SERVICE SPOKANE, WA
1230 AM PST MON DEC 11 2017


...................................

...THE WENATCHEE WA PANGBORN FIELD CLIMATE SUMMARY FOR DECEMBER 10 2017...

CLIMATE NORMAL PERIOD 1981 TO 2010
CLIMATE RECORD PERIOD 1959 TO 2017


WEATHER ITEM   OBSERVED TIME   RECORD YEAR NORMAL DEPARTURE LAST
                VALUE   (LST)  VALUE       VALUE  FROM      YEAR
                                                  NORMAL
..................................................................
TEMPERATURE (F)
 YESTERDAY
  MAXIMUM         31    751 PM  51    1967  33     -2       23
  MINIMUM         28    459 AM   2    2009  24      4       10
  AVERAGE         30                        28      2       17

PRECIPITATION (IN)
  YESTERDAY        0.00          0.64 1992   0.04  -0.04     0.01
  MONTH TO DATE    0.05                      0.46  -0.41     0.18
  SINCE OCT 1      2.26                      2.01   0.25     2.59
  SINCE JAN 1      9.34                      7.07   2.27     9.94

SNOWFALL (IN)
  YESTERDAY       MM

DEGREE DAYS
 HEATING
  YESTERDAY       35                        36     -1       48
  MONTH TO DATE  337                       351    -14      366
  SINCE DEC 1    337                       351    -14      366
  SINCE JUL 1   1760                      1723     37     1443

 COOLING
  YESTERDAY        0                         0      0        0
  MONTH TO DATE    0                         0      0        0
  SINCE DEC 1      0                         0      0        0
  SINCE JAN 1   1058                       790    268      801
..................................................................


WIND (MPH)
  HIGHEST WIND SPEED     7   HIGHEST WIND DIRECTION     W (260)
  HIGHEST GUST SPEED     9   HIGHEST GUST DIRECTION    NE (30)
  AVERAGE WIND SPEED     3.1


SKY COVER
  POSSIBLE SUNSHINE  MM
  AVERAGE SKY COVER 1.0


WEATHER CONDITIONS
 THE FOLLOWING WEATHER WAS RECORDED YESTERDAY.
  NO SIGNIFICANT WEATHER WAS OBSERVED.


RELATIVE HUMIDITY (PERCENT)
 HIGHEST    78           200 AM
 LOWEST     72          1100 AM
 AVERAGE    75

..........................................................


THE WENATCHEE WA PANGBORN FIELD CLIMATE NORMALS FOR TODAY
                         NORMAL    RECORD    YEAR
 MAXIMUM TEMPERATURE (F)   33        50      1974
 MINIMUM TEMPERATURE (F)   24         4      1972


SUNRISE AND SUNSET
DECEMBER 11 2017......SUNRISE   738 AM PST   SUNSET   410 PM PST
DECEMBER 12 2017......SUNRISE   739 AM PST   SUNSET   410 PM PST


-  INDICATES NEGATIVE NUMBERS.
R  INDICATES RECORD WAS SET OR TIED.
MM INDICATES DATA IS MISSING.
T  INDICATES TRACE AMOUNT.




$$
