000
CDUS46 KOTX 280827
CLIEAT


CLIMATE REPORT
NATIONAL WEATHER SERVICE SPOKANE, WA
1227 AM PST WED JAN 28 2015


...................................

...THE WENATCHEE WA PANGBORN FIELD CLIMATE SUMMARY FOR JANUARY 27 2015...

CLIMATE NORMAL PERIOD 1981 TO 2010
CLIMATE RECORD PERIOD 1959 TO 2015


WEATHER ITEM   OBSERVED TIME   RECORD YEAR NORMAL DEPARTURE LAST
                VALUE   (LST)  VALUE       VALUE  FROM      YEAR
                                                  NORMAL
..................................................................
TEMPERATURE (F)
 YESTERDAY
  MAXIMUM         39    438 PM  54    1962  37      2       34
  MINIMUM         33    958 AM  -5    1969  26      7       29
  AVERAGE         36                        31      5       32

PRECIPITATION (IN)
  YESTERDAY        0.00          0.27 1981   0.03  -0.03     0.00
  MONTH TO DATE    0.63                      0.94  -0.31     0.13
  SINCE OCT 1      3.81                      3.89  -0.08     0.69
  SINCE JAN 1      0.63                      0.94  -0.31     0.13

SNOWFALL (IN)
  YESTERDAY       MM

DEGREE DAYS
 HEATING
  YESTERDAY       29                        34     -5       33
  MONTH TO DATE  876                       968    -92      872
  SINCE DEC 1   1806                      2116   -310     2073
  SINCE JUL 1   2912                      3488   -576     3438

 COOLING
  YESTERDAY        0                         0      0        0
  MONTH TO DATE    0                         0      0        0
  SINCE DEC 1      0                         0      0        0
  SINCE JAN 1      0                         0      0        0
..................................................................


WIND (MPH)
  HIGHEST WIND SPEED     8   HIGHEST WIND DIRECTION     W (270)
  HIGHEST GUST SPEED     9   HIGHEST GUST DIRECTION     W (280)
  AVERAGE WIND SPEED     1.4


SKY COVER
  POSSIBLE SUNSHINE  MM
  AVERAGE SKY COVER 1.0


WEATHER CONDITIONS
 THE FOLLOWING WEATHER WAS RECORDED YESTERDAY.
  FOG
  FOG W/VISIBILITY <= 1/4 MILE


RELATIVE HUMIDITY (PERCENT)
 HIGHEST   100           100 AM
 LOWEST     85           100 PM
 AVERAGE    93

..........................................................


THE WENATCHEE WA PANGBORN FIELD CLIMATE NORMALS FOR TODAY
                         NORMAL    RECORD    YEAR
 MAXIMUM TEMPERATURE (F)   37        57      1984
 MINIMUM TEMPERATURE (F)   26        -8      1972


SUNRISE AND SUNSET
JANUARY 28 2015.......SUNRISE   732 AM PST   SUNSET   456 PM PST
JANUARY 29 2015.......SUNRISE   731 AM PST   SUNSET   458 PM PST


-  INDICATES NEGATIVE NUMBERS.
R  INDICATES RECORD WAS SET OR TIED.
MM INDICATES DATA IS MISSING.
T  INDICATES TRACE AMOUNT.




$$
