514
CDUS43 KMPX 220706
CLIEAU


CLIMATE REPORT
NATIONAL WEATHER SERVICE CHANHASSEN MN
105 AM CST WED NOV 22 2017


...................................

...THE EAU CLAIRE WI CLIMATE SUMMARY FOR NOVEMBER 21 2017...

CLIMATE NORMAL PERIOD 1981 TO 2010
CLIMATE RECORD PERIOD 1893 TO 2017


WEATHER ITEM   OBSERVED TIME   RECORD YEAR NORMAL DEPARTURE LAST
                VALUE   (LST)  VALUE       VALUE  FROM      YEAR
                                                  NORMAL
..................................................................
TEMPERATURE (F)
 YESTERDAY
  MAXIMUM         39    226 AM  68    1990  38      1       38
  MINIMUM         17   1159 PM  -4    2014  22     -5       16
  AVERAGE         28                        30     -2       27

PRECIPITATION (IN)
  YESTERDAY        T             0.81 1898   0.06  -0.06     0.00
  MONTH TO DATE    0.45                      1.33  -0.88     0.05
  SINCE SEP 1      6.26                      7.35  -1.09    10.97
  SINCE JAN 1     34.38                     29.47   4.91    37.80

SNOWFALL (IN)
  YESTERDAY        T             3.8  1945   0.2   -0.2      0.0
  MONTH TO DATE    1.4                       3.4   -2.0       T
  SINCE SEP 1      3.3                       3.8   -0.5       T
  SINCE JUL 1      3.3                       3.8   -0.5       T
  SNOW DEPTH       0

DEGREE DAYS
 HEATING
  YESTERDAY       37                        35      2       38
  MONTH TO DATE  731                       620    111      428
  SINCE SEP 1   1321                      1365    -44      935
  SINCE JUL 1   1364                      1404    -40      945

 COOLING
  YESTERDAY        0                         0      0        0
  MONTH TO DATE    0                         0      0        0
  SINCE SEP 1     94                        52     42       41
  SINCE JAN 1    466                       579   -113      624
..................................................................


WIND (MPH)
  HIGHEST WIND SPEED    31   HIGHEST WIND DIRECTION     W (290)
  HIGHEST GUST SPEED    44   HIGHEST GUST DIRECTION     W (290)
  AVERAGE WIND SPEED    14.9


SKY COVER
  POSSIBLE SUNSHINE  MM
  AVERAGE SKY COVER 0.4


WEATHER CONDITIONS
 THE FOLLOWING WEATHER WAS RECORDED YESTERDAY.
  NO SIGNIFICANT WEATHER WAS OBSERVED.


RELATIVE HUMIDITY (PERCENT)
 HIGHEST    64           100 AM
 LOWEST     46           300 PM
 AVERAGE    55

..........................................................


THE EAU CLAIRE WI CLIMATE NORMALS FOR TODAY
                         NORMAL    RECORD    YEAR
 MAXIMUM TEMPERATURE (F)   37        62      2012
 MINIMUM TEMPERATURE (F)   21        -6      1921


SUNRISE AND SUNSET
NOVEMBER 22 2017......SUNRISE   713 AM CST   SUNSET   431 PM CST
NOVEMBER 23 2017......SUNRISE   714 AM CST   SUNSET   430 PM CST


-  INDICATES NEGATIVE NUMBERS.
R  INDICATES RECORD WAS SET OR TIED.
MM INDICATES DATA IS MISSING.
T  INDICATES TRACE AMOUNT.




$$
