209
CDUS43 KMPX 300635
CLIEAU


CLIMATE REPORT
NATIONAL WEATHER SERVICE CHANHASSEN MN
135 AM CDT THU MAR 30 2017


...................................

...THE EAU CLAIRE WI CLIMATE SUMMARY FOR MARCH 29 2017...

CLIMATE NORMAL PERIOD 1981 TO 2010
CLIMATE RECORD PERIOD 1893 TO 2017


WEATHER ITEM   OBSERVED TIME   RECORD YEAR NORMAL DEPARTURE LAST
                VALUE   (LST)  VALUE       VALUE  FROM      YEAR
                                                  NORMAL
..................................................................
TEMPERATURE (F)
 YESTERDAY
  MAXIMUM         50    305 PM  84    1986  48      2       64
  MINIMUM         32   1247 AM  -6    1969  27      5       27
  AVERAGE         41                        37      4       46

PRECIPITATION (IN)
  YESTERDAY        0.04          2.08 1998   0.08  -0.04     0.00
  MONTH TO DATE    1.11                      1.58  -0.47     3.30
  SINCE MAR 1      1.11                      1.58  -0.47     3.30
  SINCE JAN 1      5.19                      3.28   1.91     4.46

SNOWFALL (IN)
  YESTERDAY        0.0          15.0  1924   0.2   -0.2      0.0
  MONTH TO DATE    4.8                       8.2   -3.4     12.1
  SINCE MAR 1      4.8                       8.2   -3.4     12.1
  SINCE JUL 1     53.7                      44.5    9.2     36.2
  SNOW DEPTH       0

DEGREE DAYS
 HEATING
  YESTERDAY       24                        28     -4       19
  MONTH TO DATE 1007                       990     17      763
  SINCE MAR 1   1007                       990     17      763
  SINCE JUL 1   6117                      7010   -893     5941

 COOLING
  YESTERDAY        0                         0      0        0
  MONTH TO DATE    0                         0      0        0
  SINCE MAR 1      0                         0      0        0
  SINCE JAN 1      0                         0      0        0
..................................................................


WIND (MPH)
  HIGHEST WIND SPEED    16   HIGHEST WIND DIRECTION     E (80)
  HIGHEST GUST SPEED    21   HIGHEST GUST DIRECTION     E (80)
  AVERAGE WIND SPEED     7.7


SKY COVER
  POSSIBLE SUNSHINE  MM
  AVERAGE SKY COVER 0.5


WEATHER CONDITIONS
 THE FOLLOWING WEATHER WAS RECORDED YESTERDAY.
  LIGHT RAIN
  FOG


RELATIVE HUMIDITY (PERCENT)
 HIGHEST    92          1100 PM
 LOWEST     50          1200 PM
 AVERAGE    71

..........................................................


THE EAU CLAIRE WI CLIMATE NORMALS FOR TODAY
                         NORMAL    RECORD    YEAR
 MAXIMUM TEMPERATURE (F)   48        78      1967
 MINIMUM TEMPERATURE (F)   27        -6      1991


SUNRISE AND SUNSET
MARCH 30 2017.........SUNRISE   650 AM CDT   SUNSET   731 PM CDT
MARCH 31 2017.........SUNRISE   648 AM CDT   SUNSET   733 PM CDT


-  INDICATES NEGATIVE NUMBERS.
R  INDICATES RECORD WAS SET OR TIED.
MM INDICATES DATA IS MISSING.
T  INDICATES TRACE AMOUNT.




$$
