677
CDUS43 KMPX 250706
CLIEAU


CLIMATE REPORT
NATIONAL WEATHER SERVICE CHANHASSEN MN
106 AM CST SUN FEB 25 2018


...................................

...THE EAU CLAIRE WI CLIMATE SUMMARY FOR FEBRUARY 24 2018...

CLIMATE NORMAL PERIOD 1981 TO 2010
CLIMATE RECORD PERIOD 1893 TO 2018


WEATHER ITEM   OBSERVED TIME   RECORD YEAR NORMAL DEPARTURE LAST
                VALUE   (LST)  VALUE       VALUE  FROM      YEAR
                                                  NORMAL
..................................................................
TEMPERATURE (F)
 YESTERDAY
  MAXIMUM         33    538 PM  61    1931  32      1       31
  MINIMUM          4    406 AM -25    1913  13     -9       17
  AVERAGE         19                        23     -4       24

PRECIPITATION (IN)
  YESTERDAY        0.34          1.50 1930   0.03   0.31     0.84
  MONTH TO DATE    1.17                      0.67   0.50     1.73
  SINCE DEC 1      3.34                      2.56   0.78     6.18
  SINCE JAN 1      2.43                      1.56   0.87     4.08

SNOWFALL (IN)
  YESTERDAY        3.6          10.4  2017   0.2    3.4     10.4
  MONTH TO DATE   12.9                       6.3    6.6     10.7
  SINCE DEC 1     35.4                      29.0    6.4     47.2
  SINCE JUL 1     38.7                      35.3    3.4     48.9
  SNOW DEPTH       8

DEGREE DAYS
 HEATING
  YESTERDAY       46                        42      4       41
  MONTH TO DATE 1286                      1111    175      890
  SINCE DEC 1   4375                      4109    266     3755
  SINCE JUL 1   6016                      5855    161     4964

 COOLING
  YESTERDAY        0                         0      0        0
  MONTH TO DATE    0                         0      0        0
  SINCE DEC 1      0                         0      0        0
  SINCE JAN 1      0                         0      0        0
..................................................................


WIND (MPH)
  HIGHEST WIND SPEED    25   HIGHEST WIND DIRECTION     E (90)
  HIGHEST GUST SPEED    35   HIGHEST GUST DIRECTION     E (90)
  AVERAGE WIND SPEED     6.9


SKY COVER
  POSSIBLE SUNSHINE  MM
  AVERAGE SKY COVER 0.9


WEATHER CONDITIONS
 THE FOLLOWING WEATHER WAS RECORDED YESTERDAY.
  HEAVY SNOW
  SNOW
  LIGHT SNOW
  FOG
  FOG W/VISIBILITY <= 1/4 MILE
  HAZE


RELATIVE HUMIDITY (PERCENT)
 HIGHEST   100           100 AM
 LOWEST     72           300 PM
 AVERAGE    86

..........................................................


THE EAU CLAIRE WI CLIMATE NORMALS FOR TODAY
                         NORMAL    RECORD    YEAR
 MAXIMUM TEMPERATURE (F)   33        57      1931
 MINIMUM TEMPERATURE (F)   14       -24      1950


SUNRISE AND SUNSET
FEBRUARY 25 2018......SUNRISE   650 AM CST   SUNSET   548 PM CST
FEBRUARY 26 2018......SUNRISE   649 AM CST   SUNSET   550 PM CST


-  INDICATES NEGATIVE NUMBERS.
R  INDICATES RECORD WAS SET OR TIED.
MM INDICATES DATA IS MISSING.
T  INDICATES TRACE AMOUNT.




$$
