000
CDUS43 KMPX 120732
CLIEAU


CLIMATE REPORT
NATIONAL WEATHER SERVICE CHANHASSEN MN
232 AM CDT SAT JUL 12 2014


...................................

...THE EAU CLAIRE WI CLIMATE SUMMARY FOR JULY 11 2014...

CLIMATE NORMAL PERIOD 1981 TO 2010
CLIMATE RECORD PERIOD 1893 TO 2014


WEATHER ITEM   OBSERVED TIME   RECORD YEAR NORMAL DEPARTURE LAST
                VALUE   (LST)  VALUE       VALUE  FROM      YEAR
                                                  NORMAL
..................................................................
TEMPERATURE (F)
 YESTERDAY
  MAXIMUM         79    307 PM 109    1936  83     -4       85
  MINIMUM         66    954 AM  46    1895  60      6       57
  AVERAGE         73                        72      1       71

PRECIPITATION (IN)
  YESTERDAY        0.03          0.98 1993   0.12  -0.09     0.00
  MONTH TO DATE    1.03                      1.39  -0.36     0.08
  SINCE JUN 1     10.87                      5.52   5.35     5.94
  SINCE JAN 1     24.97                     15.16   9.81    25.99

SNOWFALL (IN)
  YESTERDAY        0.0           0.0    MM   0.0    0.0      0.0
  MONTH TO DATE    0.0                       0.0    0.0      0.0
  SINCE JUN 1      0.0                       0.0    0.0      0.0
  SINCE JUL 1      0.0                       0.0    0.0      0.0
  SNOW DEPTH       0

DEGREE DAYS
 HEATING
  YESTERDAY        0                         0      0        0
  MONTH TO DATE    6                         2      4        0
  SINCE JUN 1     31                        64    -33       63
  SINCE JUL 1      6                         2      4        0

 COOLING
  YESTERDAY        8                         7      1        6
  MONTH TO DATE   49                        76    -27       95
  SINCE JUN 1    183                       196    -13      185
  SINCE JAN 1    218                       228    -10      217
..................................................................


WIND (MPH)
  HIGHEST WIND SPEED    23   HIGHEST WIND DIRECTION     S (180)
  HIGHEST GUST SPEED    32   HIGHEST GUST DIRECTION     S (180)
  AVERAGE WIND SPEED    10.3


SKY COVER
  POSSIBLE SUNSHINE  MM
  AVERAGE SKY COVER 0.7


WEATHER CONDITIONS
 THE FOLLOWING WEATHER WAS RECORDED YESTERDAY.
  LIGHT RAIN


RELATIVE HUMIDITY (PERCENT)
 HIGHEST    81           100 AM
 LOWEST     64           100 PM
 AVERAGE    73

..........................................................


THE EAU CLAIRE WI CLIMATE NORMALS FOR TODAY
                         NORMAL    RECORD    YEAR
 MAXIMUM TEMPERATURE (F)   83       110      1936
 MINIMUM TEMPERATURE (F)   61        43      1941


SUNRISE AND SUNSET
JULY 12 2014..........SUNRISE   531 AM CDT   SUNSET   851 PM CDT
JULY 13 2014..........SUNRISE   532 AM CDT   SUNSET   851 PM CDT


-  INDICATES NEGATIVE NUMBERS.
R  INDICATES RECORD WAS SET OR TIED.
MM INDICATES DATA IS MISSING.
T  INDICATES TRACE AMOUNT.




$$
