607
CDUS42 KAKQ 100627
CLIECG


CLIMATE REPORT
NATIONAL WEATHER SERVICE WAKEFIELD, VA
126 AM EST WED FEB 10 2016


...................................

...THE ELIZABETH CITY NC CLIMATE SUMMARY FOR FEBRUARY 9 2016...

CLIMATE NORMAL PERIOD 1981 TO 2010
CLIMATE RECORD PERIOD 1934 TO 2016


WEATHER ITEM   OBSERVED TIME   RECORD YEAR NORMAL DEPARTURE LAST
                VALUE   (LST)  VALUE       VALUE  FROM      YEAR
                                                  NORMAL
..................................................................
TEMPERATURE (F)
 YESTERDAY
  MAXIMUM         50    210 PM  76    1937  53     -3       65
  MINIMUM         37   1159 PM  10    1934  34      3       41
  AVERAGE         44                        43      1       53

PRECIPITATION (IN)
  YESTERDAY        T             1.28 1944   0.11  -0.11     0.00
  MONTH TO DATE    3.10                      1.02   2.08     0.73
  SINCE DEC 1     10.02                      6.84   3.18     7.88
  SINCE JAN 1      6.01                      4.28   1.73     4.74

SNOWFALL (IN)
  YESTERDAY        0.0           4.0  1948  MM     MM
  MONTH TO DATE    T                        MM     MM
  SINCE NOV 1      T                        MM     MM
  SINCE JUL 1      T                        MM     MM
  SNOW DEPTH       0

DEGREE DAYS
 HEATING
  YESTERDAY       21                        22     -1       12
  MONTH TO DATE  157                       199    -42      216
  SINCE DEC 1   1133                      1571   -438     1368
  SINCE JUL 1   1489                      2086   -597     1883

 COOLING
  YESTERDAY        0                         0      0        0
  MONTH TO DATE    0                         0      0        0
  SINCE DEC 1     31                         3     28        2
  SINCE JAN 1      0                         1     -1        2
..................................................................


WIND (MPH)
  HIGHEST WIND SPEED    23   HIGHEST WIND DIRECTION    SW (210)
  HIGHEST GUST SPEED    31   HIGHEST GUST DIRECTION     W (250)
  AVERAGE WIND SPEED    10.7


SKY COVER
  POSSIBLE SUNSHINE  MM
  AVERAGE SKY COVER 0.6


WEATHER CONDITIONS
 THE FOLLOWING WEATHER WAS RECORDED YESTERDAY.
  LIGHT RAIN
  FOG


RELATIVE HUMIDITY (PERCENT)
 HIGHEST   100           400 AM
 LOWEST     46           200 PM
 AVERAGE    73

..........................................................


THE ELIZABETH CITY NC CLIMATE NORMALS FOR TODAY
                         NORMAL    RECORD    YEAR
 MAXIMUM TEMPERATURE (F)   53        77      1939
 MINIMUM TEMPERATURE (F)   34         6      1934


SUNRISE AND SUNSET
FEBRUARY 10 2016......SUNRISE   658 AM EST   SUNSET   540 PM EST
FEBRUARY 11 2016......SUNRISE   657 AM EST   SUNSET   541 PM EST


-  INDICATES NEGATIVE NUMBERS.
R  INDICATES RECORD WAS SET OR TIED.
MM INDICATES DATA IS MISSING.
T  INDICATES TRACE AMOUNT.




$$
