000
CDUS42 KAKQ 100645
CLIECG


CLIMATE REPORT
NATIONAL WEATHER SERVICE WAKEFIELD, VA
145 AM EST SAT DEC 10 2016


...................................

...THE ELIZABETH CITY NC CLIMATE SUMMARY FOR DECEMBER 9 2016...

CLIMATE NORMAL PERIOD 1981 TO 2010
CLIMATE RECORD PERIOD 1934 TO 2016


WEATHER ITEM   OBSERVED TIME   RECORD YEAR NORMAL DEPARTURE LAST
                VALUE   (LST)  VALUE       VALUE  FROM      YEAR
                                                  NORMAL
..................................................................
TEMPERATURE (F)
 YESTERDAY
  MAXIMUM         43        MM  82    1978  56    -13       63
  MINIMUM         26        MM  20    2006  36    -10       36
                                      1976
  AVERAGE         35                        46    -11       50

PRECIPITATION (IN)
  YESTERDAY        0.00          1.24 1989   0.08  -0.08     0.00
  MONTH TO DATE    1.03                      0.73   0.30     0.85
  SINCE DEC 1      1.03                      0.73   0.30     0.85
  SINCE JAN 1     52.47                     44.75   7.72    43.67

SNOWFALL (IN)
  YESTERDAY        0.0           0.0  2001  MM     MM
  MONTH TO DATE    0.0                      MM     MM
  SINCE NOV 1      0.0                      MM     MM
  SINCE JUL 1      0.0                      MM     MM
  SNOW DEPTH       0

DEGREE DAYS
 HEATING
  YESTERDAY       30                        19     11       15
  MONTH TO DATE  159                       161     -2      124
  SINCE DEC 1    159                       161     -2      124
  SINCE JUL 1    649                       676    -27      480

 COOLING
  YESTERDAY        0                         0      0        0
  MONTH TO DATE    0                         0      0        0
  SINCE DEC 1      0                         0      0        0
  SINCE JAN 1   1954                      1588    366     1843
..................................................................


WIND (MPH)
  HIGHEST WIND SPEED    17   HIGHEST WIND DIRECTION    NW (330)
  HIGHEST GUST SPEED    18   HIGHEST GUST DIRECTION    NW (320)
  AVERAGE WIND SPEED     9.4


SKY COVER
  POSSIBLE SUNSHINE  MM
  AVERAGE SKY COVER 0.0


WEATHER CONDITIONS
 THE FOLLOWING WEATHER WAS RECORDED YESTERDAY.
  NO SIGNIFICANT WEATHER WAS OBSERVED.


RELATIVE HUMIDITY (PERCENT)
 HIGHEST    75           600 AM
 LOWEST     36           100 PM
 AVERAGE    56

..........................................................


THE ELIZABETH CITY NC CLIMATE NORMALS FOR TODAY
                         NORMAL    RECORD    YEAR
 MAXIMUM TEMPERATURE (F)   56        78      2007
 MINIMUM TEMPERATURE (F)   36        15      1960


SUNRISE AND SUNSET
DECEMBER 10 2016......SUNRISE   705 AM EST   SUNSET   450 PM EST
DECEMBER 11 2016......SUNRISE   706 AM EST   SUNSET   450 PM EST


-  INDICATES NEGATIVE NUMBERS.
R  INDICATES RECORD WAS SET OR TIED.
MM INDICATES DATA IS MISSING.
T  INDICATES TRACE AMOUNT.




$$
