000
CDUS42 KAKQ 220827
CLIECG


CLIMATE REPORT
NATIONAL WEATHER SERVICE WAKEFIELD, VA
426 AM EDT WED OCT 22 2014


...................................

...THE ELIZABETH CITY NC CLIMATE SUMMARY FOR OCTOBER 21 2014...

CLIMATE NORMAL PERIOD 1981 TO 2010
CLIMATE RECORD PERIOD 1934 TO 2014


WEATHER ITEM   OBSERVED TIME   RECORD YEAR NORMAL DEPARTURE LAST
                VALUE   (LST)  VALUE       VALUE  FROM      YEAR
                                                  NORMAL
..................................................................
TEMPERATURE (F)
 YESTERDAY
  MAXIMUM         77    234 PM  85    1947  71      6       68
  MINIMUM         52    204 AM  30    1974  50      2       41
  AVERAGE         65                        61      4       55

PRECIPITATION (IN)
  YESTERDAY        0.03          1.92 1958   0.10  -0.07     0.00
  MONTH TO DATE    0.77                      2.11  -1.34     5.73
  SINCE SEP 1      6.77                      6.04   0.73     6.57
  SINCE JAN 1     34.21                     40.00  -5.79    36.60

SNOWFALL (IN)
  YESTERDAY        0.0           0.0  2002  MM     MM
  MONTH TO DATE    0.0                      MM     MM
  SINCE NOV 1     10.2                      MM     MM
  SINCE JUL 1      0.0                      MM     MM
  SNOW DEPTH       0

DEGREE DAYS
 HEATING
  YESTERDAY        0                         6     -6       10
  MONTH TO DATE   39                        70    -31       21
  SINCE SEP 1     40                        82    -42       36
  SINCE JUL 1     40                        82    -42       36

 COOLING
  YESTERDAY        0                         1     -1        0
  MONTH TO DATE   69                        47     22       86
  SINCE SEP 1    329                       273     56      277
  SINCE JAN 1   1572                      1569      3     1657
..................................................................


WIND (MPH)
  HIGHEST WIND SPEED    16   HIGHEST WIND DIRECTION    NW (310)
  HIGHEST GUST SPEED    21   HIGHEST GUST DIRECTION    NW (300)
  AVERAGE WIND SPEED     5.9


SKY COVER
  POSSIBLE SUNSHINE  MM
  AVERAGE SKY COVER 0.4


WEATHER CONDITIONS
 THE FOLLOWING WEATHER WAS RECORDED YESTERDAY.
  RAIN
  FOG
  HAZE


RELATIVE HUMIDITY (PERCENT)
 HIGHEST    93           100 AM
 LOWEST     46          1200 PM
 AVERAGE    70

..........................................................


THE ELIZABETH CITY NC CLIMATE NORMALS FOR TODAY
                         NORMAL    RECORD    YEAR
 MAXIMUM TEMPERATURE (F)   71        86      1947
 MINIMUM TEMPERATURE (F)   50        28      1974


SUNRISE AND SUNSET
OCTOBER 22 2014.......SUNRISE   718 AM EDT   SUNSET   620 PM EDT
OCTOBER 23 2014.......SUNRISE   719 AM EDT   SUNSET   619 PM EDT


-  INDICATES NEGATIVE NUMBERS.
R  INDICATES RECORD WAS SET OR TIED.
MM INDICATES DATA IS MISSING.
T  INDICATES TRACE AMOUNT.




$$
