000
CDUS42 KAKQ 220534
CLIECG


CLIMATE REPORT
NATIONAL WEATHER SERVICE WAKEFIELD, VA
133 AM EDT FRI SEP 22 2017


...................................

...THE ELIZABETH CITY NC CLIMATE SUMMARY FOR SEPTEMBER 21 2017...

CLIMATE NORMAL PERIOD 1981 TO 2010
CLIMATE RECORD PERIOD 1934 TO 2017


WEATHER ITEM   OBSERVED TIME   RECORD YEAR NORMAL DEPARTURE LAST
                VALUE   (LST)  VALUE       VALUE  FROM      YEAR
                                                  NORMAL
..................................................................
TEMPERATURE (F)
 YESTERDAY
  MAXIMUM         89    229 PM  95    1995  80      9       76
  MINIMUM         64    504 AM  43    1937  62      2       73
  AVERAGE         77                        71      6       75

PRECIPITATION (IN)
  YESTERDAY        0.00          2.63 1982   0.12  -0.12     2.59
  MONTH TO DATE    2.16                      2.84  -0.68    11.99
  SINCE SEP 1      2.16                      2.84  -0.68    11.99
  SINCE JAN 1     37.30                     36.80   0.50    39.50

SNOWFALL (IN)
  YESTERDAY        0.0           0.0  2002  MM     MM
  MONTH TO DATE    0.0                      MM     MM
  SINCE NOV 1      1.2                      MM     MM
  SINCE JUL 1      0.0                      MM     MM
  SNOW DEPTH       0

DEGREE DAYS
 HEATING
  YESTERDAY        0                         1     -1        0
  MONTH TO DATE    0                         1     -1        0
  SINCE SEP 1      0                         1     -1        0
  SINCE JUL 1      0                         1     -1        0

 COOLING
  YESTERDAY       12                         6      6       10
  MONTH TO DATE  182                       181      1      249
  SINCE SEP 1    182                       181      1      249
  SINCE JAN 1   1728                      1477    251     1756
..................................................................


WIND (MPH)
  HIGHEST WIND SPEED    13   HIGHEST WIND DIRECTION     E (70)
  HIGHEST GUST SPEED    15   HIGHEST GUST DIRECTION     E (70)
  AVERAGE WIND SPEED     4.7


SKY COVER
  POSSIBLE SUNSHINE  MM
  AVERAGE SKY COVER 0.0


WEATHER CONDITIONS
 THE FOLLOWING WEATHER WAS RECORDED YESTERDAY.
  FOG


RELATIVE HUMIDITY (PERCENT)
 HIGHEST   100          1200 AM
 LOWEST     50           200 PM
 AVERAGE    75

..........................................................


THE ELIZABETH CITY NC CLIMATE NORMALS FOR TODAY
                         NORMAL    RECORD    YEAR
 MAXIMUM TEMPERATURE (F)   79        97      1988
 MINIMUM TEMPERATURE (F)   61        47      1956
                                             1938


SUNRISE AND SUNSET
SEPTEMBER 22 2017.....SUNRISE   653 AM EDT   SUNSET   701 PM EDT
SEPTEMBER 23 2017.....SUNRISE   654 AM EDT   SUNSET   700 PM EDT


-  INDICATES NEGATIVE NUMBERS.
R  INDICATES RECORD WAS SET OR TIED.
MM INDICATES DATA IS MISSING.
T  INDICATES TRACE AMOUNT.




$$
