236
CDUS42 KAKQ 180731
CLIECG


CLIMATE REPORT
NATIONAL WEATHER SERVICE WAKEFIELD, VA
126 AM EST SAT NOV 18 2017


...................................

...THE ELIZABETH CITY NC CLIMATE SUMMARY FOR NOVEMBER 17 2017...

CLIMATE NORMAL PERIOD 1981 TO 2010
CLIMATE RECORD PERIOD 1934 TO 2017


WEATHER ITEM   OBSERVED TIME   RECORD YEAR NORMAL DEPARTURE LAST
                VALUE   (LST)  VALUE       VALUE  FROM      YEAR
                                                  NORMAL
..................................................................
TEMPERATURE (F)
 YESTERDAY
  MAXIMUM         56    244 PM  77    1988  64     -8       65
                                      1978
  MINIMUM         32   1159 PM  24    1967  42    -10       39
  AVERAGE         44                        53     -9       52

PRECIPITATION (IN)
  YESTERDAY        0.00          1.20 1994   0.10  -0.10     0.00
  MONTH TO DATE    0.86                      1.83  -0.97     0.85
  SINCE SEP 1      6.34                      8.83  -2.49    23.16
  SINCE JAN 1     41.48                     42.79  -1.31    50.67

SNOWFALL (IN)
  YESTERDAY        0.0           0.0  2002  MM     MM
  MONTH TO DATE    0.0                      MM     MM
  SINCE NOV 1      0.0                      MM     MM
  SINCE JUL 1      0.0                      MM     MM
  SNOW DEPTH       0

DEGREE DAYS
 HEATING
  YESTERDAY       21                        12      9       13
  MONTH TO DATE  156                       176    -20      197
  SINCE SEP 1    233                       327    -94      292
  SINCE JUL 1    233                       327    -94      292

 COOLING
  YESTERDAY        0                         0      0        0
  MONTH TO DATE   10                         4      6        5
  SINCE SEP 1    415                       289    126      443
  SINCE JAN 1   1961                      1585    376     1950
..................................................................


WIND (MPH)
  HIGHEST WIND SPEED    16   HIGHEST WIND DIRECTION    NW (320)
  HIGHEST GUST SPEED    19   HIGHEST GUST DIRECTION     N (340)
  AVERAGE WIND SPEED     7.2


SKY COVER
  POSSIBLE SUNSHINE  MM
  AVERAGE SKY COVER 0.0


WEATHER CONDITIONS
 THE FOLLOWING WEATHER WAS RECORDED YESTERDAY.
  NO SIGNIFICANT WEATHER WAS OBSERVED.


RELATIVE HUMIDITY (PERCENT)
 HIGHEST   100           900 PM
 LOWEST     47           100 PM
 AVERAGE    74

..........................................................


THE ELIZABETH CITY NC CLIMATE NORMALS FOR TODAY
                         NORMAL    RECORD    YEAR
 MAXIMUM TEMPERATURE (F)   63        83      1938
 MINIMUM TEMPERATURE (F)   42        25      2014


SUNRISE AND SUNSET
NOVEMBER 18 2017......SUNRISE   645 AM EST   SUNSET   455 PM EST
NOVEMBER 19 2017......SUNRISE   646 AM EST   SUNSET   454 PM EST


-  INDICATES NEGATIVE NUMBERS.
R  INDICATES RECORD WAS SET OR TIED.
MM INDICATES DATA IS MISSING.
T  INDICATES TRACE AMOUNT.




$$
