521
CDUS42 KAKQ 260545
CLIECG


CLIMATE REPORT
NATIONAL WEATHER SERVICE WAKEFIELD, VA
145 AM EDT WED JUL 26 2017


...................................

...THE ELIZABETH CITY NC CLIMATE SUMMARY FOR JULY 25 2017...

CLIMATE NORMAL PERIOD 1981 TO 2010
CLIMATE RECORD PERIOD 1934 TO 2017


WEATHER ITEM   OBSERVED TIME   RECORD YEAR NORMAL DEPARTURE LAST
                VALUE   (LST)  VALUE       VALUE  FROM      YEAR
                                                  NORMAL
..................................................................
TEMPERATURE (F)
 YESTERDAY
  MAXIMUM         87   1252 PM  97    1949  88     -1       94
  MINIMUM         72   1044 PM  60    1973  70      2       77
                                      1947
  AVERAGE         80                        79      1       86

PRECIPITATION (IN)
  YESTERDAY        0.00          2.06 1974   0.19  -0.19     0.00
  MONTH TO DATE    4.33                      4.50  -0.17     2.81
  SINCE JUN 1      7.75                      8.99  -1.24     5.71
  SINCE JAN 1     24.72                     26.16  -1.44    23.92

SNOWFALL (IN)
  YESTERDAY        0.0           0.0  2002  MM     MM
  MONTH TO DATE    0.0                      MM     MM
  SINCE NOV 1      1.2                      MM     MM
  SINCE JUL 1      0.0                      MM     MM
  SNOW DEPTH       0

DEGREE DAYS
 HEATING
  YESTERDAY        0                         0      0        0
  MONTH TO DATE    0                         0      0        0
  SINCE JUN 1      4                         3      1        0
  SINCE JUL 1      0                         0      0        0

 COOLING
  YESTERDAY       15                        14      1       21
  MONTH TO DATE  420                       345     75      401
  SINCE JUN 1    768                       659    109      721
  SINCE JAN 1   1066                       823    243      891
..................................................................


WIND (MPH)
  HIGHEST WIND SPEED    17   HIGHEST WIND DIRECTION    NE (50)
  HIGHEST GUST SPEED    21   HIGHEST GUST DIRECTION    NE (40)
  AVERAGE WIND SPEED     9.5


SKY COVER
  POSSIBLE SUNSHINE  MM
  AVERAGE SKY COVER 0.2


WEATHER CONDITIONS
 THE FOLLOWING WEATHER WAS RECORDED YESTERDAY.
  FOG


RELATIVE HUMIDITY (PERCENT)
 HIGHEST   100           500 AM
 LOWEST     63           500 PM
 AVERAGE    82

..........................................................


THE ELIZABETH CITY NC CLIMATE NORMALS FOR TODAY
                         NORMAL    RECORD    YEAR
 MAXIMUM TEMPERATURE (F)   88        97      1995
                                             1949
                                             1940
 MINIMUM TEMPERATURE (F)   70        60      2015
                                             1976
                                             1947


SUNRISE AND SUNSET
JULY 26 2017..........SUNRISE   607 AM EDT   SUNSET   815 PM EDT
JULY 27 2017..........SUNRISE   608 AM EDT   SUNSET   814 PM EDT


-  INDICATES NEGATIVE NUMBERS.
R  INDICATES RECORD WAS SET OR TIED.
MM INDICATES DATA IS MISSING.
T  INDICATES TRACE AMOUNT.




$$
