000
CDUS42 KAKQ 280645
CLIECG


CLIMATE REPORT
NATIONAL WEATHER SERVICE WAKEFIELD, VA
145 AM EST TUE FEB 28 2017


...................................

...THE ELIZABETH CITY NC CLIMATE SUMMARY FOR FEBRUARY 27 2017...

CLIMATE NORMAL PERIOD 1981 TO 2010
CLIMATE RECORD PERIOD 1934 TO 2017


WEATHER ITEM   OBSERVED TIME   RECORD YEAR NORMAL DEPARTURE LAST
                VALUE   (LST)  VALUE       VALUE  FROM      YEAR
                                                  NORMAL
..................................................................
TEMPERATURE (F)
 YESTERDAY
  MAXIMUM         66    301 PM  82    1997  56     10       46
  MINIMUM         36    511 AM  17    1934  36      0       29
  AVERAGE         51                        46      5       38

PRECIPITATION (IN)
  YESTERDAY        0.00          1.05 1982   0.11  -0.11     0.00
  MONTH TO DATE    0.92                      3.07  -2.15     4.68
  SINCE DEC 1      7.28                      8.89  -1.61    11.60
  SINCE JAN 1      4.61                      6.33  -1.72     7.59

SNOWFALL (IN)
  YESTERDAY        0.0           2.5  1941  MM     MM
  MONTH TO DATE    0.0                      MM     MM
  SINCE NOV 1      1.2                      MM     MM
  SINCE JUL 1      1.2                      MM     MM
  SNOW DEPTH       0

DEGREE DAYS
 HEATING
  YESTERDAY       14                        19     -5       27
  MONTH TO DATE  396                       565   -169      556
  SINCE DEC 1   1603                      1937   -334     1532
  SINCE JUL 1   2093                      2452   -359     1888

 COOLING
  YESTERDAY        0                         0      0        0
  MONTH TO DATE    3                         0      3        0
  SINCE DEC 1      3                         3      0       31
  SINCE JAN 1      3                         1      2        0
..................................................................


WIND (MPH)
  HIGHEST WIND SPEED    14   HIGHEST WIND DIRECTION     S (180)
  HIGHEST GUST SPEED    17   HIGHEST GUST DIRECTION     S (190)
  AVERAGE WIND SPEED     6.4


SKY COVER
  POSSIBLE SUNSHINE  MM
  AVERAGE SKY COVER 0.1


WEATHER CONDITIONS
 THE FOLLOWING WEATHER WAS RECORDED YESTERDAY.
  NO SIGNIFICANT WEATHER WAS OBSERVED.


RELATIVE HUMIDITY (PERCENT)
 HIGHEST    92           300 AM
 LOWEST     23           100 PM
 AVERAGE    58

..........................................................


THE ELIZABETH CITY NC CLIMATE NORMALS FOR TODAY
                         NORMAL    RECORD    YEAR
 MAXIMUM TEMPERATURE (F)   56        82      1962
 MINIMUM TEMPERATURE (F)   36        14      1934


SUNRISE AND SUNSET
FEBRUARY 28 2017......SUNRISE   636 AM EST   SUNSET   559 PM EST
MARCH  1 2017.........SUNRISE   635 AM EST   SUNSET   600 PM EST


-  INDICATES NEGATIVE NUMBERS.
R  INDICATES RECORD WAS SET OR TIED.
MM INDICATES DATA IS MISSING.
T  INDICATES TRACE AMOUNT.




$$
