000
CDUS45 KGJT 280739
CLIEEO


CLIMATE REPORT
NATIONAL WEATHER SERVICE GRAND JUNCTION CO
130 AM MDT MON JUL 28 2014


...................................

...THE MEEKER CO CLIMATE SUMMARY FOR JULY 27 2014...

CLIMATE NORMAL PERIOD 1981 TO 2010
CLIMATE RECORD PERIOD 9999 TO 9999


WEATHER ITEM   OBSERVED TIME   RECORD YEAR NORMAL DEPARTURE LAST
                VALUE   (LST)  VALUE       VALUE  FROM      YEAR
                                                  NORMAL
..................................................................
TEMPERATURE (F)
 YESTERDAY
  MAXIMUM         88    423 PM  MM      MM  87      1       82
  MINIMUM         57    435 AM  MM      MM  50      7       53
  AVERAGE         73                        68      5       68

PRECIPITATION (IN)
  YESTERDAY        T            MM      MM   0.05  -0.05     0.09
  MONTH TO DATE    0.21                      0.97  -0.76     1.75
  SINCE JUN 1      0.71                      2.21  -1.50     1.82
  SINCE JAN 1      8.14                      8.36  -0.22     8.19

SNOWFALL (IN)
  YESTERDAY       MM            MM      MM  MM     MM       MM
  MONTH TO DATE   MM                        MM     MM       MM
  SINCE JUN 1     MM                        MM     MM       MM
  SINCE JUL 1     MM                        MM     MM       MM
  SNOW DEPTH      MM

DEGREE DAYS
 HEATING
  YESTERDAY        0                         0      0        0
  MONTH TO DATE    6                        16    -10        0
  SINCE JUN 1    141                       160    -19       76
  SINCE JUL 1      6                        16    -10        0

 COOLING
  YESTERDAY        8                         4      4        3
  MONTH TO DATE  141                        69     72      154
  SINCE JUN 1    146                        86     60      191
  SINCE JAN 1    147                        87     60      191
..................................................................


WIND (MPH)
  HIGHEST WIND SPEED    13   HIGHEST WIND DIRECTION     N (20)
  HIGHEST GUST SPEED    17   HIGHEST GUST DIRECTION    NE (40)
  AVERAGE WIND SPEED     4.0


SKY COVER
  POSSIBLE SUNSHINE  MM
  AVERAGE SKY COVER 0.2


WEATHER CONDITIONS
 THE FOLLOWING WEATHER WAS RECORDED YESTERDAY.
  LIGHT RAIN


RELATIVE HUMIDITY (PERCENT)
 HIGHEST    77           200 AM
 LOWEST     15           400 PM
 AVERAGE    46

..........................................................


THE MEEKER CO CLIMATE NORMALS FOR TODAY
                         NORMAL    RECORD    YEAR
 MAXIMUM TEMPERATURE (F)   87        MM        MM
 MINIMUM TEMPERATURE (F)   50        MM        MM


SUNRISE AND SUNSET
JULY 28 2014..........SUNRISE   606 AM MDT   SUNSET   829 PM MDT
JULY 29 2014..........SUNRISE   607 AM MDT   SUNSET   828 PM MDT


-  INDICATES NEGATIVE NUMBERS.
R  INDICATES RECORD WAS SET OR TIED.
MM INDICATES DATA IS MISSING.
T  INDICATES TRACE AMOUNT.




$$
