000
CDUS44 KBMX 270830
CLIEET


CLIMATE REPORT
NATIONAL WEATHER SERVICE BIRMINGHAM, AL
229 AM CST FRI FEB 27 2015


...................................

...THE SHELBY COUNTY AIRPORT CLIMATE SUMMARY FOR FEBRUARY 26 2015...

CLIMATE NORMAL PERIOD 1981 TO 2010
CLIMATE RECORD PERIOD 9999 TO 9999


WEATHER ITEM   OBSERVED TIME   RECORD YEAR NORMAL DEPARTURE LAST
                VALUE   (LST)  VALUE       VALUE  FROM      YEAR
                                                  NORMAL
..................................................................
TEMPERATURE (F)
 YESTERDAY
  MAXIMUM         39    508 PM  MM      MM  62    -23       49
  MINIMUM         30    955 PM  MM      MM  40    -10       31
  AVERAGE         35                        51    -16       40

PRECIPITATION (IN)
  YESTERDAY        0.00                      0.21  -0.21     0.85
  MONTH TO DATE    4.55                      5.34  -0.79     5.60
  SINCE DEC 1     17.45                     15.47   1.98    18.87
  SINCE JAN 1      9.37                     10.67  -1.30     8.53

SNOWFALL (IN)
  YESTERDAY        0.0                      MM     MM        0.0
  MONTH TO DATE    T                        MM     MM        0.3
  SINCE DEC 1      T                        MM     MM        1.3
  SINCE JUL 1      T                        MM     MM        1.3
  SNOW DEPTH       0

DEGREE DAYS
 HEATING
  YESTERDAY       30                        14     16       25
  MONTH TO DATE  601                       437    164      419
  SINCE DEC 1   1677                      1657     20     1774
  SINCE JUL 1   2203                      2101    102     2230
..................................................................


WIND (MPH)
  HIGHEST WIND SPEED    14   HIGHEST WIND DIRECTION    NW (330)
  HIGHEST GUST SPEED    19   HIGHEST GUST DIRECTION    NW (330)
  AVERAGE WIND SPEED     5.2


SKY COVER
  POSSIBLE SUNSHINE  MM
  AVERAGE SKY COVER 0.7


WEATHER CONDITIONS
 THE FOLLOWING WEATHER WAS RECORDED YESTERDAY.
  FOG


RELATIVE HUMIDITY (PERCENT)
 HIGHEST    96           100 AM
 LOWEST     70           400 PM
 AVERAGE    83

..........................................................


THE SHELBY COUNTY AIRPORT CLIMATE NORMALS FOR TODAY
                         NORMAL    RECORD    YEAR
 MAXIMUM TEMPERATURE (F)   62        MM        MM
 MINIMUM TEMPERATURE (F)   40        MM        MM


SUNRISE AND SUNSET
FEBRUARY 27 2015......SUNRISE   618 AM CST   SUNSET   542 PM CST
FEBRUARY 28 2015......SUNRISE   617 AM CST   SUNSET   543 PM CST


-  INDICATES NEGATIVE NUMBERS.
R  INDICATES RECORD WAS SET OR TIED.
MM INDICATES DATA IS MISSING.
T  INDICATES TRACE AMOUNT.




$$
