000
CDUS44 KBMX 270808
CLIEET


CLIMATE REPORT
NATIONAL WEATHER SERVICE BIRMINGHAM, AL
252 AM CDT WED MAY 27 2015


...................................

...THE SHELBY COUNTY AIRPORT CLIMATE SUMMARY FOR MAY 26 2015...

CLIMATE NORMAL PERIOD 1981 TO 2010
CLIMATE RECORD PERIOD 9999 TO 9999


WEATHER ITEM   OBSERVED TIME   RECORD YEAR NORMAL DEPARTURE LAST
                VALUE   (LST)  VALUE       VALUE  FROM      YEAR
                                                  NORMAL
..................................................................
TEMPERATURE (F)
 YESTERDAY
  MAXIMUM         79   1053 AM  MM      MM  83     -4       89
  MINIMUM         66    240 AM  MM      MM  63      3       69
  AVERAGE         73                        73      0       79

PRECIPITATION (IN)
  YESTERDAY        0.06                      0.15  -0.09     0.00
  MONTH TO DATE    1.16                      3.69  -2.53     1.72
  SINCE MAR 1     11.76                     12.06  -0.30    17.69
  SINCE JAN 1     21.13                     23.14  -2.01    26.22

DEGREE DAYS
 COOLING
  YESTERDAY        8                         8      0       14
  MONTH TO DATE  189                       149     40      172
  SINCE MAR 1    298                       220     78      230
  SINCE JAN 1    298                       224     74      234
..................................................................


WIND (MPH)
  HIGHEST WIND SPEED    15   HIGHEST WIND DIRECTION     S (170)
  HIGHEST GUST SPEED    21   HIGHEST GUST DIRECTION     S (180)
  AVERAGE WIND SPEED     5.9


SKY COVER
  POSSIBLE SUNSHINE  MM
  AVERAGE SKY COVER 0.6


WEATHER CONDITIONS
 THE FOLLOWING WEATHER WAS RECORDED YESTERDAY.
  THUNDERSTORM
  LIGHT RAIN
  FOG


RELATIVE HUMIDITY (PERCENT)
 HIGHEST   100           100 AM
 LOWEST     74          1000 AM
 AVERAGE    87

..........................................................


THE SHELBY COUNTY AIRPORT CLIMATE NORMALS FOR TODAY
                         NORMAL    RECORD    YEAR
 MAXIMUM TEMPERATURE (F)   84        MM        MM
 MINIMUM TEMPERATURE (F)   63        MM        MM


SUNRISE AND SUNSET
MAY 27 2015...........SUNRISE   541 AM CDT   SUNSET   748 PM CDT
MAY 28 2015...........SUNRISE   540 AM CDT   SUNSET   749 PM CDT


-  INDICATES NEGATIVE NUMBERS.
R  INDICATES RECORD WAS SET OR TIED.
MM INDICATES DATA IS MISSING.
T  INDICATES TRACE AMOUNT.




$$
