000
CDUS44 KBMX 302146
CLIEET


CLIMATE REPORT
NATIONAL WEATHER SERVICE BIRMINGHAM, AL
446 PM CDT FRI SEP 30 2016


...................................

...THE SHELBY COUNTY AIRPORT CLIMATE SUMMARY FOR SEPTEMBER 30 2016...
VALID TODAY AS OF 0400 PM LOCAL TIME.

CLIMATE NORMAL PERIOD 1981 TO 2010
CLIMATE RECORD PERIOD 9999 TO 9999


WEATHER ITEM   OBSERVED TIME   RECORD YEAR NORMAL DEPARTURE LAST
                VALUE   (LST)  VALUE       VALUE  FROM      YEAR
                                                  NORMAL
..................................................................
TEMPERATURE (F)
 TODAY
  MAXIMUM         77    308 PM  MM      MM  80     -3       84
  MINIMUM         50    618 AM  MM      MM  59     -9       68
  AVERAGE         64                        69     -5       76

PRECIPITATION (IN)
  TODAY            0.00                      0.12  -0.12     0.00
  MONTH TO DATE    0.70                      3.83  -3.13     1.81
  SINCE SEP 1      0.70                      3.83  -3.13     1.81
  SINCE JAN 1     31.66                     41.91 -10.25    44.34

DEGREE DAYS
 HEATING
  TODAY            1                         1      0        0
  MONTH TO DATE    1                         5     -4        0
  SINCE SEP 1      1                         7     -6        0
  SINCE JUL 1      1                         7     -6        0

 COOLING
  TODAY            0                         5     -5       11
  MONTH TO DATE  448                       286    162      322
  SINCE SEP 1    448                       286    162      322
  SINCE JAN 1   2332                      1884    448     2087
..................................................................


WIND (MPH)
  HIGHEST WIND SPEED    12   HIGHEST WIND DIRECTION     W (280)
  HIGHEST GUST SPEED    16   HIGHEST GUST DIRECTION    NW (300)
  AVERAGE WIND SPEED     3.7


SKY COVER
  POSSIBLE SUNSHINE  MM
  AVERAGE SKY COVER 0.1


WEATHER CONDITIONS
 THE FOLLOWING WEATHER WAS RECORDED TODAY.
  NO SIGNIFICANT WEATHER WAS OBSERVED.


RELATIVE HUMIDITY (PERCENT)
 HIGHEST    93           500 AM
 LOWEST     31           300 PM
 AVERAGE    62

..........................................................


THE SHELBY COUNTY AIRPORT CLIMATE NORMALS FOR TOMORROW
                         NORMAL    RECORD    YEAR
 MAXIMUM TEMPERATURE (F)   80        MM        MM
 MINIMUM TEMPERATURE (F)   58        MM        MM


SUNRISE AND SUNSET
SEPTEMBER 30 2016.....SUNRISE   641 AM CDT   SUNSET   632 PM CDT
OCTOBER  1 2016.......SUNRISE   642 AM CDT   SUNSET   631 PM CDT


-  INDICATES NEGATIVE NUMBERS.
R  INDICATES RECORD WAS SET OR TIED.
MM INDICATES DATA IS MISSING.
T  INDICATES TRACE AMOUNT.




$$
