000
CDUS44 KBMX 252121
CLIEET


CLIMATE REPORT
NATIONAL WEATHER SERVICE BIRMINGHAM, AL
419 PM CDT FRI JUL 25 2014


...................................

...THE SHELBY COUNTY AIRPORT CLIMATE SUMMARY FOR JULY 25 2014...
VALID AS OF 0400 PM LOCAL TIME.

CLIMATE NORMAL PERIOD 1981 TO 2010
CLIMATE RECORD PERIOD 9999 TO 9999


WEATHER ITEM   OBSERVED TIME   RECORD YEAR NORMAL DEPARTURE LAST
                VALUE   (LST)  VALUE       VALUE  FROM      YEAR
                                                  NORMAL
..................................................................
TEMPERATURE (F)
 TODAY
  MAXIMUM         89    258 PM  MM      MM  91     -2       86
  MINIMUM         69    528 AM  MM      MM  71     -2       70
  AVERAGE         79                        81     -2       78

PRECIPITATION (IN)
  TODAY            0.00                      0.15  -0.15     0.00
  MONTH TO DATE    3.06                      3.84  -0.78     6.88
  SINCE JUN 1      8.37                      8.47  -0.10    11.58
  SINCE JAN 1     35.87                     32.40   3.47    40.58

DEGREE DAYS
 COOLING
  TODAY           14                        16     -2       13
  MONTH TO DATE  366                       392    -26      333
  SINCE JUN 1    781                       766     15      745
  SINCE JAN 1   1075                      1035     40      997
..................................................................


WIND (MPH)
  HIGHEST WIND SPEED    12   HIGHEST WIND DIRECTION    NW (300)
  HIGHEST GUST SPEED    16   HIGHEST GUST DIRECTION     W (290)
  AVERAGE WIND SPEED     2.4


SKY COVER
  POSSIBLE SUNSHINE  MM
  AVERAGE SKY COVER 0.1


WEATHER CONDITIONS
 THE FOLLOWING WEATHER WAS RECORDED TODAY.
  FOG
  HAZE


RELATIVE HUMIDITY (PERCENT)
 HIGHEST   100           400 AM
 LOWEST     47           300 PM
 AVERAGE    74

..........................................................


THE SHELBY COUNTY AIRPORT CLIMATE NORMALS FOR TOMORROW
                         NORMAL    RECORD    YEAR
 MAXIMUM TEMPERATURE (F)   91        MM        MM
 MINIMUM TEMPERATURE (F)   71        MM        MM


SUNRISE AND SUNSET
JULY 25 2014..........SUNRISE   555 AM CDT   SUNSET   752 PM CDT
JULY 26 2014..........SUNRISE   556 AM CDT   SUNSET   751 PM CDT


-  INDICATES NEGATIVE NUMBERS.
R  INDICATES RECORD WAS SET OR TIED.
MM INDICATES DATA IS MISSING.
T  INDICATES TRACE AMOUNT.




$$
