000
CDUS44 KBMX 020016
CLIEET


CLIMATE REPORT
NATIONAL WEATHER SERVICE BIRMINGHAM, AL
715 PM CDT FRI AUG 1 2014


...................................

...THE SHELBY COUNTY AIRPORT CLIMATE SUMMARY FOR AUGUST 1 2014...
VALID TODAY AS OF 0700 PM LOCAL TIME.

CLIMATE NORMAL PERIOD 1981 TO 2010
CLIMATE RECORD PERIOD 9999 TO 9999


WEATHER ITEM   OBSERVED TIME   RECORD YEAR NORMAL DEPARTURE LAST
                VALUE   (LST)  VALUE       VALUE  FROM      YEAR
                                                  NORMAL
..................................................................
TEMPERATURE (F)
 TODAY
  MAXIMUM         87    251 PM  MM      MM  91     -4       88
  MINIMUM         70    607 AM  MM      MM  71     -1       70
  AVERAGE         79                        81     -2       79

PRECIPITATION (IN)
  TODAY            0.00                      0.14  -0.14     1.40
  MONTH TO DATE    0.00                      0.14  -0.14     1.40
  SINCE JUN 1      8.37                      9.53  -1.16    12.98
  SINCE JAN 1     35.87                     33.46   2.41    41.98

DEGREE DAYS
 COOLING
  TODAY           14                        16     -2       14
  MONTH TO DATE   14                        16     -2       14
  SINCE JUN 1    875                       877     -2      841
  SINCE JAN 1   1169                      1146     23     1093
..................................................................


WIND (MPH)
  HIGHEST WIND SPEED     8   HIGHEST WIND DIRECTION    NE (50)
  HIGHEST GUST SPEED    11   HIGHEST GUST DIRECTION    SE (140)
  AVERAGE WIND SPEED     2.5


SKY COVER
  POSSIBLE SUNSHINE  MM
  AVERAGE SKY COVER 0.4


WEATHER CONDITIONS
 THE FOLLOWING WEATHER WAS RECORDED TODAY.
  FOG
  HAZE


RELATIVE HUMIDITY (PERCENT)
 HIGHEST    90           400 AM
 LOWEST     48           300 PM
 AVERAGE    69

..........................................................


THE SHELBY COUNTY AIRPORT CLIMATE NORMALS FOR TOMORROW
                         NORMAL    RECORD    YEAR
 MAXIMUM TEMPERATURE (F)   91        MM        MM
 MINIMUM TEMPERATURE (F)   71        MM        MM


SUNRISE AND SUNSET
AUGUST  1 2014........SUNRISE   600 AM CDT   SUNSET   746 PM CDT
AUGUST  2 2014........SUNRISE   601 AM CDT   SUNSET   745 PM CDT


-  INDICATES NEGATIVE NUMBERS.
R  INDICATES RECORD WAS SET OR TIED.
MM INDICATES DATA IS MISSING.
T  INDICATES TRACE AMOUNT.




$$
