000
CDUS46 KEKA 281210
CLIEKA


CLIMATE REPORT
NATIONAL WEATHER SERVICE EUREKA CA
509 AM PDT FRI APR 28 2017


...................................

...THE EUREKA CA CLIMATE SUMMARY FOR APRIL 27 2017...

CLIMATE NORMAL PERIOD 1981 TO 2010
CLIMATE RECORD PERIOD 1886 TO 2017


WEATHER ITEM   OBSERVED RECORD YEAR NORMAL DEPARTURE LAST
                VALUE   VALUE       VALUE  FROM      YEAR
                                           NORMAL
...........................................................
TEMPERATURE (F)
 YESTERDAY
  MAXIMUM         58     68    1992  59     -1       56
  MINIMUM         45     34    1955  45      0       48
  AVERAGE         52                 52      0       52

PRECIPITATION (IN)
  YESTERDAY        0.00   1.53 2010   0.09  -0.09     0.27
  MONTH TO DATE    5.46               3.07   2.39     2.79
  SINCE OCT 1     60.81              36.47  24.34    46.66
  SINCE JAN 1     35.04              20.50  14.54    25.94

SNOWFALL (IN)
  YESTERDAY        0.0    0.0  2001   0.0    0.0     MM
  MONTH TO DATE    T                  0.0    0.0      0.0
  SINCE MAR 1      T                  0.0    0.0      0.0
  SINCE JUL 1      T                  0.2   -0.2       T
  SNOW DEPTH       0

DEGREE DAYS
 HEATING
  YESTERDAY       13                 13      0       13
  MONTH TO DATE  340                385    -45      275
  SINCE MAR 1    770                861    -91      666
  SINCE JUL 1   3659               3783   -124     3076

 COOLING
  YESTERDAY        0                  0      0        0
  MONTH TO DATE    0                  0      0        0
  SINCE MAR 1      0                  0      0        0
  SINCE JAN 1      0                  0      0        0
...........................................................


WIND (MPH)
  HIGHEST WIND SPEED    12   HIGHEST WIND DIRECTION     N (10)
  HIGHEST GUST SPEED    20   HIGHEST GUST DIRECTION     N (10)
  AVERAGE WIND SPEED     6.8


SKY COVER
  AVERAGE SKY COVER 0.5


WEATHER CONDITIONS
 THE FOLLOWING WEATHER WAS RECORDED YESTERDAY.
  NO SIGNIFICANT WEATHER WAS OBSERVED.


..........................................................


THE EUREKA CA CLIMATE NORMALS FOR TODAY
                         NORMAL    RECORD    YEAR
 MAXIMUM TEMPERATURE (F)   59        73      1992
 MINIMUM TEMPERATURE (F)   45        36      2002


SUNRISE AND SUNSET
APRIL 28 2017.........SUNRISE   619 AM PDT   SUNSET   810 PM PDT
APRIL 29 2017.........SUNRISE   617 AM PDT   SUNSET   811 PM PDT


-  INDICATES NEGATIVE NUMBERS.
R  INDICATES RECORD WAS SET OR TIED.
MM INDICATES DATA IS MISSING.
T  INDICATES TRACE AMOUNT.




&&

..........................................................

TOTAL SEASON     NORMAL   % OF NORMAL     LAST SEASON

    60.81         36.47        167            46.66


$$
