000
CDUS46 KEKA 251212
CLIEKA


CLIMATE REPORT
NATIONAL WEATHER SERVICE EUREKA CA
412 AM PST SUN JAN 25 2015


...................................

...THE EUREKA CA CLIMATE SUMMARY FOR JANUARY 24 2015...

CLIMATE NORMAL PERIOD 1981 TO 2010
CLIMATE RECORD PERIOD 1886 TO 2015


WEATHER ITEM   OBSERVED RECORD YEAR NORMAL DEPARTURE LAST
                VALUE   VALUE       VALUE  FROM      YEAR
                                           NORMAL
...........................................................
TEMPERATURE (F)
 YESTERDAY
  MAXIMUM         62     72    1992  56      6       58
  MINIMUM         42     28    1949  41      1       42
  AVERAGE         52                 49      3       50

PRECIPITATION (IN)
  YESTERDAY        0.00   2.51 1912   0.19  -0.19     0.00
  MONTH TO DATE    1.36               5.15  -3.79     0.73
  SINCE JUL 1     22.87              22.20   0.67     5.85
  SINCE JAN 1      1.36               5.15  -3.79     0.73

SNOWFALL (IN)
  YESTERDAY        0.0    0.0  2002   0.0    0.0      0.0
  MONTH TO DATE    0.0                0.0    0.0      0.0
  SINCE DEC 1      0.0                T      0.0       T
  SINCE JUL 1      0.0                T      0.0       T
  SNOW DEPTH       0

DEGREE DAYS
 HEATING
  YESTERDAY       13                 16     -3       15
  MONTH TO DATE  334                405    -71      421
  SINCE DEC 1    705                938   -233     1113
  SINCE JUL 1   1725               2360   -635     2564

 COOLING
  YESTERDAY        0                  0      0        0
  MONTH TO DATE    0                  0      0        0
  SINCE DEC 1      0                  0      0        0
  SINCE JAN 1      0                  0      0        0
...........................................................


WIND (MPH)
  HIGHEST WIND SPEED     8   HIGHEST WIND DIRECTION    SW (220)
  HIGHEST GUST SPEED    12   HIGHEST GUST DIRECTION    MM
  AVERAGE WIND SPEED     1.3


SKY COVER
  AVERAGE SKY COVER 0.4


WEATHER CONDITIONS
 THE FOLLOWING WEATHER WAS RECORDED YESTERDAY.
  FOG W/VISIBILITY <= 1/4 MILE
  HAZE


..........................................................


THE EUREKA CA CLIMATE NORMALS FOR TODAY
                         NORMAL    RECORD    YEAR
 MAXIMUM TEMPERATURE (F)   56        71      1889
 MINIMUM TEMPERATURE (F)   41        27      1887


SUNRISE AND SUNSET
JANUARY 25 2015.......SUNRISE   733 AM PST   SUNSET   525 PM PST
JANUARY 26 2015.......SUNRISE   732 AM PST   SUNSET   527 PM PST


-  INDICATES NEGATIVE NUMBERS.
R  INDICATES RECORD WAS SET OR TIED.
MM INDICATES DATA IS MISSING.
T  INDICATES TRACE AMOUNT.




&&

..........................................................

TOTAL SEASON     NORMAL   % OF NORMAL     LAST SEASON

    22.87         22.20        103             5.85


$$
