000
CDUS46 KEKA 181211
CLIEKA


CLIMATE REPORT
NATIONAL WEATHER SERVICE EUREKA CA
409 AM PST WED JAN 18 2017


...................................

...THE EUREKA CA CLIMATE SUMMARY FOR JANUARY 17 2017...

CLIMATE NORMAL PERIOD 1981 TO 2010
CLIMATE RECORD PERIOD 1886 TO 2017


WEATHER ITEM   OBSERVED RECORD YEAR NORMAL DEPARTURE LAST
                VALUE   VALUE       VALUE  FROM      YEAR
                                           NORMAL
...........................................................
TEMPERATURE (F)
 YESTERDAY
  MAXIMUM         57     67    1981  56      1       61
                               1971
                               1908
  MINIMUM         37     25    1888  41     -4       47
  AVERAGE         47                 48     -1       54

PRECIPITATION (IN)
  YESTERDAY        0.05   3.70 1953   0.21  -0.16     2.28
  MONTH TO DATE    5.70               3.75   1.95     7.48
  SINCE OCT 1     31.47              19.72  11.75    28.20
  SINCE JAN 1      5.70               3.75   1.95     7.48

SNOWFALL (IN)
  YESTERDAY       MM      0.0  2002   0.0   MM       MM
  MONTH TO DATE    0.0                0.0    0.0      0.0
  SINCE DEC 1      0.0                T      0.0       T
  SINCE JUL 1      T                  T      0.0       T
  SNOW DEPTH       0

DEGREE DAYS
 HEATING
  YESTERDAY       18                 17      1       11
  MONTH TO DATE  350                289     61      258
  SINCE DEC 1    963                822    141      757
  SINCE JUL 1   2197               2244    -47     1839

 COOLING
  YESTERDAY        0                  0      0        0
  MONTH TO DATE    0                  0      0        0
  SINCE DEC 1      0                  0      0        0
  SINCE JAN 1      0                  0      0        0
...........................................................


WIND (MPH)
  HIGHEST WIND SPEED    16   HIGHEST WIND DIRECTION     S (160)
  HIGHEST GUST SPEED    28   HIGHEST GUST DIRECTION     S (180)
  AVERAGE WIND SPEED     7.0


SKY COVER
  AVERAGE SKY COVER 1.0


WEATHER CONDITIONS
 THE FOLLOWING WEATHER WAS RECORDED YESTERDAY.
  LIGHT RAIN
  FOG


..........................................................


THE EUREKA CA CLIMATE NORMALS FOR TODAY
                         NORMAL    RECORD    YEAR
 MAXIMUM TEMPERATURE (F)   56        73      1981
 MINIMUM TEMPERATURE (F)   41        26      1943


SUNRISE AND SUNSET
JANUARY 18 2017.......SUNRISE   737 AM PST   SUNSET   518 PM PST
JANUARY 19 2017.......SUNRISE   737 AM PST   SUNSET   519 PM PST


-  INDICATES NEGATIVE NUMBERS.
R  INDICATES RECORD WAS SET OR TIED.
MM INDICATES DATA IS MISSING.
T  INDICATES TRACE AMOUNT.




&&

..........................................................

TOTAL SEASON     NORMAL   % OF NORMAL     LAST SEASON

    31.47         19.72        160            28.20


$$
