000
CDUS46 KEKA 281212
CLIEKA


CLIMATE REPORT
NATIONAL WEATHER SERVICE EUREKA CA
509 AM PDT MON JUL 28 2014


...................................

...THE EUREKA CA CLIMATE SUMMARY FOR JULY 27 2014...

CLIMATE NORMAL PERIOD 1981 TO 2010
CLIMATE RECORD PERIOD 1886 TO 2014


WEATHER ITEM   OBSERVED RECORD YEAR NORMAL DEPARTURE LAST
                VALUE   VALUE       VALUE  FROM      YEAR
                                           NORMAL
...........................................................
TEMPERATURE (F)
 YESTERDAY
  MAXIMUM         67     70    1983  64      3       62
  MINIMUM         53     46    1914  53      0       50
  AVERAGE         60                 58      2       56

PRECIPITATION (IN)
  YESTERDAY        0.00   0.23 1947   0.00   0.00     0.00
  MONTH TO DATE    0.02               0.16  -0.14      T
  SINCE JUL 1      0.02               0.16  -0.14      T
  SINCE JAN 1     16.01              23.44  -7.43    11.48

SNOWFALL (IN)
  YESTERDAY        0.0    0.0  2002   0.0    0.0      0.0
                               2001
  MONTH TO DATE    0.0                0.0    0.0      0.0
  SINCE JUN 1      0.0                0.0    0.0      0.0
  SINCE JUL 1      0.0                0.0    0.0      0.0
  SNOW DEPTH       0

DEGREE DAYS
 HEATING
  YESTERDAY        5                  7     -2        9
  MONTH TO DATE  158                200    -42      229
  SINCE JUN 1    410                466    -56      452
  SINCE JUL 1    158                200    -42      229

 COOLING
  YESTERDAY        0                  0      0        0
  MONTH TO DATE    0                  0      0        0
  SINCE JUN 1      0                  0      0        0
  SINCE JAN 1      1                  0      1        0
...........................................................


WIND (MPH)
  HIGHEST WIND SPEED     9   HIGHEST WIND DIRECTION     W (280)
  HIGHEST GUST SPEED    12   HIGHEST GUST DIRECTION    MM
  AVERAGE WIND SPEED     3.7


SKY COVER
  AVERAGE SKY COVER 0.5


WEATHER CONDITIONS
 THE FOLLOWING WEATHER WAS RECORDED YESTERDAY.
  FOG
  HAZE


..........................................................


THE EUREKA CA CLIMATE NORMALS FOR TODAY
                         NORMAL    RECORD    YEAR
 MAXIMUM TEMPERATURE (F)   64        69      2000
                                             1987
 MINIMUM TEMPERATURE (F)   53        48      1986
                                             1959
                                             1954


SUNRISE AND SUNSET
JULY 28 2014..........SUNRISE   609 AM PDT   SUNSET   836 PM PDT
JULY 29 2014..........SUNRISE   610 AM PDT   SUNSET   835 PM PDT


-  INDICATES NEGATIVE NUMBERS.
R  INDICATES RECORD WAS SET OR TIED.
MM INDICATES DATA IS MISSING.
T  INDICATES TRACE AMOUNT.




&&

..........................................................

TOTAL SEASON     NORMAL   % OF NORMAL     LAST SEASON

     0.02          0.16        13             0.00

$$
