000
CDUS46 KEKA 031211
CLIEKA


CLIMATE REPORT
NATIONAL WEATHER SERVICE EUREKA CA
410 AM PST TUE MAR 3 2015


...................................

...THE EUREKA CA CLIMATE SUMMARY FOR MARCH 2 2015...

CLIMATE NORMAL PERIOD 1981 TO 2010
CLIMATE RECORD PERIOD 1886 TO 2015


WEATHER ITEM   OBSERVED RECORD YEAR NORMAL DEPARTURE LAST
                VALUE   VALUE       VALUE  FROM      YEAR
                                           NORMAL
...........................................................
TEMPERATURE (F)
 YESTERDAY
  MAXIMUM         55     68    1930  56     -1       60
  MINIMUM         43     30    1917  42      1       52
  AVERAGE         49                 49      0       56

PRECIPITATION (IN)
  YESTERDAY        0.00   2.31 1972   0.21  -0.21     0.06
  MONTH TO DATE    0.00               0.41  -0.41     0.08
  SINCE OCT 1     24.78              28.51  -3.73     9.42
  SINCE JAN 1      6.40              12.54  -6.14     7.52

SNOWFALL (IN)
  YESTERDAY        0.0   MM      MM   0.0    0.0      0.0
  MONTH TO DATE    0.0                0.0    0.0      0.0
  SINCE MAR 1      0.0                0.0    0.0      0.0
  SINCE JUL 1      0.0                0.2   -0.2       T
  SNOW DEPTH       0

DEGREE DAYS
 HEATING
  YESTERDAY       16                 16      0        9
  MONTH TO DATE   33                 32      1       22
  SINCE MAR 1     33                 32      1       22
  SINCE JUL 1   2188               2954   -766     3113

 COOLING
  YESTERDAY        0                  0      0        0
  MONTH TO DATE    0                  0      0        0
  SINCE MAR 1      0                  0      0        0
  SINCE JAN 1      0                  0      0        0
...........................................................


WIND (MPH)
  HIGHEST WIND SPEED    15   HIGHEST WIND DIRECTION     N (350)
  HIGHEST GUST SPEED    31   HIGHEST GUST DIRECTION    MM
  AVERAGE WIND SPEED     8.5


SKY COVER
  AVERAGE SKY COVER 0.3


WEATHER CONDITIONS
 THE FOLLOWING WEATHER WAS RECORDED YESTERDAY.
  NO SIGNIFICANT WEATHER WAS OBSERVED.


..........................................................


THE EUREKA CA CLIMATE NORMALS FOR TODAY
                         NORMAL    RECORD    YEAR
 MAXIMUM TEMPERATURE (F)   57        69      1987
                                             1937
 MINIMUM TEMPERATURE (F)   42        29      1896


SUNRISE AND SUNSET
MARCH  3 2015.........SUNRISE   648 AM PST   SUNSET   610 PM PST
MARCH  4 2015.........SUNRISE   646 AM PST   SUNSET   611 PM PST


-  INDICATES NEGATIVE NUMBERS.
R  INDICATES RECORD WAS SET OR TIED.
MM INDICATES DATA IS MISSING.
T  INDICATES TRACE AMOUNT.




&&

..........................................................

TOTAL SEASON     NORMAL   % OF NORMAL     LAST SEASON

    24.78         28.51        87             9.42


$$
