254
CDUS46 KEKA 171210
CLIEKA


CLIMATE REPORT
NATIONAL WEATHER SERVICE EUREKA CA
410 AM PST FRI NOV 17 2017


...................................

...THE EUREKA CA CLIMATE SUMMARY FOR NOVEMBER 16 2017...

CLIMATE NORMAL PERIOD 1981 TO 2010
CLIMATE RECORD PERIOD 1886 TO 2017


WEATHER ITEM   OBSERVED RECORD YEAR NORMAL DEPARTURE LAST
                VALUE   VALUE       VALUE  FROM      YEAR
                                           NORMAL
...........................................................
TEMPERATURE (F)
 YESTERDAY
  MAXIMUM         58     74    1895  58      0       56
  MINIMUM         47     32    1964  43      4       40
                               1958
  AVERAGE         53                 51      2       48

PRECIPITATION (IN)
  YESTERDAY        0.09   2.67 1900   0.18  -0.09     0.09
  MONTH TO DATE    4.79               2.59   2.20     2.12
  SINCE OCT 1      6.43               4.83   1.60    13.04
  SINCE JAN 1     44.50              29.19  15.31    40.40

SNOWFALL (IN)
  YESTERDAY       MM      0.0  2001   0.0   MM        0.0
  MONTH TO DATE    0.0                0.0    0.0      0.0
  SINCE SEP 1      0.0                0.0    0.0      0.0
  SINCE JUL 1      0.0                0.0    0.0      0.0
  SNOW DEPTH       0

DEGREE DAYS
 HEATING
  YESTERDAY       12                 14     -2       17
  MONTH TO DATE  199                211    -12      123
  SINCE SEP 1    707                779    -72      595
  SINCE JUL 1   1098               1205   -107     1042

 COOLING
  YESTERDAY        0                  0      0        0
  MONTH TO DATE    0                  0      0        0
  SINCE SEP 1     13                  0     13        0
  SINCE JAN 1     13                  0     13        0
...........................................................


WIND (MPH)
  HIGHEST WIND SPEED    10   HIGHEST WIND DIRECTION     S (180)
  HIGHEST GUST SPEED    20   HIGHEST GUST DIRECTION    MM
  AVERAGE WIND SPEED     5.1


SKY COVER
  AVERAGE SKY COVER 0.8


WEATHER CONDITIONS
 THE FOLLOWING WEATHER WAS RECORDED YESTERDAY.
  LIGHT RAIN


..........................................................


THE EUREKA CA CLIMATE NORMALS FOR TODAY
                         NORMAL    RECORD    YEAR
 MAXIMUM TEMPERATURE (F)   58        71      1995
                                             1951
 MINIMUM TEMPERATURE (F)   43        32      2000


SUNRISE AND SUNSET
NOVEMBER 17 2017......SUNRISE   706 AM PST   SUNSET   457 PM PST
NOVEMBER 18 2017......SUNRISE   708 AM PST   SUNSET   456 PM PST


-  INDICATES NEGATIVE NUMBERS.
R  INDICATES RECORD WAS SET OR TIED.
MM INDICATES DATA IS MISSING.
T  INDICATES TRACE AMOUNT.




&&

..........................................................

TOTAL SEASON     NORMAL   % OF NORMAL     LAST SEASON

     6.43          4.83        133            13.04


$$
