000
CDUS41 KRLX 152124
CLIEKN


CLIMATE REPORT
NATIONAL WEATHER SERVICE CHARLESTON WV
522 PM EDT TUE APR 15 2014


...................................

...THE ELKINS WV CLIMATE SUMMARY FOR APRIL 15 2014...
VALID TODAY AS OF 0500 PM LOCAL TIME.

CLIMATE NORMAL PERIOD 1981 TO 2010
CLIMATE RECORD PERIOD 1899 TO 2014


WEATHER ITEM   OBSERVED TIME   RECORD YEAR NORMAL DEPARTURE LAST
                VALUE   (LST)  VALUE       VALUE  FROM      YEAR
                                                  NORMAL
..................................................................
TEMPERATURE (F)
 TODAY
  MAXIMUM         61    654 AM  81    2012  63     -2       62
                                      1994
                                      1912
  MINIMUM         33    359 PM  17    1971  37     -4       51
  AVERAGE         47                        50     -3       57

PRECIPITATION (IN)
  TODAY            0.18          1.33 2007   0.12   0.06     0.06
  MONTH TO DATE    0.50                      1.87  -1.37     1.18
  SINCE MAR 1      3.69                      5.83  -2.14     4.42
  SINCE JAN 1      9.95                     12.16  -2.21    11.03

DEGREE DAYS
 HEATING
  TODAY           18                        15      3        8
  MONTH TO DATE  178                       265    -87      218
  SINCE MAR 1   1075                      1045     30     1145
  SINCE JUL 1   5598                      5366    232     5392

 COOLING
  TODAY            0                         0      0        0
  MONTH TO DATE    2                         0      2        0
  SINCE MAR 1      2                         0      2        0
  SINCE JAN 1      2                         0      2        0
..................................................................


WIND (MPH)
  HIGHEST WIND SPEED    28   HIGHEST WIND DIRECTION    NW (300)
  HIGHEST GUST SPEED    35   HIGHEST GUST DIRECTION     W (290)
  AVERAGE WIND SPEED     7.0


SKY COVER
  POSSIBLE SUNSHINE  MM
  AVERAGE SKY COVER 1.0


WEATHER CONDITIONS
 THE FOLLOWING WEATHER WAS RECORDED TODAY.
  RAIN
  LIGHT RAIN
  LIGHT SNOW
  FOG


RELATIVE HUMIDITY (PERCENT)
 HIGHEST    89           200 PM
 LOWEST     78           200 AM
 AVERAGE    84

..........................................................


THE ELKINS WV CLIMATE NORMALS FOR TOMORROW
                         NORMAL    RECORD    YEAR
 MAXIMUM TEMPERATURE (F)   63        85      2012
                                             2002
 MINIMUM TEMPERATURE (F)   37        17      1935


SUNRISE AND SUNSET
APRIL 15 2014.........SUNRISE   643 AM EDT   SUNSET   756 PM EDT
APRIL 16 2014.........SUNRISE   642 AM EDT   SUNSET   757 PM EDT


-  INDICATES NEGATIVE NUMBERS.
R  INDICATES RECORD WAS SET OR TIED.
MM INDICATES DATA IS MISSING.
T  INDICATES TRACE AMOUNT.




$$
