003
CDUS41 KRLX 041114 CCA
CLIEKN

CLIMATE REPORT
NATIONAL WEATHER SERVICE CHARLESTON WV
348 AM EDT WED MAY 4 2016


...................................

...THE ELKINS WV CLIMATE SUMMARY FOR MAY 3 2016...

CLIMATE NORMAL PERIOD 1981 TO 2010
CLIMATE RECORD PERIOD 1899 TO 2016


WEATHER ITEM   OBSERVED TIME   RECORD YEAR NORMAL DEPARTURE LAST
                VALUE   (LST)  VALUE       VALUE  FROM      YEAR
                                                  NORMAL
..................................................................
TEMPERATURE (F)
 YESTERDAY
  MAXIMUM         65    302 PM  88    1942  68     -3       73
  MINIMUM         45   1159 PM  20    1978  41      4       37
  AVERAGE         55                        55      0       55

PRECIPITATION (IN)
  YESTERDAY        0.16          1.04 2009   0.15   0.01     0.00
  MONTH TO DATE    1.03                      0.43   0.60     0.26
  SINCE JAN 1     12.23                     14.52  -2.29    20.32

SNOWFALL (IN)
  YESTERDAY        0.0
  MONTH TO DATE    0.0
  SINCE SEP 1     59.0
  SNOW DEPTH       0

DEGREE DAYS
 HEATING
  YESTERDAY       10                        11     -1       10
  MONTH TO DATE   10                        33    -23       32
  SINCE MAR 1    998                      1275   -277     1228
  SINCE JUL 1   4740                      5596   -856     5859

 COOLING
  YESTERDAY        0                         0      0        0
  MONTH TO DATE    1                         0      1        0
  SINCE MAR 1      4                         3      1        3
  SINCE JAN 1      4                         3      1        3
..................................................................


WIND (MPH)
  HIGHEST WIND SPEED    14   HIGHEST WIND DIRECTION    NW (310)
  HIGHEST GUST SPEED    18   HIGHEST GUST DIRECTION    NW (330)
  AVERAGE WIND SPEED     2.8


SKY COVER
  POSSIBLE SUNSHINE  MM
  AVERAGE SKY COVER 1.0


WEATHER CONDITIONS
 THE FOLLOWING WEATHER WAS RECORDED YESTERDAY.
  RAIN
  LIGHT RAIN
  FOG
  FOG W/VISIBILITY <= 1/4 MILE


RELATIVE HUMIDITY (PERCENT)
 HIGHEST    93           400 AM
 LOWEST     65           100 PM
 AVERAGE    79

..........................................................


THE ELKINS WV CLIMATE NORMALS FOR TODAY
                         NORMAL    RECORD    YEAR
 MAXIMUM TEMPERATURE (F)   68        88      1905
 MINIMUM TEMPERATURE (F)   42        21      1986


SUNRISE AND SUNSET
MAY  4 2016...........SUNRISE   618 AM EDT   SUNSET   815 PM EDT
MAY  5 2016...........SUNRISE   616 AM EDT   SUNSET   816 PM EDT


-  INDICATES NEGATIVE NUMBERS.
R  INDICATES RECORD WAS SET OR TIED.
MM INDICATES DATA IS MISSING.
T  INDICATES TRACE AMOUNT.




$$
