240
CDUS41 KRLX 170721
CLIEKN


CLIMATE REPORT
NATIONAL WEATHER SERVICE CHARLESTON WV
321 AM EDT THU AUG 17 2017


...................................

...THE ELKINS WV CLIMATE SUMMARY FOR AUGUST 16 2017...

CLIMATE NORMAL PERIOD 1981 TO 2010
CLIMATE RECORD PERIOD 1899 TO 2017


WEATHER ITEM   OBSERVED TIME   RECORD YEAR NORMAL DEPARTURE LAST
                VALUE   (LST)  VALUE       VALUE  FROM      YEAR
                                                  NORMAL
..................................................................
TEMPERATURE (F)
 YESTERDAY
  MAXIMUM         84    337 PM  92    1987  81      3       88
  MINIMUM         62    353 AM  42    1979  58      4       65
                                      1929
  AVERAGE         73                        69      4       77

PRECIPITATION (IN)
  YESTERDAY        0.00          1.79 1934   0.12  -0.12     0.13
  MONTH TO DATE    2.54                      2.09   0.45     1.96
  SINCE JAN 1     33.45                     31.06   2.39    28.79

SNOWFALL (IN)
  YESTERDAY        0.0
  MONTH TO DATE    0.0
  SINCE SEP 1     44.5
  SNOW DEPTH       0

DEGREE DAYS
 HEATING
  YESTERDAY        0                         1     -1        0
  MONTH TO DATE    8                         1      7        0
  SINCE JUN 1     69                        68      1       28
  SINCE JUL 1     11                        13     -2        0

 COOLING
  YESTERDAY        8                         5      3       12
  MONTH TO DATE   58                        80    -22      163
  SINCE JUN 1    367                       338     29      539
  SINCE JAN 1    411                       361     50      568
..................................................................


WIND (MPH)
  HIGHEST WIND SPEED     9   HIGHEST WIND DIRECTION     W (290)
  HIGHEST GUST SPEED    13   HIGHEST GUST DIRECTION     W (290)
  AVERAGE WIND SPEED     2.2


SKY COVER
  AVERAGE SKY COVER 0.5


WEATHER CONDITIONS
 THE FOLLOWING WEATHER WAS RECORDED YESTERDAY.
  FOG
  FOG W/VISIBILITY <= 1/4 MILE
  HAZE


RELATIVE HUMIDITY (PERCENT)
 HIGHEST    93          1200 AM
 LOWEST     47           100 PM
 AVERAGE    70

..........................................................


THE ELKINS WV CLIMATE NORMALS FOR TODAY
                         NORMAL    RECORD    YEAR
 MAXIMUM TEMPERATURE (F)   80        93      1988
 MINIMUM TEMPERATURE (F)   58        41      1979


SUNRISE AND SUNSET
AUGUST 17 2017........SUNRISE   635 AM EDT   SUNSET   811 PM EDT
AUGUST 18 2017........SUNRISE   636 AM EDT   SUNSET   810 PM EDT


-  INDICATES NEGATIVE NUMBERS.
R  INDICATES RECORD WAS SET OR TIED.
MM INDICATES DATA IS MISSING.
T  INDICATES TRACE AMOUNT.




$$
