178
CDUS41 KRLX 140829
CLIEKN


CLIMATE REPORT
NATIONAL WEATHER SERVICE CHARLESTON WV
327 AM EST SUN FEB 14 2016


...................................

...THE ELKINS WV CLIMATE SUMMARY FOR FEBRUARY 13 2016...

CLIMATE NORMAL PERIOD 1981 TO 2010
CLIMATE RECORD PERIOD 1899 TO 2016


WEATHER ITEM   OBSERVED TIME   RECORD YEAR NORMAL DEPARTURE LAST
                VALUE   (LST)  VALUE       VALUE  FROM      YEAR
                                                  NORMAL
..................................................................
TEMPERATURE (F)
 YESTERDAY
  MAXIMUM         18   1212 AM  65    1938  42    -24       20
                                      1923
                                      1915
  MINIMUM          1   1027 PM -11    1983  21    -20       -6
  AVERAGE         10                        32    -22        7

PRECIPITATION (IN)
  YESTERDAY        0.03          1.11 1971   0.11  -0.08      T
  MONTH TO DATE    0.72                      1.39  -0.67     1.11
  SINCE JAN 1      3.09                      4.62  -1.53     4.13

SNOWFALL (IN)
  YESTERDAY        1.7
  MONTH TO DATE   11.2
  SINCE SEP 1     39.1
  SNOW DEPTH       6

DEGREE DAYS
 HEATING
  YESTERDAY       55                        33     22       58
  MONTH TO DATE  468                       445     23      482
  SINCE DEC 1   2295                      2562   -267     2507
  SINCE JUL 1   3298                      3846   -548     3863

 COOLING
  YESTERDAY        0                         0      0        0
  MONTH TO DATE    0                         0      0        0
  SINCE DEC 1      0                         0      0        0
  SINCE JAN 1      0                         0      0        0
..................................................................


WIND (MPH)
  HIGHEST WIND SPEED    26   HIGHEST WIND DIRECTION    NW (310)
  HIGHEST GUST SPEED    36   HIGHEST GUST DIRECTION    NW (310)
  AVERAGE WIND SPEED    12.3


SKY COVER
  POSSIBLE SUNSHINE  MM
  AVERAGE SKY COVER 0.8


WEATHER CONDITIONS
 THE FOLLOWING WEATHER WAS RECORDED YESTERDAY.
  SNOW
  LIGHT SNOW
  HAZE
  BLOWING SNOW


RELATIVE HUMIDITY (PERCENT)
 HIGHEST    73           600 AM
 LOWEST     41           500 PM
 AVERAGE    57

..........................................................


THE ELKINS WV CLIMATE NORMALS FOR TODAY
                         NORMAL    RECORD    YEAR
 MAXIMUM TEMPERATURE (F)   43        66      1911
 MINIMUM TEMPERATURE (F)   21        -6      1916
                                             1905


SUNRISE AND SUNSET
FEBRUARY 14 2016......SUNRISE   712 AM EST   SUNSET   555 PM EST
FEBRUARY 15 2016......SUNRISE   711 AM EST   SUNSET   556 PM EST


-  INDICATES NEGATIVE NUMBERS.
R  INDICATES RECORD WAS SET OR TIED.
MM INDICATES DATA IS MISSING.
T  INDICATES TRACE AMOUNT.




$$
