470
CDUS41 KRLX 250716
CLIEKN


CLIMATE REPORT
NATIONAL WEATHER SERVICE CHARLESTON WV
316 AM EDT SUN SEP 25 2016


...................................

...THE ELKINS WV CLIMATE SUMMARY FOR SEPTEMBER 24 2016...

CLIMATE NORMAL PERIOD 1981 TO 2010
CLIMATE RECORD PERIOD 1899 TO 2016


WEATHER ITEM   OBSERVED TIME   RECORD YEAR NORMAL DEPARTURE LAST
                VALUE   (LST)  VALUE       VALUE  FROM      YEAR
                                                  NORMAL
..................................................................
TEMPERATURE (F)
 YESTERDAY
  MAXIMUM         82    117 PM  90    1930  71     11       77
                                      1908
  MINIMUM         53    612 AM  27    1963  47      6       42
  AVERAGE         68                        59      9       60

PRECIPITATION (IN)
  YESTERDAY        0.00          2.04 1988   0.11  -0.11     0.00
  MONTH TO DATE    0.37                      2.94  -2.57     1.34
  SINCE JAN 1     30.37                     35.75  -5.38    38.79

SNOWFALL (IN)
  YESTERDAY        0.0
  MONTH TO DATE    0.0
  SINCE SEP 1      0.0
  SNOW DEPTH       0

DEGREE DAYS
 HEATING
  YESTERDAY        0                         7     -7        5
  MONTH TO DATE    5                        83    -78       49
  SINCE SEP 1      5                        83    -78       49
  SINCE JUL 1      5                       113   -108       60

 COOLING
  YESTERDAY        3                         1      2        0
  MONTH TO DATE  110                        42     68       79
  SINCE SEP 1    110                        42     68       79
  SINCE JAN 1    799                       468    331      620
..................................................................


WIND (MPH)
  HIGHEST WIND SPEED    14   HIGHEST WIND DIRECTION     N (340)
  HIGHEST GUST SPEED    19   HIGHEST GUST DIRECTION     N (350)
  AVERAGE WIND SPEED     3.3


SKY COVER
  POSSIBLE SUNSHINE  MM
  AVERAGE SKY COVER 0.5


WEATHER CONDITIONS
 THE FOLLOWING WEATHER WAS RECORDED YESTERDAY.
  FOG
  FOG W/VISIBILITY <= 1/4 MILE


RELATIVE HUMIDITY (PERCENT)
 HIGHEST    93           200 AM
 LOWEST     51          1100 AM
 AVERAGE    72

..........................................................


THE ELKINS WV CLIMATE NORMALS FOR TODAY
                         NORMAL    RECORD    YEAR
 MAXIMUM TEMPERATURE (F)   70        90      1908
 MINIMUM TEMPERATURE (F)   47        27      1963


SUNRISE AND SUNSET
SEPTEMBER 25 2016.....SUNRISE   710 AM EDT   SUNSET   711 PM EDT
SEPTEMBER 26 2016.....SUNRISE   711 AM EDT   SUNSET   709 PM EDT


-  INDICATES NEGATIVE NUMBERS.
R  INDICATES RECORD WAS SET OR TIED.
MM INDICATES DATA IS MISSING.
T  INDICATES TRACE AMOUNT.




$$
