000
CDUS41 KRLX 090821
CLIEKN


CLIMATE REPORT
NATIONAL WEATHER SERVICE CHARLESTON WV
321 AM EST FRI DEC 9 2016


...................................

...THE ELKINS WV CLIMATE SUMMARY FOR DECEMBER 8 2016...

CLIMATE NORMAL PERIOD 1981 TO 2010
CLIMATE RECORD PERIOD 1899 TO 2016


WEATHER ITEM   OBSERVED TIME   RECORD YEAR NORMAL DEPARTURE LAST
                VALUE   (LST)  VALUE       VALUE  FROM      YEAR
                                                  NORMAL
..................................................................
TEMPERATURE (F)
 YESTERDAY
  MAXIMUM         37   1257 PM  75    1966  44     -7       52
  MINIMUM         22   1159 PM  -5    1977  25     -3       27
  AVERAGE         30                        34     -4       40

PRECIPITATION (IN)
  YESTERDAY        T             1.60 1972   0.11  -0.11     0.00
  MONTH TO DATE    1.05                      0.90   0.15     1.47
  SINCE JAN 1     41.24                     43.57  -2.33    44.94

SNOWFALL (IN)
  YESTERDAY        T
  MONTH TO DATE    T
  SINCE SEP 1      4.7
  SNOW DEPTH       0

DEGREE DAYS
 HEATING
  YESTERDAY       35                        31      4       25
  MONTH TO DATE  226                       236    -10      195
  SINCE DEC 1    226                       236    -10      195
  SINCE JUL 1   1171                      1520   -349     1198

 COOLING
  YESTERDAY        0                         0      0        0
  MONTH TO DATE    0                         0      0        0
  SINCE DEC 1      0                         0      0        0
  SINCE JAN 1    809                       475    334      627
..................................................................


WIND (MPH)
  HIGHEST WIND SPEED    24   HIGHEST WIND DIRECTION     W (290)
  HIGHEST GUST SPEED    36   HIGHEST GUST DIRECTION     W (290)
  AVERAGE WIND SPEED     9.6


SKY COVER
  POSSIBLE SUNSHINE  MM
  AVERAGE SKY COVER 0.7


WEATHER CONDITIONS
 THE FOLLOWING WEATHER WAS RECORDED YESTERDAY.
  LIGHT SNOW
  FOG


RELATIVE HUMIDITY (PERCENT)
 HIGHEST    92           500 AM
 LOWEST     41           200 PM
 AVERAGE    67

..........................................................


THE ELKINS WV CLIMATE NORMALS FOR TODAY
                         NORMAL    RECORD    YEAR
 MAXIMUM TEMPERATURE (F)   44        73      1966
 MINIMUM TEMPERATURE (F)   24        -1      1917


SUNRISE AND SUNSET
DECEMBER  9 2016......SUNRISE   727 AM EST   SUNSET   457 PM EST
DECEMBER 10 2016......SUNRISE   727 AM EST   SUNSET   457 PM EST


-  INDICATES NEGATIVE NUMBERS.
R  INDICATES RECORD WAS SET OR TIED.
MM INDICATES DATA IS MISSING.
T  INDICATES TRACE AMOUNT.




$$
