000
CDUS41 KRLX 290717
CLIEKN


CLIMATE REPORT
NATIONAL WEATHER SERVICE CHARLESTON WV
317 AM EDT WED MAR 29 2017


...................................

...THE ELKINS WV CLIMATE SUMMARY FOR MARCH 28 2017...

CLIMATE NORMAL PERIOD 1981 TO 2010
CLIMATE RECORD PERIOD 1899 TO 2017


WEATHER ITEM   OBSERVED TIME   RECORD YEAR NORMAL DEPARTURE LAST
                VALUE   (LST)  VALUE       VALUE  FROM      YEAR
                                                  NORMAL
..................................................................
TEMPERATURE (F)
 YESTERDAY
  MAXIMUM         65    221 PM  81    1989  56      9       60
                                      1945
                                      1910
  MINIMUM         52   1159 PM   4    1982  32     20       40
  AVERAGE         59                        44     15       50

PRECIPITATION (IN)
  YESTERDAY        0.14          1.21 1899   0.13   0.01     0.34
  MONTH TO DATE    3.46                      3.56  -0.10     2.37
  SINCE JAN 1     10.71                      9.89   0.82     7.75

SNOWFALL (IN)
  YESTERDAY        0.0
  MONTH TO DATE   10.9
  SINCE SEP 1     41.3
  SNOW DEPTH       0

DEGREE DAYS
 HEATING
  YESTERDAY        6                        21    -15       15
  MONTH TO DATE  679                       719    -40      516
  SINCE MAR 1    679                       719    -40      516
  SINCE JUL 1   4082                      5040   -958     4258

 COOLING
  YESTERDAY        0                         0      0        0
  MONTH TO DATE    0                         0      0        0
  SINCE MAR 1      0                         0      0        0
  SINCE JAN 1      0                         0      0        0
..................................................................


WIND (MPH)
  HIGHEST WIND SPEED    14   HIGHEST WIND DIRECTION    NW (310)
  HIGHEST GUST SPEED    22   HIGHEST GUST DIRECTION     W (270)
  AVERAGE WIND SPEED     4.2


SKY COVER
  POSSIBLE SUNSHINE  MM
  AVERAGE SKY COVER 1.0


WEATHER CONDITIONS
 THE FOLLOWING WEATHER WAS RECORDED YESTERDAY.
  RAIN
  LIGHT RAIN
  FOG
  HAZE


RELATIVE HUMIDITY (PERCENT)
 HIGHEST    93           100 AM
 LOWEST     69           200 PM
 AVERAGE    81

..........................................................


THE ELKINS WV CLIMATE NORMALS FOR TODAY
                         NORMAL    RECORD    YEAR
 MAXIMUM TEMPERATURE (F)   57        83      1907
 MINIMUM TEMPERATURE (F)   32         7      2015


SUNRISE AND SUNSET
MARCH 29 2017.........SUNRISE   708 AM EDT   SUNSET   740 PM EDT
MARCH 30 2017.........SUNRISE   707 AM EDT   SUNSET   741 PM EDT


-  INDICATES NEGATIVE NUMBERS.
R  INDICATES RECORD WAS SET OR TIED.
MM INDICATES DATA IS MISSING.
T  INDICATES TRACE AMOUNT.




$$
