000
CDUS41 KRLX 300912
CLIEKN


CLIMATE REPORT
NATIONAL WEATHER SERVICE CHARLESTON WV
319 AM EST FRI JAN 30 2015


...................................

...THE ELKINS WV CLIMATE SUMMARY FOR JANUARY 29 2015...

CLIMATE NORMAL PERIOD 1981 TO 2010
CLIMATE RECORD PERIOD 1899 TO 2015


WEATHER ITEM   OBSERVED TIME   RECORD YEAR NORMAL DEPARTURE LAST
                VALUE   (LST)  VALUE       VALUE  FROM      YEAR
                                                  NORMAL
..................................................................
TEMPERATURE (F)
 YESTERDAY
  MAXIMUM         43    805 PM  78    1914  40      3       15
  MINIMUM         13   1224 AM -20    1963  20     -7      -12
  AVERAGE         28                        30     -2        2

PRECIPITATION (IN)
  YESTERDAY        0.13          1.73 1911   0.10   0.03     0.00
  MONTH TO DATE    2.88                      3.02  -0.14     2.15
  SINCE JAN 1      2.88                      3.02  -0.14     2.15

SNOWFALL (IN)
  YESTERDAY       MM
  MONTH TO DATE   14.4
  SINCE SEP 1     23.5
  SNOW DEPTH      MM

DEGREE DAYS
 HEATING
  YESTERDAY       37                        35      2       63
  MONTH TO DATE 1061                      1041     20     1211
  SINCE DEC 1   1933                      2048   -115     2126
  SINCE JUL 1   3289                      3332    -43     3421

 COOLING
  YESTERDAY        0                         0      0        0
  MONTH TO DATE    0                         0      0        0
  SINCE DEC 1      0                         0      0        0
  SINCE JAN 1      0                         0      0        0
..................................................................


WIND (MPH)
  HIGHEST WIND SPEED    23   HIGHEST WIND DIRECTION    NW (310)
  HIGHEST GUST SPEED    29   HIGHEST GUST DIRECTION    NW (310)
  AVERAGE WIND SPEED     5.5


SKY COVER
  POSSIBLE SUNSHINE  MM
  AVERAGE SKY COVER 0.6


WEATHER CONDITIONS
 THE FOLLOWING WEATHER WAS RECORDED YESTERDAY.
  LIGHT RAIN
  LIGHT SNOW
  FOG


RELATIVE HUMIDITY (PERCENT)
 HIGHEST   100           700 AM
 LOWEST     44          1200 PM
 AVERAGE    72

..........................................................


THE ELKINS WV CLIMATE NORMALS FOR TODAY
                         NORMAL    RECORD    YEAR
 MAXIMUM TEMPERATURE (F)   40        71      1916
 MINIMUM TEMPERATURE (F)   20       -11      2014


SUNRISE AND SUNSET
JANUARY 30 2015.......SUNRISE   727 AM EST   SUNSET   538 PM EST
JANUARY 31 2015.......SUNRISE   727 AM EST   SUNSET   539 PM EST


-  INDICATES NEGATIVE NUMBERS.
R  INDICATES RECORD WAS SET OR TIED.
MM INDICATES DATA IS MISSING.
T  INDICATES TRACE AMOUNT.




$$
