000
CDUS41 KRLX 240840
CLIEKN


CLIMATE REPORT
NATIONAL WEATHER SERVICE CHARLESTON WV
338 AM EST TUE JAN 24 2017


...................................

...THE ELKINS WV CLIMATE SUMMARY FOR JANUARY 23 2017...

CLIMATE NORMAL PERIOD 1981 TO 2010
CLIMATE RECORD PERIOD 1899 TO 2017


WEATHER ITEM   OBSERVED TIME   RECORD YEAR NORMAL DEPARTURE LAST
                VALUE   (LST)  VALUE       VALUE  FROM      YEAR
                                                  NORMAL
..................................................................
TEMPERATURE (F)
 YESTERDAY
  MAXIMUM         51    328 AM  67    1999  39     12       20
  MINIMUM         33   1159 PM -18    1978  20     13       15
  AVERAGE         42                        29     13       18

PRECIPITATION (IN)
  YESTERDAY        0.24          0.76 1932   0.11   0.13     0.46
  MONTH TO DATE    4.50                      2.40   2.10     2.25
  SINCE JAN 1      4.50                      2.40   2.10     2.25

SNOWFALL (IN)
  YESTERDAY        T
  MONTH TO DATE    4.7
  SINCE SEP 1     14.9
  SNOW DEPTH       0

DEGREE DAYS
 HEATING
  YESTERDAY       23                        36    -13       47
  MONTH TO DATE  606                       828   -222      937
  SINCE DEC 1   1524                      1835   -311     1522
  SINCE JUL 1   2469                      3119   -650     2525

 COOLING
  YESTERDAY        0                         0      0        0
  MONTH TO DATE    0                         0      0        0
  SINCE DEC 1      0                         0      0        0
  SINCE JAN 1      0                         0      0        0
..................................................................


WIND (MPH)
  HIGHEST WIND SPEED    16   HIGHEST WIND DIRECTION    SE (130)
  HIGHEST GUST SPEED    26   HIGHEST GUST DIRECTION    SE (150)
  AVERAGE WIND SPEED     3.5


SKY COVER
  POSSIBLE SUNSHINE  MM
  AVERAGE SKY COVER 1.0


WEATHER CONDITIONS
 THE FOLLOWING WEATHER WAS RECORDED YESTERDAY.
  HEAVY RAIN
  LIGHT RAIN
  LIGHT SNOW
  FOG


RELATIVE HUMIDITY (PERCENT)
 HIGHEST    89          1000 PM
 LOWEST     65           800 AM
 AVERAGE    77

..........................................................


THE ELKINS WV CLIMATE NORMALS FOR TODAY
                         NORMAL    RECORD    YEAR
 MAXIMUM TEMPERATURE (F)   39        70      1950
 MINIMUM TEMPERATURE (F)   20       -16      1963


SUNRISE AND SUNSET
JANUARY 24 2017.......SUNRISE   732 AM EST   SUNSET   532 PM EST
JANUARY 25 2017.......SUNRISE   731 AM EST   SUNSET   533 PM EST


-  INDICATES NEGATIVE NUMBERS.
R  INDICATES RECORD WAS SET OR TIED.
MM INDICATES DATA IS MISSING.
T  INDICATES TRACE AMOUNT.




$$
