000
CDUS45 KLKN 180031
CLIEKO


CLIMATE REPORT
NATIONAL WEATHER SERVICE ELKO NV
531 PM PDT THU APR 17 2014


...................................

...THE ELKO AIRPORT NV CLIMATE SUMMARY FOR APRIL 17 2014...
VALID TODAY AS OF 0500 PM LOCAL TIME.

CLIMATE NORMAL PERIOD 1981 TO 2010
CLIMATE RECORD PERIOD 1888 TO 2014


WEATHER ITEM   OBSERVED TIME   RECORD YEAR NORMAL DEPARTURE LAST
                VALUE   (LST)  VALUE       VALUE  FROM      YEAR
                                                  NORMAL
..................................................................
TEMPERATURE (F)
 TODAY
  MAXIMUM         75    359 PM  81    1936  60     15       46
  MINIMUM         30    313 AM  10    1914  31     -1       20
  AVERAGE         53                        45      8       33

PRECIPITATION (IN)
  TODAY            0.00          0.54 1966   0.03  -0.03     0.00
  MONTH TO DATE    0.30                      0.54  -0.24     0.45
  SINCE OCT 1      5.54                      6.56  -1.02     5.00
  SINCE JAN 1      3.93                      3.50   0.43     2.17

SNOWFALL (IN)
  TODAY            0.0           3.1  2004   0.1   -0.1      0.0
  MONTH TO DATE    2.6                       2.3    0.3      1.3
  SINCE MAR 1      7.9                       7.4    0.5      3.9
  SINCE JUL 1     20.2                      39.9  -19.7     42.2
  SNOW DEPTH       0

DEGREE DAYS
 HEATING
  TODAY           12                        20     -8       32
  MONTH TO DATE  334                       363    -29      369
  SINCE MAR 1   1092                      1172    -80     1097
  SINCE JUL 1   5823                      6340   -517     6158

 COOLING
  TODAY            0                         0      0        0
  MONTH TO DATE    0                         0      0        0
  SINCE MAR 1      0                         0      0        0
  SINCE JAN 1      0                         0      0        0
..................................................................


WIND (MPH)
  HIGHEST WIND SPEED    17   HIGHEST WIND DIRECTION     S (170)
  HIGHEST GUST SPEED    22   HIGHEST GUST DIRECTION     S (190)



WEATHER CONDITIONS
 THE FOLLOWING WEATHER WAS RECORDED TODAY.
  NO SIGNIFICANT WEATHER WAS OBSERVED.


RELATIVE HUMIDITY (PERCENT)
 HIGHEST    70           200 AM
 LOWEST     16           300 PM
 AVERAGE    43

..........................................................


THE ELKO AIRPORT NV CLIMATE NORMALS FOR TOMORROW
                         NORMAL    RECORD    YEAR
 MAXIMUM TEMPERATURE (F)   60        81      1962
 MINIMUM TEMPERATURE (F)   31        15      2013
                                             1970


SUNRISE AND SUNSET
APRIL 17 2014.........SUNRISE   601 AM PDT   SUNSET   725 PM PDT
APRIL 18 2014.........SUNRISE   600 AM PDT   SUNSET   726 PM PDT


-  INDICATES NEGATIVE NUMBERS.
R  INDICATES RECORD WAS SET OR TIED.
MM INDICATES DATA IS MISSING.
T  INDICATES TRACE AMOUNT.




$$
