000
CDUS45 KLKN 220932
CLIEKO


CLIMATE REPORT
NATIONAL WEATHER SERVICE ELKO NV
229 AM PDT SAT JUL 22 2017


...................................

...THE ELKO AIRPORT NV CLIMATE SUMMARY FOR JULY 21 2017...

CLIMATE NORMAL PERIOD 1981 TO 2010
CLIMATE RECORD PERIOD 1888 TO 2017


WEATHER ITEM   OBSERVED TIME   RECORD YEAR NORMAL DEPARTURE LAST
                VALUE   (LST)  VALUE       VALUE  FROM      YEAR
                                                  NORMAL
..................................................................
TEMPERATURE (F)
 YESTERDAY
  MAXIMUM         96    334 PM 103    1931  92      4       99
  MINIMUM         48    504 AM  35    1897  51     -3       49
  AVERAGE         72                        71      1       74

PRECIPITATION (IN)
  YESTERDAY        0.00          0.40 1913   0.01  -0.01     0.00
  MONTH TO DATE    T                         0.24  -0.24     0.01
  SINCE OCT 1     13.46                      8.84   4.62    12.15
  SINCE JAN 1      7.83                      5.78   2.05     7.61

SNOWFALL (IN)
  YESTERDAY        0.0           0.0  1888   0.0    0.0      0.0
  MONTH TO DATE    0.0                       0.0    0.0      0.0
  SINCE JUN 1      T                         0.0    0.0       T
  SINCE JUL 1      0.0                       0.0    0.0      0.0
  SNOW DEPTH       0

DEGREE DAYS
 HEATING
  YESTERDAY        0                         0      0        0
  MONTH TO DATE    0                        17    -17        9
  SINCE JUN 1     62                       148    -86       39
  SINCE JUL 1      0                        17    -17        9

 COOLING
  YESTERDAY        7                         7      0        9
  MONTH TO DATE  232                       115    117      128
  SINCE JUN 1    345                       162    183      259
  SINCE JAN 1    349                       166    183      259
..................................................................


WIND (MPH)
  HIGHEST WIND SPEED    20   HIGHEST WIND DIRECTION     W (270)
  HIGHEST GUST SPEED    24   HIGHEST GUST DIRECTION     W (280)
  AVERAGE WIND SPEED     5.0



WEATHER CONDITIONS
 THE FOLLOWING WEATHER WAS RECORDED YESTERDAY.
  NO SIGNIFICANT WEATHER WAS OBSERVED.


RELATIVE HUMIDITY (PERCENT)
 HIGHEST    38           300 AM
 LOWEST      4          1200 PM
 AVERAGE    21

..........................................................


THE ELKO AIRPORT NV CLIMATE NORMALS FOR TODAY
                         NORMAL    RECORD    YEAR
 MAXIMUM TEMPERATURE (F)   92       103      2003
 MINIMUM TEMPERATURE (F)   51        35      1987
                                             1954


SUNRISE AND SUNSET
JULY 22 2017..........SUNRISE   531 AM PDT   SUNSET   808 PM PDT
JULY 23 2017..........SUNRISE   532 AM PDT   SUNSET   807 PM PDT


-  INDICATES NEGATIVE NUMBERS.
R  INDICATES RECORD WAS SET OR TIED.
MM INDICATES DATA IS MISSING.
T  INDICATES TRACE AMOUNT.




$$
