000
CDUS45 KLKN 010927
CLIEKO


CLIMATE REPORT
NATIONAL WEATHER SERVICE ELKO NV
226 AM PDT SAT AUG 1 2015


...................................

...THE ELKO AIRPORT NV CLIMATE SUMMARY FOR JULY 31 2015...

CLIMATE NORMAL PERIOD 1981 TO 2010
CLIMATE RECORD PERIOD 1888 TO 2015


WEATHER ITEM   OBSERVED TIME   RECORD YEAR NORMAL DEPARTURE LAST
                VALUE   (LST)  VALUE       VALUE  FROM      YEAR
                                                  NORMAL
..................................................................
TEMPERATURE (F)
 YESTERDAY
  MAXIMUM         97    303 PM 103    1978  92      5       89
  MINIMUM         52    514 AM  30    1995  51      1       57
  AVERAGE         75                        71      4       73

PRECIPITATION (IN)
  YESTERDAY        0.00          0.56 1984   0.01  -0.01     0.01
  MONTH TO DATE    0.79                      0.37   0.42     0.55
  SINCE OCT 1      8.37                      8.97  -0.60     8.01
  SINCE JAN 1      6.13                      5.91   0.22     6.40

SNOWFALL (IN)
  YESTERDAY        0.0           0.0  1888   0.0    0.0      0.0
  MONTH TO DATE    0.0                       0.0    0.0      0.0
  SINCE JUN 1      0.0                       0.0    0.0      0.0
  SINCE JUL 1      0.0                       0.0    0.0      0.0
  SNOW DEPTH       0

DEGREE DAYS
 HEATING
  YESTERDAY        0                         0      0        0
  MONTH TO DATE    9                        17     -8        0
  SINCE JUN 1     33                       150   -117       92
  SINCE JUL 1      9                        19    -10        0

 COOLING
  YESTERDAY       10                         6      4        8
  MONTH TO DATE  188                       180      8      344
  SINCE JUN 1    366                       227    139      373
  SINCE JAN 1    373                       231    142      376
..................................................................


WIND (MPH)
  HIGHEST WIND SPEED    16   HIGHEST WIND DIRECTION    NE (30)
  HIGHEST GUST SPEED    21   HIGHEST GUST DIRECTION     N (20)
  AVERAGE WIND SPEED     5.0



WEATHER CONDITIONS
 THE FOLLOWING WEATHER WAS RECORDED YESTERDAY.
  NO SIGNIFICANT WEATHER WAS OBSERVED.


RELATIVE HUMIDITY (PERCENT)
 HIGHEST    43           100 AM
 LOWEST      5           300 PM
 AVERAGE    24

..........................................................


THE ELKO AIRPORT NV CLIMATE NORMALS FOR TODAY
                         NORMAL    RECORD    YEAR
 MAXIMUM TEMPERATURE (F)   91       105      1892
 MINIMUM TEMPERATURE (F)   50        34      1932


SUNRISE AND SUNSET
AUGUST  1 2015........SUNRISE   539 AM PDT   SUNSET   759 PM PDT
AUGUST  2 2015........SUNRISE   540 AM PDT   SUNSET   758 PM PDT


-  INDICATES NEGATIVE NUMBERS.
R  INDICATES RECORD WAS SET OR TIED.
MM INDICATES DATA IS MISSING.
T  INDICATES TRACE AMOUNT.




$$
