000
CDUS45 KLKN 190931
CLIEKO


CLIMATE REPORT
NATIONAL WEATHER SERVICE ELKO NV
228 AM PDT FRI SEP 19 2014


...................................

...THE ELKO AIRPORT NV CLIMATE SUMMARY FOR SEPTEMBER 18 2014...

CLIMATE NORMAL PERIOD 1981 TO 2010
CLIMATE RECORD PERIOD 1888 TO 2014


WEATHER ITEM   OBSERVED TIME   RECORD YEAR NORMAL DEPARTURE LAST
                VALUE   (LST)  VALUE       VALUE  FROM      YEAR
                                                  NORMAL
..................................................................
TEMPERATURE (F)
 YESTERDAY
  MAXIMUM         85   1001 AM  94    1979  78      7       67
  MINIMUM         56   1125 PM  12    1965  38     18       38
  AVERAGE         71                        58     13       53

PRECIPITATION (IN)
  YESTERDAY        0.04          0.37 1948   0.03   0.01     0.00
  MONTH TO DATE    0.05                      0.31  -0.26     1.10
  SINCE OCT 1      9.33                      9.65  -0.32     7.59
  SINCE JAN 1      7.72                      6.59   1.13     4.76

SNOWFALL (IN)
  YESTERDAY        0.0           T    1978   0.0    0.0      0.0
                                      1947
  MONTH TO DATE    0.0                       0.0    0.0      0.0
  SINCE SEP 1      0.0                       0.0    0.0      0.0
  SINCE JUL 1      0.0                       0.0    0.0      0.0
  SNOW DEPTH       0

DEGREE DAYS
 HEATING
  YESTERDAY        0                         7     -7       12
  MONTH TO DATE   30                        88    -58       18
  SINCE SEP 1     30                        88    -58       18
  SINCE JUL 1     50                       139    -89       18

 COOLING
  YESTERDAY        6                         0      6        0
  MONTH TO DATE   28                        20      8       66
  SINCE SEP 1     28                        20      8       66
  SINCE JAN 1    532                       382    150      776
..................................................................


WIND (MPH)
  HIGHEST WIND SPEED    20   HIGHEST WIND DIRECTION     S (170)
  HIGHEST GUST SPEED    33   HIGHEST GUST DIRECTION     S (170)
  AVERAGE WIND SPEED     6.4



WEATHER CONDITIONS
 THE FOLLOWING WEATHER WAS RECORDED YESTERDAY.
  THUNDERSTORM
  LIGHT RAIN


RELATIVE HUMIDITY (PERCENT)
 HIGHEST    80          1100 PM
 LOWEST     27          1000 AM
 AVERAGE    54

..........................................................


THE ELKO AIRPORT NV CLIMATE NORMALS FOR TODAY
                         NORMAL    RECORD    YEAR
 MAXIMUM TEMPERATURE (F)   77        92      1939
 MINIMUM TEMPERATURE (F)   38        15      1965


SUNRISE AND SUNSET
SEPTEMBER 19 2014.....SUNRISE   628 AM PDT   SUNSET   645 PM PDT
SEPTEMBER 20 2014.....SUNRISE   629 AM PDT   SUNSET   644 PM PDT


-  INDICATES NEGATIVE NUMBERS.
R  INDICATES RECORD WAS SET OR TIED.
MM INDICATES DATA IS MISSING.
T  INDICATES TRACE AMOUNT.




$$
