000
CDUS45 KLKN 250945
CLIEKO


CLIMATE REPORT
NATIONAL WEATHER SERVICE ELKO NV
245 AM PDT MON SEP 5  2017


...................................

...THE ELKO AIRPORT NV CLIMATE SUMMARY FOR SEPTEMBER 24 2017...

CLIMATE NORMAL PERIOD 1981 TO 2010
CLIMATE RECORD PERIOD 1888 TO 2017


WEATHER ITEM   OBSERVED TIME   RECORD YEAR NORMAL DEPARTURE LAST
                VALUE   (LST)  VALUE       VALUE  FROM      YEAR
                                                  NORMAL
..................................................................
TEMPERATURE (F)
 YESTERDAY
  MAXIMUM         57        MM  90    2015  75    -18       69
  MINIMUM         28        MM   9    1891  36     -8       41
  AVERAGE         43                        55    -12       55

PRECIPITATION (IN)
  YESTERDAY        0.00          0.54 1904   0.02  -0.02     0.00
  MONTH TO DATE    1.93                      0.44   1.49     1.08
  SINCE OCT 1     15.56                      9.78   5.78    13.26
  SINCE JAN 1      9.93                      6.72   3.21     8.72

SNOWFALL (IN)
  YESTERDAY        0.0           0.2  1948   0.1   -0.1      0.0
  MONTH TO DATE    0.0                       0.1   -0.1      0.0
  SINCE SEP 1      0.0                       0.1   -0.1      0.0
  SINCE JUL 1      0.0                       0.1   -0.1      0.0
  SNOW DEPTH       0

DEGREE DAYS
 HEATING
  YESTERDAY       22                        10     12       10
  MONTH TO DATE  169                       141     28      145
  SINCE SEP 1    169                       141     28      145
  SINCE JUL 1    173                       192    -19      158

 COOLING
  YESTERDAY        0                         0      0        0
  MONTH TO DATE   89                        20     69       11
  SINCE SEP 1     89                        20     69       11
  SINCE JAN 1    785                       382    403      555
..................................................................


WIND (MPH)
  HIGHEST WIND SPEED    13   HIGHEST WIND DIRECTION     W (280)
  HIGHEST GUST SPEED    20   HIGHEST GUST DIRECTION     W (280)
  AVERAGE WIND SPEED     4.8



WEATHER CONDITIONS
 THE FOLLOWING WEATHER WAS RECORDED YESTERDAY.
  NO SIGNIFICANT WEATHER WAS OBSERVED.


RELATIVE HUMIDITY (PERCENT)
 HIGHEST    85           200 AM
 LOWEST     32           400 PM
 AVERAGE    59

..........................................................


THE ELKO AIRPORT NV CLIMATE NORMALS FOR TODAY
                         NORMAL    RECORD    YEAR
 MAXIMUM TEMPERATURE (F)   75        92      2015
 MINIMUM TEMPERATURE (F)   36        12      1891


SUNRISE AND SUNSET
SEPTEMBER 25 2017.....SUNRISE   634 AM PDT   SUNSET   635 PM PDT
SEPTEMBER 26 2017.....SUNRISE   635 AM PDT   SUNSET   633 PM PDT


-  INDICATES NEGATIVE NUMBERS.
R  INDICATES RECORD WAS SET OR TIED.
MM INDICATES DATA IS MISSING.
T  INDICATES TRACE AMOUNT.




$$
