000
CDUS45 KLKN 010031
CLIEKO


CLIMATE REPORT
NATIONAL WEATHER SERVICE ELKO NV
527 PM PDT TUE JUN 30 2015


...................................

...THE ELKO AIRPORT NV CLIMATE SUMMARY FOR JUNE 30 2015...
VALID TODAY AS OF 0500 PM LOCAL TIME.

CLIMATE NORMAL PERIOD 1981 TO 2010
CLIMATE RECORD PERIOD 1888 TO 2015


WEATHER ITEM   OBSERVED TIME   RECORD YEAR NORMAL DEPARTURE LAST
                VALUE   (LST)  VALUE       VALUE  FROM      YEAR
                                                  NORMAL
..................................................................
TEMPERATURE (F)
 TODAY
  MAXIMUM        100    134 PM 104    2013  86     14       90
  MINIMUM         61    440 AM  30    1888  48     13       47
  AVERAGE         81                        67     14       69

PRECIPITATION (IN)
  TODAY            0.08          0.42 1940   0.01   0.07     0.00
  MONTH TO DATE    0.47                      0.65  -0.18     0.14
  SINCE OCT 1      7.58                      8.60  -1.02     7.46
  SINCE JAN 1      5.34                      5.54  -0.20     5.85

SNOWFALL (IN)
  TODAY            0.0           0.0  1888   0.0    0.0      0.0
  MONTH TO DATE    0.0                       0.0    0.0      0.0
  SINCE JUN 1      0.0                       0.0    0.0      0.0
  SINCE JUL 1     14.3                      41.3  -27.0     20.5
  SNOW DEPTH       0

DEGREE DAYS
 HEATING
  TODAY            0                         2     -2        0
  MONTH TO DATE   24                       132   -108       92
  SINCE JUN 1     24                       131   -107       92
  SINCE JUL 1   5549                      7066  -1517     6474

 COOLING
  TODAY           16                         4     12        4
  MONTH TO DATE  178                        47    131       29
  SINCE JUN 1    178                        47    131       29
  SINCE JAN 1    185                        51    134       32
..................................................................


WIND (MPH)
  HIGHEST WIND SPEED    23   HIGHEST WIND DIRECTION    SW (230)
  HIGHEST GUST SPEED    30   HIGHEST GUST DIRECTION    SW (220)



WEATHER CONDITIONS
 THE FOLLOWING WEATHER WAS RECORDED TODAY.
  THUNDERSTORM
  RAIN


RELATIVE HUMIDITY (PERCENT)
 HIGHEST    63           300 AM
 LOWEST     14           300 PM
 AVERAGE    39

..........................................................


THE ELKO AIRPORT NV CLIMATE NORMALS FOR TOMORROW
                         NORMAL    RECORD    YEAR
 MAXIMUM TEMPERATURE (F)   87       104      2013
 MINIMUM TEMPERATURE (F)   48        33      1911


SUNRISE AND SUNSET
JUNE 30 2015..........SUNRISE   515 AM PDT   SUNSET   819 PM PDT
JULY  1 2015..........SUNRISE   515 AM PDT   SUNSET   819 PM PDT


-  INDICATES NEGATIVE NUMBERS.
R  INDICATES RECORD WAS SET OR TIED.
MM INDICATES DATA IS MISSING.
T  INDICATES TRACE AMOUNT.




$$
