000
CDUS45 KLKN 260931
CLIEKO


CLIMATE REPORT
NATIONAL WEATHER SERVICE ELKO NV
230 AM PDT FRI MAY 26 2017


...................................

...THE ELKO AIRPORT NV CLIMATE SUMMARY FOR MAY 25 2017...

CLIMATE NORMAL PERIOD 1981 TO 2010
CLIMATE RECORD PERIOD 1888 TO 2017


WEATHER ITEM   OBSERVED TIME   RECORD YEAR NORMAL DEPARTURE LAST
                VALUE   (LST)  VALUE       VALUE  FROM      YEAR
                                                  NORMAL
..................................................................
TEMPERATURE (F)
 YESTERDAY
  MAXIMUM         71    438 PM  91    2001  72     -1       61
  MINIMUM         47    101 AM  21    1888  40      7       40
  AVERAGE         59                        56      3       51

PRECIPITATION (IN)
  YESTERDAY        T             0.25 1937   0.03  -0.03     0.15
                                      1906
  MONTH TO DATE    0.57                      0.78  -0.21     1.40
  SINCE OCT 1     12.85                      7.77   5.08    11.22
  SINCE JAN 1      7.22                      4.71   2.51     6.68

SNOWFALL (IN)
  YESTERDAY       MM             T    1997   0.0   MM        0.0
                                      1980
                                      1978
  MONTH TO DATE    T                         0.5   -0.5       T
  SINCE MAR 1      1.9                       8.8   -6.9      7.5
  SINCE JUL 1     53.3                      41.3   12.0     63.8
  SNOW DEPTH       0

DEGREE DAYS
 HEATING
  YESTERDAY        6                         9     -3       14
  MONTH TO DATE  246                       313    -67      273
  SINCE MAR 1   1469                      1716   -247     1419
  SINCE JUL 1   6205                      6884   -679     6444

 COOLING
  YESTERDAY        0                         0      0        0
  MONTH TO DATE    0                         0      0        0
  SINCE MAR 1      0                         0      0        0
  SINCE JAN 1      0                         0      0        0
..................................................................


WIND (MPH)
  HIGHEST WIND SPEED    22   HIGHEST WIND DIRECTION     W (270)
  HIGHEST GUST SPEED    30   HIGHEST GUST DIRECTION     W (260)
  AVERAGE WIND SPEED    10.3



WEATHER CONDITIONS
 THE FOLLOWING WEATHER WAS RECORDED YESTERDAY.
  NO SIGNIFICANT WEATHER WAS OBSERVED.


RELATIVE HUMIDITY (PERCENT)
 HIGHEST    80           100 AM
 LOWEST     15           200 PM
 AVERAGE    48

..........................................................


THE ELKO AIRPORT NV CLIMATE NORMALS FOR TODAY
                         NORMAL    RECORD    YEAR
 MAXIMUM TEMPERATURE (F)   72        94      1919
 MINIMUM TEMPERATURE (F)   40        20      1895


SUNRISE AND SUNSET
MAY 26 2017...........SUNRISE   517 AM PDT   SUNSET   804 PM PDT
MAY 27 2017...........SUNRISE   516 AM PDT   SUNSET   805 PM PDT


-  INDICATES NEGATIVE NUMBERS.
R  INDICATES RECORD WAS SET OR TIED.
MM INDICATES DATA IS MISSING.
T  INDICATES TRACE AMOUNT.




$$
