000
CDUS45 KLKN 050935
CLIEKO


CLIMATE REPORT
NATIONAL WEATHER SERVICE ELKO NV
228 AM PDT SAT SEP 5 2015


...................................

...THE ELKO AIRPORT NV CLIMATE SUMMARY FOR SEPTEMBER 4 2015...

CLIMATE NORMAL PERIOD 1981 TO 2010
CLIMATE RECORD PERIOD 1888 TO 2015


WEATHER ITEM   OBSERVED TIME   RECORD YEAR NORMAL DEPARTURE LAST
                VALUE   (LST)  VALUE       VALUE  FROM      YEAR
                                                  NORMAL
..................................................................
TEMPERATURE (F)
 YESTERDAY
  MAXIMUM         79    330 PM  97    1955  83     -4       76
                                      1924
  MINIMUM         43    431 AM  24    1999  43      0       39
  AVERAGE         61                        63     -2       58

PRECIPITATION (IN)
  YESTERDAY        0.00          0.31 1930   0.02  -0.02     0.00
  MONTH TO DATE    0.00                      0.06  -0.06     0.00
  SINCE OCT 1      9.00                      9.40  -0.40     9.28
  SINCE JAN 1      6.76                      6.34   0.42     7.67

SNOWFALL (IN)
  YESTERDAY        0.0           T    1912   0.0    0.0      0.0
  MONTH TO DATE    0.0                       0.0    0.0      0.0
  SINCE SEP 1      0.0                       0.0    0.0      0.0
  SINCE JUL 1      0.0                       0.0    0.0      0.0
  SNOW DEPTH       0

DEGREE DAYS
 HEATING
  YESTERDAY        4                         3      1        7
  MONTH TO DATE    4                        12     -8       11
  SINCE SEP 1      4                        12     -8       11
  SINCE JUL 1     15                        63    -48       31

 COOLING
  YESTERDAY        0                         2     -2        0
  MONTH TO DATE    8                         8      0        4
  SINCE SEP 1      8                         8      0        4
  SINCE JAN 1    593                       370    223      508
..................................................................


WIND (MPH)
  HIGHEST WIND SPEED    25   HIGHEST WIND DIRECTION     W (280)
  HIGHEST GUST SPEED    32   HIGHEST GUST DIRECTION     W (280)
  AVERAGE WIND SPEED     7.3



WEATHER CONDITIONS
 THE FOLLOWING WEATHER WAS RECORDED YESTERDAY.
  NO SIGNIFICANT WEATHER WAS OBSERVED.


RELATIVE HUMIDITY (PERCENT)
 HIGHEST    62           500 AM
 LOWEST     14           500 PM
 AVERAGE    38

..........................................................


THE ELKO AIRPORT NV CLIMATE NORMALS FOR TODAY
                         NORMAL    RECORD    YEAR
 MAXIMUM TEMPERATURE (F)   83        97      1955
 MINIMUM TEMPERATURE (F)   43        24      1889


SUNRISE AND SUNSET
SEPTEMBER  5 2015.....SUNRISE   614 AM PDT   SUNSET   709 PM PDT
SEPTEMBER  6 2015.....SUNRISE   615 AM PDT   SUNSET   708 PM PDT


-  INDICATES NEGATIVE NUMBERS.
R  INDICATES RECORD WAS SET OR TIED.
MM INDICATES DATA IS MISSING.
T  INDICATES TRACE AMOUNT.




$$
