000
CDUS45 KLKN 170939
CLIEKO


CLIMATE REPORT
NATIONAL WEATHER SERVICE ELKO NV
138 AM PST SUN DEC 17 2017


...................................

...THE ELKO AIRPORT NV CLIMATE SUMMARY FOR DECEMBER 16 2017...

CLIMATE NORMAL PERIOD 1981 TO 2010
CLIMATE RECORD PERIOD 1888 TO 2017


WEATHER ITEM   OBSERVED TIME   RECORD YEAR NORMAL DEPARTURE LAST
                VALUE   (LST)  VALUE       VALUE  FROM      YEAR
                                                  NORMAL
..................................................................
TEMPERATURE (F)
 YESTERDAY
  MAXIMUM         36    358 AM  62    1939  37     -1       43
  MINIMUM         18   1159 PM -21    1931  14      4       17
  AVERAGE         27                        26      1       30

PRECIPITATION (IN)
  YESTERDAY        0.01          0.75 1936   0.04  -0.03     0.31
  MONTH TO DATE    0.14                      0.59  -0.45     2.40
  SINCE OCT 1      1.53                      2.45  -0.92     5.20
  SINCE JAN 1     11.46                      9.30   2.16    13.92

SNOWFALL (IN)
  YESTERDAY        0.1           5.6  1970   0.3   -0.2       T
  MONTH TO DATE    2.1                       4.7   -2.6      6.5
  SINCE DEC 1      2.1                       4.7   -2.6      6.5
  SINCE JUL 1      2.8                      10.4   -7.6     12.0
  SNOW DEPTH       T

DEGREE DAYS
 HEATING
  YESTERDAY       38                        39     -1       35
  MONTH TO DATE  637                       609     28      566
  SINCE DEC 1    637                       609     28      566
  SINCE JUL 1   2225                      2347   -122     1911

 COOLING
  YESTERDAY        0                         0      0        0
  MONTH TO DATE    0                         0      0        0
  SINCE DEC 1      0                         0      0        0
  SINCE JAN 1    785                       383    402      560
..................................................................


WIND (MPH)
  HIGHEST WIND SPEED    17   HIGHEST WIND DIRECTION    NW (330)
  HIGHEST GUST SPEED    21   HIGHEST GUST DIRECTION    NE (30)
  AVERAGE WIND SPEED     5.2



WEATHER CONDITIONS
 THE FOLLOWING WEATHER WAS RECORDED YESTERDAY.
  LIGHT SNOW


RELATIVE HUMIDITY (PERCENT)
 HIGHEST    78          1200 AM
 LOWEST     47           200 PM
 AVERAGE    63

..........................................................


THE ELKO AIRPORT NV CLIMATE NORMALS FOR TODAY
                         NORMAL    RECORD    YEAR
 MAXIMUM TEMPERATURE (F)   37        54      1980
                                             1962
                                             1958
 MINIMUM TEMPERATURE (F)   14       -12      1984


SUNRISE AND SUNSET
DECEMBER 17 2017......SUNRISE   702 AM PST   SUNSET   417 PM PST
DECEMBER 18 2017......SUNRISE   703 AM PST   SUNSET   417 PM PST


-  INDICATES NEGATIVE NUMBERS.
R  INDICATES RECORD WAS SET OR TIED.
MM INDICATES DATA IS MISSING.
T  INDICATES TRACE AMOUNT.




$$
