000
CDUS45 KLKN 070033
CLIEKO


CLIMATE REPORT
NATIONAL WEATHER SERVICE ELKO NV
432 PM PST TUE DEC 6 2016


...................................

...THE ELKO AIRPORT NV CLIMATE SUMMARY FOR DECEMBER 6 2016...
VALID TODAY AS OF 0400 PM LOCAL TIME.

CLIMATE NORMAL PERIOD 1981 TO 2010
CLIMATE RECORD PERIOD 1888 TO 2016


WEATHER ITEM   OBSERVED TIME   RECORD YEAR NORMAL DEPARTURE LAST
                VALUE   (LST)  VALUE       VALUE  FROM      YEAR
                                                  NORMAL
..................................................................
TEMPERATURE (F)
 TODAY
  MAXIMUM         33   1233 PM  63    1981  39     -6       45
  MINIMUM         12    253 AM -20    1891  16     -4       23
  AVERAGE         23                        27     -4       34

PRECIPITATION (IN)
  TODAY            0.00          0.50 1966   0.03  -0.03     0.00
  MONTH TO DATE    T                         0.22  -0.22      T
  SINCE OCT 1      2.80                      2.08   0.72     2.46
  SINCE JAN 1     11.52                      8.93   2.59     9.45

SNOWFALL (IN)
  TODAY            0.0           7.2  1996   0.2   -0.2      0.0
  MONTH TO DATE    T                         1.6   -1.6       T
  SINCE DEC 1      T                         1.6   -1.6       T
  SINCE JUL 1      5.5                       7.3   -1.8     12.2
  SNOW DEPTH       0

DEGREE DAYS
 HEATING
  TODAY           42                        38      4       31
  MONTH TO DATE  229                       222      7      242
  SINCE DEC 1    229                       222      7      242
  SINCE JUL 1   1574                      1960   -386     1723

 COOLING
  TODAY            0                         0      0        0
  MONTH TO DATE    0                         0      0        0
  SINCE DEC 1      0                         0      0        0
  SINCE JAN 1    560                       383    177      624
..................................................................


WIND (MPH)
  HIGHEST WIND SPEED    21   HIGHEST WIND DIRECTION     W (270)
  HIGHEST GUST SPEED    26   HIGHEST GUST DIRECTION     W (280)



WEATHER CONDITIONS
 THE FOLLOWING WEATHER WAS RECORDED TODAY.
  NO SIGNIFICANT WEATHER WAS OBSERVED.


RELATIVE HUMIDITY (PERCENT)
 HIGHEST    84           300 AM
 LOWEST     41          1200 PM
 AVERAGE    63

..........................................................


THE ELKO AIRPORT NV CLIMATE NORMALS FOR TOMORROW
                         NORMAL    RECORD    YEAR
 MAXIMUM TEMPERATURE (F)   38        60      1981
                                             1940
 MINIMUM TEMPERATURE (F)   16       -26      1891


SUNRISE AND SUNSET
DECEMBER  6 2016......SUNRISE   654 AM PST   SUNSET   415 PM PST
DECEMBER  7 2016......SUNRISE   654 AM PST   SUNSET   415 PM PST


-  INDICATES NEGATIVE NUMBERS.
R  INDICATES RECORD WAS SET OR TIED.
MM INDICATES DATA IS MISSING.
T  INDICATES TRACE AMOUNT.




$$
