000
CDUS44 KSHV 190755
CLIELD


CLIMATE REPORT
NATIONAL WEATHER SERVICE SHREVEPORT, LA
255 AM CDT THU OCT 19 2017


...................................

...THE EL DORADO CLIMATE SUMMARY FOR OCTOBER 18 2017...

CLIMATE NORMAL PERIOD 1981 TO 2010
CLIMATE RECORD PERIOD 1907 TO 2017


WEATHER ITEM   OBSERVED TIME   RECORD YEAR NORMAL DEPARTURE LAST
                VALUE   (LST)  VALUE       VALUE  FROM      YEAR
                                                  NORMAL
..................................................................
TEMPERATURE (F)
 YESTERDAY
  MAXIMUM         79    258 PM  93    1932  76      3       86
  MINIMUM         41    623 AM  29    1948  51    -10       69
  AVERAGE         60                        63     -3       78

PRECIPITATION (IN)
  YESTERDAY        0.00          1.82 1937   0.18  -0.18     0.00
  MONTH TO DATE    0.03                      2.93  -2.90     2.09
  SINCE DEC 1     44.93                     45.77  -0.84    60.63
  SINCE JAN 1     38.64                     40.59  -1.95    52.57

SNOWFALL (IN)
  YESTERDAY        0.0
  MONTH TO DATE    0.0
  SINCE SEP 1      0.0
  SINCE JUL 1      0.0
  SNOW DEPTH       0

DEGREE DAYS
 HEATING
  YESTERDAY        5                         4      1        0
  MONTH TO DATE   22                        46    -24        5
  SINCE SEP 1     25                        58    -33        5
  SINCE JUL 1     25                        58    -33        5

 COOLING
  YESTERDAY        0                         2     -2       13
  MONTH TO DATE  126                        61     65       97
  SINCE SEP 1    442                       361     81      481
  SINCE JAN 1   2177                      2088     89     2339
..................................................................


WIND (MPH)
  HIGHEST WIND SPEED    10   HIGHEST WIND DIRECTION     S (160)
  HIGHEST GUST SPEED    13   HIGHEST GUST DIRECTION     S (200)
  AVERAGE WIND SPEED     1.8


SKY COVER
  POSSIBLE SUNSHINE  MM
  AVERAGE SKY COVER 0.0


WEATHER CONDITIONS
 THE FOLLOWING WEATHER WAS RECORDED YESTERDAY.
  NO SIGNIFICANT WEATHER WAS OBSERVED.


RELATIVE HUMIDITY (PERCENT)
 HIGHEST   100          1200 AM
 LOWEST     42           300 PM
 AVERAGE    71

..........................................................


THE EL DORADO CLIMATE NORMALS FOR TODAY
                         NORMAL    RECORD    YEAR
 MAXIMUM TEMPERATURE (F)   75        94      1932
 MINIMUM TEMPERATURE (F)   50        31      1948


SUNRISE AND SUNSET
OCTOBER 19 2017.......SUNRISE   719 AM CDT   SUNSET   633 PM CDT
OCTOBER 20 2017.......SUNRISE   720 AM CDT   SUNSET   632 PM CDT


-  INDICATES NEGATIVE NUMBERS.
R  INDICATES RECORD WAS SET OR TIED.
MM INDICATES DATA IS MISSING.
T  INDICATES TRACE AMOUNT.




$$
