000
CDUS44 KSHV 030732
CLIELD


CLIMATE REPORT
NATIONAL WEATHER SERVICE SHREVEPORT, LA
232 AM CDT TUE MAY 3 2016


...................................

...THE EL DORADO CLIMATE SUMMARY FOR MAY 2 2016...

CLIMATE NORMAL PERIOD 1981 TO 2010
CLIMATE RECORD PERIOD 1907 TO 2016


WEATHER ITEM   OBSERVED TIME   RECORD YEAR NORMAL DEPARTURE LAST
                VALUE   (LST)  VALUE       VALUE  FROM      YEAR
                                                  NORMAL
..................................................................
TEMPERATURE (F)
 YESTERDAY
  MAXIMUM         68   1251 AM  92    1943  79    -11       81
  MINIMUM         55   1109 PM  38    1909  56     -1       48
  AVERAGE         62                        68     -6       65

PRECIPITATION (IN)
  YESTERDAY        0.58          3.03 1973   0.16   0.42     0.00
  MONTH TO DATE    0.58                      0.31   0.27     0.00
  SINCE DEC 1     36.12                     23.42  12.70    19.40
  SINCE JAN 1     28.06                     18.24   9.82    16.07

SNOWFALL (IN)
  YESTERDAY        0.0
  MONTH TO DATE    0.0
  SINCE MAR 1      0.0
  SINCE JUL 1      1.5
  SNOW DEPTH       0

DEGREE DAYS
 HEATING
  YESTERDAY        3                         1      2        0
  MONTH TO DATE    3                         3      0        0
  SINCE MAR 1    274                       429   -155      427
  SINCE JUL 1   2013                      2657   -644     2913

 COOLING
  YESTERDAY        0                         4     -4        0
  MONTH TO DATE   11                         8      3        0
  SINCE MAR 1    105                       101      4      101
  SINCE JAN 1    111                       107      4      101
..................................................................


WIND (MPH)
  HIGHEST WIND SPEED    18   HIGHEST WIND DIRECTION    SW (240)
  HIGHEST GUST SPEED    25   HIGHEST GUST DIRECTION    SW (230)
  AVERAGE WIND SPEED     6.1


SKY COVER
  POSSIBLE SUNSHINE  MM
  AVERAGE SKY COVER 0.6


WEATHER CONDITIONS
 THE FOLLOWING WEATHER WAS RECORDED YESTERDAY.
  THUNDERSTORM
  HEAVY RAIN
  RAIN
  LIGHT RAIN
  FOG


RELATIVE HUMIDITY (PERCENT)
 HIGHEST   100          1100 AM
 LOWEST     78           300 PM
 AVERAGE    89

..........................................................


THE EL DORADO CLIMATE NORMALS FOR TODAY
                         NORMAL    RECORD    YEAR
 MAXIMUM TEMPERATURE (F)   79        93      1952
 MINIMUM TEMPERATURE (F)   56        37      1960


SUNRISE AND SUNSET
MAY  3 2016...........SUNRISE   621 AM CDT   SUNSET   756 PM CDT
MAY  4 2016...........SUNRISE   620 AM CDT   SUNSET   756 PM CDT


-  INDICATES NEGATIVE NUMBERS.
R  INDICATES RECORD WAS SET OR TIED.
MM INDICATES DATA IS MISSING.
T  INDICATES TRACE AMOUNT.




$$
