000
CDUS44 KSHV 220838
CLIELD


CLIMATE REPORT
NATIONAL WEATHER SERVICE SHREVEPORT, LA
238 AM CST MON DEC 22 2014


...................................

...THE EL DORADO CLIMATE SUMMARY FOR DECEMBER 21 2014...

CLIMATE NORMAL PERIOD 1981 TO 2010
CLIMATE RECORD PERIOD 1907 TO 2014


WEATHER ITEM   OBSERVED TIME   RECORD YEAR NORMAL DEPARTURE LAST
                VALUE   (LST)  VALUE       VALUE  FROM      YEAR
                                                  NORMAL
..................................................................
TEMPERATURE (F)
 YESTERDAY
  MAXIMUM         58    339 PM  78    2010  55      3       69
                                      1915
  MINIMUM         31    611 AM  16    1980  34     -3       53
  AVERAGE         45                        44      1       61

PRECIPITATION (IN)
  YESTERDAY        0.00          3.96 2013   0.16  -0.16     3.96
  MONTH TO DATE    1.89                      3.71  -1.82     6.56
  SINCE DEC 1      1.89                      3.71  -1.82     6.56
  SINCE JAN 1     39.59                     51.45 -11.86    47.49

SNOWFALL (IN)
  YESTERDAY        0.0
  MONTH TO DATE    0.0
  SINCE DEC 1      0.0
  SINCE JUL 1      0.0
  SNOW DEPTH       0

DEGREE DAYS
 HEATING
  YESTERDAY       20                        21     -1        4
  MONTH TO DATE  341                       396    -55      397
  SINCE DEC 1    341                       396    -55      397
  SINCE JUL 1    892                       875     17      982

 COOLING
  YESTERDAY        0                         0      0        0
  MONTH TO DATE    0                         0      0        8
  SINCE DEC 1      0                         0      0        8
  SINCE JAN 1   1884                      2126   -242     2161
..................................................................


WIND (MPH)
  HIGHEST WIND SPEED    12   HIGHEST WIND DIRECTION    SE (130)
  HIGHEST GUST SPEED    15   HIGHEST GUST DIRECTION     E (110)
  AVERAGE WIND SPEED     3.6


SKY COVER
  POSSIBLE SUNSHINE  MM
  AVERAGE SKY COVER 0.0


WEATHER CONDITIONS
 THE FOLLOWING WEATHER WAS RECORDED YESTERDAY.
  FOG
  HAZE


RELATIVE HUMIDITY (PERCENT)
 HIGHEST   100           100 AM
 LOWEST     55           100 PM
 AVERAGE    78

..........................................................


THE EL DORADO CLIMATE NORMALS FOR TODAY
                         NORMAL    RECORD    YEAR
 MAXIMUM TEMPERATURE (F)   55        75      1933
 MINIMUM TEMPERATURE (F)   34         5      1989


SUNRISE AND SUNSET
DECEMBER 22 2014......SUNRISE   711 AM CST   SUNSET   509 PM CST
DECEMBER 23 2014......SUNRISE   712 AM CST   SUNSET   509 PM CST


-  INDICATES NEGATIVE NUMBERS.
R  INDICATES RECORD WAS SET OR TIED.
MM INDICATES DATA IS MISSING.
T  INDICATES TRACE AMOUNT.




$$
