000
CDUS44 KSHV 130846
CLIELD


CLIMATE REPORT
NATIONAL WEATHER SERVICE SHREVEPORT, LA
238 AM CST SAT FEB 13 2016


...................................

...THE EL DORADO CLIMATE SUMMARY FOR FEBRUARY 12 2016...

CLIMATE NORMAL PERIOD 1981 TO 2010
CLIMATE RECORD PERIOD 1907 TO 2016


WEATHER ITEM   OBSERVED TIME   RECORD YEAR NORMAL DEPARTURE LAST
                VALUE   (LST)  VALUE       VALUE  FROM      YEAR
                                                  NORMAL
..................................................................
TEMPERATURE (F)
 YESTERDAY
  MAXIMUM         69    322 PM  81    1962  58     11       54
  MINIMUM         32    709 AM   9    1988  36     -4       34
  AVERAGE         51                        47      4       44

PRECIPITATION (IN)
  YESTERDAY        0.00          2.97 1992   0.18  -0.18     0.00
  MONTH TO DATE    0.00                      1.99  -1.99     0.35
  SINCE DEC 1     10.81                     11.47  -0.66     8.57
  SINCE JAN 1      2.75                      6.29  -3.54     5.24

SNOWFALL (IN)
  YESTERDAY        0.0
  MONTH TO DATE    0.0
  SINCE DEC 1      1.5
  SINCE JUL 1      1.5
  SNOW DEPTH       0

DEGREE DAYS
 HEATING
  YESTERDAY       14                        18     -4       21
  MONTH TO DATE  200                       230    -30      237
  SINCE DEC 1   1242                      1494   -252     1487
  SINCE JUL 1   1536                      1973   -437     2038

 COOLING
  YESTERDAY        0                         0      0        0
  MONTH TO DATE    0                         0      0        0
  SINCE DEC 1     19                         6     13        0
  SINCE JAN 1      4                         2      2        0
..................................................................


WIND (MPH)
  HIGHEST WIND SPEED    13   HIGHEST WIND DIRECTION    NE (30)
  HIGHEST GUST SPEED    18   HIGHEST GUST DIRECTION    NE (30)
  AVERAGE WIND SPEED     4.0


SKY COVER
  POSSIBLE SUNSHINE  MM
  AVERAGE SKY COVER 0.0


WEATHER CONDITIONS
 THE FOLLOWING WEATHER WAS RECORDED YESTERDAY.
  NO SIGNIFICANT WEATHER WAS OBSERVED.


RELATIVE HUMIDITY (PERCENT)
 HIGHEST    82           600 AM
 LOWEST     27           300 PM
 AVERAGE    55

..........................................................


THE EL DORADO CLIMATE NORMALS FOR TODAY
                         NORMAL    RECORD    YEAR
 MAXIMUM TEMPERATURE (F)   59        83      1962
 MINIMUM TEMPERATURE (F)   36         6      1905


SUNRISE AND SUNSET
FEBRUARY 13 2016......SUNRISE   657 AM CST   SUNSET   554 PM CST
FEBRUARY 14 2016......SUNRISE   656 AM CST   SUNSET   555 PM CST


-  INDICATES NEGATIVE NUMBERS.
R  INDICATES RECORD WAS SET OR TIED.
MM INDICATES DATA IS MISSING.
T  INDICATES TRACE AMOUNT.




$$
