000
CDUS44 KSHV 240738
CLIELD


CLIMATE REPORT
NATIONAL WEATHER SERVICE SHREVEPORT, LA
237 AM CDT WED MAY 24 2017


...................................

...THE EL DORADO CLIMATE SUMMARY FOR MAY 23 2017...

CLIMATE NORMAL PERIOD 1981 TO 2010
CLIMATE RECORD PERIOD 1907 TO 2017


WEATHER ITEM   OBSERVED TIME   RECORD YEAR NORMAL DEPARTURE LAST
                VALUE   (LST)  VALUE       VALUE  FROM      YEAR
                                                  NORMAL
..................................................................
TEMPERATURE (F)
 YESTERDAY
  MAXIMUM         77    226 PM  95    1918  84     -7       84
  MINIMUM         57   1141 PM  47    1963  62     -5       56
  AVERAGE         67                        73     -6       70

PRECIPITATION (IN)
  YESTERDAY        0.50          1.47 1944   0.17   0.33     0.00
  MONTH TO DATE    6.86                      3.78   3.08     0.81
  SINCE DEC 1     32.27                     26.89   5.38    36.35
  SINCE JAN 1     25.98                     21.71   4.27    28.29

SNOWFALL (IN)
  YESTERDAY        0.0
  MONTH TO DATE    0.0
  SINCE MAR 1      0.0
  SINCE JUL 1      T
  SNOW DEPTH       0

DEGREE DAYS
 HEATING
  YESTERDAY        0                         0      0        0
  MONTH TO DATE   14                        16     -2       24
  SINCE MAR 1    268                       442   -174      295
  SINCE JUL 1   1720                      2670   -950     2034

 COOLING
  YESTERDAY        2                         8     -6        5
  MONTH TO DATE  109                       138    -29       88
  SINCE MAR 1    255                       231     24      182
  SINCE JAN 1    282                       237     45      188
..................................................................


WIND (MPH)
  HIGHEST WIND SPEED    25   HIGHEST WIND DIRECTION     W (290)
  HIGHEST GUST SPEED    34   HIGHEST GUST DIRECTION     W (290)
  AVERAGE WIND SPEED     5.9


SKY COVER
  POSSIBLE SUNSHINE  MM
  AVERAGE SKY COVER 0.7


WEATHER CONDITIONS
 THE FOLLOWING WEATHER WAS RECORDED YESTERDAY.
  THUNDERSTORM
  HEAVY RAIN
  RAIN
  LIGHT RAIN
  FOG
  FOG W/VISIBILITY <= 1/4 MILE


RELATIVE HUMIDITY (PERCENT)
 HIGHEST   100           300 AM
 LOWEST     60          1200 PM
 AVERAGE    80

..........................................................


THE EL DORADO CLIMATE NORMALS FOR TODAY
                         NORMAL    RECORD    YEAR
 MAXIMUM TEMPERATURE (F)   84        94      1918
 MINIMUM TEMPERATURE (F)   62        46      1913


SUNRISE AND SUNSET
MAY 24 2017...........SUNRISE   606 AM CDT   SUNSET   811 PM CDT
MAY 25 2017...........SUNRISE   605 AM CDT   SUNSET   811 PM CDT


-  INDICATES NEGATIVE NUMBERS.
R  INDICATES RECORD WAS SET OR TIED.
MM INDICATES DATA IS MISSING.
T  INDICATES TRACE AMOUNT.




$$
