000
CDUS44 KSHV 210839
CLIELD


CLIMATE REPORT
NATIONAL WEATHER SERVICE SHREVEPORT, LA
239 AM CST SUN JAN 21 2018


...................................

...THE EL DORADO CLIMATE SUMMARY FOR JANUARY 20 2018...

CLIMATE NORMAL PERIOD 1981 TO 2010
CLIMATE RECORD PERIOD 1907 TO 2018


WEATHER ITEM   OBSERVED TIME   RECORD YEAR NORMAL DEPARTURE LAST
                VALUE   (LST)  VALUE       VALUE  FROM      YEAR
                                                  NORMAL
..................................................................
TEMPERATURE (F)
 YESTERDAY
  MAXIMUM         65    246 PM  79    1954  55     10       72
  MINIMUM         44    323 AM  10    1943  33     11       55
  AVERAGE         55                        44     11       64

PRECIPITATION (IN)
  YESTERDAY        T             3.16 2010   0.14  -0.14     0.00
  MONTH TO DATE    1.73                      2.67  -0.94     3.34
  SINCE DEC 1      7.36                      7.85  -0.49     9.63
  SINCE JAN 1      1.73                      2.67  -0.94     3.34

SNOWFALL (IN)
  YESTERDAY       MM
  MONTH TO DATE    2.8
  SINCE DEC 1      2.8
  SINCE JUL 1      2.8
  SNOW DEPTH       0

DEGREE DAYS
 HEATING
  YESTERDAY       10                        21    -11        1
  MONTH TO DATE  580                       429    151      277
  SINCE DEC 1   1173                      1037    136      797
  SINCE JUL 1   1575                      1516     59     1070

 COOLING
  YESTERDAY        0                         0      0        0
  MONTH TO DATE    0                         0      0        9
  SINCE DEC 1      0                         4     -4       23
  SINCE JAN 1      0                         0      0        9
..................................................................


WIND (MPH)
  HIGHEST WIND SPEED    16   HIGHEST WIND DIRECTION     S (170)
  HIGHEST GUST SPEED    20   HIGHEST GUST DIRECTION     S (160)
  AVERAGE WIND SPEED     8.2


SKY COVER
  POSSIBLE SUNSHINE  MM
  AVERAGE SKY COVER 0.9


WEATHER CONDITIONS
 THE FOLLOWING WEATHER WAS RECORDED YESTERDAY.
  LIGHT RAIN


RELATIVE HUMIDITY (PERCENT)
 HIGHEST   100          1000 PM
 LOWEST     45          1200 AM
 AVERAGE    73

..........................................................


THE EL DORADO CLIMATE NORMALS FOR TODAY
                         NORMAL    RECORD    YEAR
 MAXIMUM TEMPERATURE (F)   55        81      1938
 MINIMUM TEMPERATURE (F)   33         8      1985


SUNRISE AND SUNSET
JANUARY 21 2018.......SUNRISE   713 AM CST   SUNSET   533 PM CST
JANUARY 22 2018.......SUNRISE   712 AM CST   SUNSET   534 PM CST


-  INDICATES NEGATIVE NUMBERS.
R  INDICATES RECORD WAS SET OR TIED.
MM INDICATES DATA IS MISSING.
T  INDICATES TRACE AMOUNT.




$$
