000
CDUS44 KSHV 270851
CLIELD


CLIMATE REPORT
NATIONAL WEATHER SERVICE SHREVEPORT, LA
250 AM CST TUE JAN 27 2015


...................................

...THE EL DORADO CLIMATE SUMMARY FOR JANUARY 26 2015...

CLIMATE NORMAL PERIOD 1981 TO 2010
CLIMATE RECORD PERIOD 1907 TO 2015


WEATHER ITEM   OBSERVED TIME   RECORD YEAR NORMAL DEPARTURE LAST
                VALUE   (LST)  VALUE       VALUE  FROM      YEAR
                                                  NORMAL
..................................................................
TEMPERATURE (F)
 YESTERDAY
  MAXIMUM         61    420 PM  80    1952  55      6       64
  MINIMUM         32    715 AM   9    1940  33     -1       32
  AVERAGE         47                        44      3       48

PRECIPITATION (IN)
  YESTERDAY        0.00          2.20 1932   0.15  -0.15     0.00
  MONTH TO DATE    4.89                      3.54   1.35     1.16
  SINCE DEC 1      8.22                      8.72  -0.50     7.72
  SINCE JAN 1      4.89                      3.54   1.35     1.16

SNOWFALL (IN)
  YESTERDAY        0.0
  MONTH TO DATE    T
  SINCE DEC 1      T
  SINCE JUL 1      T
  SNOW DEPTH       0

DEGREE DAYS
 HEATING
  YESTERDAY       18                        21     -3       17
  MONTH TO DATE  638                       555     83      641
  SINCE DEC 1   1180                      1163     17     1280
  SINCE JUL 1   1731                      1642     89     1865

 COOLING
  YESTERDAY        0                         0      0        0
  MONTH TO DATE    0                         0      0        0
  SINCE DEC 1      0                         4     -4        8
  SINCE JAN 1      0                         0      0        0
..................................................................


WIND (MPH)
  HIGHEST WIND SPEED    12   HIGHEST WIND DIRECTION    NW (300)
  HIGHEST GUST SPEED    17   HIGHEST GUST DIRECTION    NW (320)
  AVERAGE WIND SPEED     4.9


SKY COVER
  POSSIBLE SUNSHINE  MM
  AVERAGE SKY COVER 0.0


WEATHER CONDITIONS
 THE FOLLOWING WEATHER WAS RECORDED YESTERDAY.
  NO SIGNIFICANT WEATHER WAS OBSERVED.


RELATIVE HUMIDITY (PERCENT)
 HIGHEST    82           700 AM
 LOWEST     35           300 PM
 AVERAGE    59

..........................................................


THE EL DORADO CLIMATE NORMALS FOR TODAY
                         NORMAL    RECORD    YEAR
 MAXIMUM TEMPERATURE (F)   56        81      1975
 MINIMUM TEMPERATURE (F)   33        12      1940


SUNRISE AND SUNSET
JANUARY 27 2015.......SUNRISE   710 AM CST   SUNSET   538 PM CST
JANUARY 28 2015.......SUNRISE   710 AM CST   SUNSET   539 PM CST


-  INDICATES NEGATIVE NUMBERS.
R  INDICATES RECORD WAS SET OR TIED.
MM INDICATES DATA IS MISSING.
T  INDICATES TRACE AMOUNT.




$$
