375
CDUS44 KEPZ 120930
CLIELP


CLIMATE REPORT
NATIONAL WEATHER SERVICE EL PASO, TX
229 AM MST TUE DEC 12 2017


...................................

...THE EL PASO CLIMATE SUMMARY FOR DECEMBER 11 2017...

CLIMATE NORMAL PERIOD 1981 TO 2010
CLIMATE RECORD PERIOD 1879 TO 2017


WEATHER ITEM   OBSERVED TIME   RECORD YEAR NORMAL DEPARTURE LAST
                VALUE   (LST)  VALUE       VALUE  FROM      YEAR
                                                  NORMAL
..................................................................
TEMPERATURE (F)
 YESTERDAY
  MAXIMUM         60    239 PM  76    1987  57      3       72
  MINIMUM         33    537 AM  18    1973  33      0       45
  AVERAGE         47                        45      2       59

PRECIPITATION (IN)
  YESTERDAY        0.00          0.66 1887   0.03  -0.03     0.00
  MONTH TO DATE    0.32                      0.28   0.04     0.24
  SINCE DEC 1      0.32                      0.28   0.04     0.24
  SINCE JAN 1      9.73                      9.21   0.52     8.72

SNOWFALL (IN)
  YESTERDAY        0.0                                       0.0
  MONTH TO DATE    0.1                                       0.0
  SINCE DEC 1      0.1                                       0.0
  SINCE JUL 1      0.1                                        T
  SNOW DEPTH       0

DEGREE DAYS
 HEATING
  YESTERDAY       18                        20     -2        6
  MONTH TO DATE  180                       208    -28      193
  SINCE DEC 1    180                       208    -28      193
  SINCE JUL 1    343                       650   -307      435

 COOLING
  YESTERDAY        0                         0      0        0
  MONTH TO DATE    0                         0      0        0
  SINCE DEC 1      0                         0      0        0
  SINCE JAN 1   2917                      2331    586     2811
..................................................................


WIND (MPH)
  HIGHEST WIND SPEED    13   HIGHEST WIND DIRECTION     N (10)
  HIGHEST GUST SPEED    15   HIGHEST GUST DIRECTION     N (20)
  AVERAGE WIND SPEED     4.8


SKY COVER
  POSSIBLE SUNSHINE  MM
  AVERAGE SKY COVER 0.7


WEATHER CONDITIONS
 THE FOLLOWING WEATHER WAS RECORDED YESTERDAY.
  NO SIGNIFICANT WEATHER WAS OBSERVED.


RELATIVE HUMIDITY (PERCENT)
 HIGHEST    75           300 AM
 LOWEST     21           200 PM
 AVERAGE    48

..........................................................


THE EL PASO CLIMATE NORMALS FOR TODAY
                         NORMAL    RECORD    YEAR
 MAXIMUM TEMPERATURE (F)   57        77      1906
 MINIMUM TEMPERATURE (F)   33         8      1989


SUNRISE AND SUNSET
DECEMBER 12 2017......SUNRISE   656 AM MST   SUNSET   503 PM MST
DECEMBER 13 2017......SUNRISE   657 AM MST   SUNSET   503 PM MST


-  INDICATES NEGATIVE NUMBERS.
R  INDICATES RECORD WAS SET OR TIED.
MM INDICATES DATA IS MISSING.
T  INDICATES TRACE AMOUNT.




$$
