000
CDUS44 KEPZ 302340
CLIELP


CLIMATE REPORT
NATIONAL WEATHER SERVICE EL PASO, TX
539 PM MDT SUN APR 30 2017


...................................

...THE EL PASO CLIMATE SUMMARY FOR APRIL 30 2017...
VALID TODAY AS OF 500 PM LOCAL TIME.

CLIMATE NORMAL PERIOD 1981 TO 2010
CLIMATE RECORD PERIOD 1879 TO 2017


WEATHER ITEM   OBSERVED TIME   RECORD YEAR NORMAL DEPARTURE LAST
                VALUE   (LST)  VALUE       VALUE  FROM      YEAR
                                                  NORMAL
..................................................................
TEMPERATURE (F)
 TODAY
  MAXIMUM         76    359 PM  97    1992  83     -7       78
  MINIMUM         39    432 AM  33    1984  55    -16       54

PRECIPITATION (IN)
  TODAY            0.00                      0.01  -0.01     0.00
  MONTH TO DATE    0.14                      0.23  -0.09     0.04
  SINCE MAR 1      0.14                      0.49  -0.35     0.05
  SINCE JAN 1      1.35                      1.35   0.00     0.58

SNOWFALL (IN)
  TODAY            0.0                                       0.0
  MONTH TO DATE    0.0                                       0.0
  SINCE JUL 1      T                                         8.1

..................................................................


WIND (MPH)
  HIGHEST WIND SPEED    24   HIGHEST WIND DIRECTION     W (260)
  HIGHEST GUST SPEED    33   HIGHEST GUST DIRECTION     W (260)


SKY COVER
  AVERAGE SKY COVER 0.1


WEATHER CONDITIONS
 THE FOLLOWING WEATHER WAS RECORDED TODAY.
  NO SIGNIFICANT WEATHER WAS OBSERVED.


RELATIVE HUMIDITY (PERCENT)
 HIGHEST    76           400 AM
 LOWEST      7           300 PM

..........................................................


THE EL PASO CLIMATE NORMALS FOR TOMORROW
                         NORMAL    RECORD    YEAR
 MAXIMUM TEMPERATURE (F)   83        96      1992
 MINIMUM TEMPERATURE (F)   56        38      1951


SUNRISE AND SUNSET
APRIL 30 2017.........SUNRISE   621 AM MDT   SUNSET   745 PM MDT
MAY  1 2017...........SUNRISE   620 AM MDT   SUNSET   746 PM MDT


-  INDICATES NEGATIVE NUMBERS.
R  INDICATES RECORD WAS SET OR TIED.
MM INDICATES DATA IS MISSING.
T  INDICATES TRACE AMOUNT.




$$
