000
CDUS44 KEPZ 220926
CLIELP


CLIMATE REPORT
NATIONAL WEATHER SERVICE EL PASO, TX
226 AM MST WED FEB 22 2017


...................................

...THE EL PASO CLIMATE SUMMARY FOR FEBRUARY 21 2017...

CLIMATE NORMAL PERIOD 1981 TO 2010
CLIMATE RECORD PERIOD 1879 TO 2017


WEATHER ITEM   OBSERVED TIME   RECORD YEAR NORMAL DEPARTURE LAST
                VALUE   (LST)  VALUE       VALUE  FROM      YEAR
                                                  NORMAL
..................................................................
TEMPERATURE (F)
 YESTERDAY
  MAXIMUM         76    328 PM  83    1972  65     11       79
  MINIMUM         38    700 AM  15    1984  38      0       53
  AVERAGE         57                        52      5       66

PRECIPITATION (IN)
  YESTERDAY        0.00          0.27 1958   0.02  -0.02     0.00
  MONTH TO DATE    0.16                      0.37  -0.21     0.07
  SINCE DEC 1      2.07                      1.55   0.52     1.61
  SINCE JAN 1      1.21                      0.77   0.44     0.53

SNOWFALL (IN)
  YESTERDAY        0.0                                       0.0
  MONTH TO DATE    T                                          T
  SINCE DEC 1      T                                         8.1
  SINCE JUL 1      T                                         8.1
  SNOW DEPTH       0

DEGREE DAYS
 HEATING
  YESTERDAY        8                        14     -6        0
  MONTH TO DATE  202                       330   -128      271
  SINCE DEC 1   1178                      1573   -395     1427
  SINCE JUL 1   1420                      2015   -595     1762

 COOLING
  YESTERDAY        0                         0      0        1
  MONTH TO DATE    3                         0      3        3
  SINCE DEC 1      3                         0      3        3
  SINCE JAN 1      3                         0      3        3
..................................................................


WIND (MPH)
  HIGHEST WIND SPEED    16   HIGHEST WIND DIRECTION     W (270)
  HIGHEST GUST SPEED    19   HIGHEST GUST DIRECTION     W (280)
  AVERAGE WIND SPEED     6.4


SKY COVER
  POSSIBLE SUNSHINE  MM
  AVERAGE SKY COVER 0.0


WEATHER CONDITIONS
 THE FOLLOWING WEATHER WAS RECORDED YESTERDAY.
  NO SIGNIFICANT WEATHER WAS OBSERVED.


RELATIVE HUMIDITY (PERCENT)
 HIGHEST    70           700 AM
 LOWEST     19           300 PM
 AVERAGE    45

..........................................................


THE EL PASO CLIMATE NORMALS FOR TODAY
                         NORMAL    RECORD    YEAR
 MAXIMUM TEMPERATURE (F)   65        79      1996
 MINIMUM TEMPERATURE (F)   39        15      1964


SUNRISE AND SUNSET
FEBRUARY 22 2017......SUNRISE   640 AM MST   SUNSET   558 PM MST
FEBRUARY 23 2017......SUNRISE   639 AM MST   SUNSET   559 PM MST


-  INDICATES NEGATIVE NUMBERS.
R  INDICATES RECORD WAS SET OR TIED.
MM INDICATES DATA IS MISSING.
T  INDICATES TRACE AMOUNT.




$$
