000
CDUS44 KEPZ 190927
CLIELP


CLIMATE REPORT
NATIONAL WEATHER SERVICE EL PASO, TX
226 AM MST MON FEB 19 2018


...................................

...THE EL PASO CLIMATE SUMMARY FOR FEBRUARY 18 2018...

CLIMATE NORMAL PERIOD 1981 TO 2010
CLIMATE RECORD PERIOD 1879 TO 2018


WEATHER ITEM   OBSERVED TIME   RECORD YEAR NORMAL DEPARTURE LAST
                VALUE   (LST)  VALUE       VALUE  FROM      YEAR
                                                  NORMAL
..................................................................
TEMPERATURE (F)
 YESTERDAY
  MAXIMUM         70    302 PM  85    2016  64      6       67
  MINIMUM         45    711 AM  15    1883  38      7       44
  AVERAGE         58                        51      7       56

PRECIPITATION (IN)
  YESTERDAY        0.00          0.24 1957   0.02  -0.02     0.00
  MONTH TO DATE    0.67                      0.32   0.35     0.16
  SINCE DEC 1      1.45                      1.50  -0.05     2.07
  SINCE JAN 1      0.77                      0.72   0.05     1.21

SNOWFALL (IN)
  YESTERDAY        0.0                                       0.0
  MONTH TO DATE    0.0                                        T
  SINCE DEC 1      0.1                                        T
  SINCE JUL 1      0.1                                        T
  SNOW DEPTH       0

DEGREE DAYS
 HEATING
  YESTERDAY        7                        14     -7        9
  MONTH TO DATE  141                       288   -147      173
  SINCE DEC 1   1210                      1531   -321     1149
  SINCE JUL 1   1373                      1973   -600     1391

 COOLING
  YESTERDAY        0                         0      0        0
  MONTH TO DATE    0                         0      0        3
  SINCE DEC 1      0                         0      0        3
  SINCE JAN 1      0                         0      0        3
..................................................................


WIND (MPH)
  HIGHEST WIND SPEED    36   HIGHEST WIND DIRECTION     W (260)
  HIGHEST GUST SPEED    42   HIGHEST GUST DIRECTION     W (250)
  AVERAGE WIND SPEED    11.3


SKY COVER
  POSSIBLE SUNSHINE  MM
  AVERAGE SKY COVER 0.8


WEATHER CONDITIONS
 THE FOLLOWING WEATHER WAS RECORDED YESTERDAY.
  NO SIGNIFICANT WEATHER WAS OBSERVED.


RELATIVE HUMIDITY (PERCENT)
 HIGHEST    93           500 AM
 LOWEST     40           400 PM
 AVERAGE    67

..........................................................


THE EL PASO CLIMATE NORMALS FOR TODAY
                         NORMAL    RECORD    YEAR
 MAXIMUM TEMPERATURE (F)   64        81      2016
                                             1986
                                             1972
 MINIMUM TEMPERATURE (F)   38        21      1942


SUNRISE AND SUNSET
FEBRUARY 19 2018......SUNRISE   643 AM MST   SUNSET   556 PM MST
FEBRUARY 20 2018......SUNRISE   642 AM MST   SUNSET   557 PM MST


-  INDICATES NEGATIVE NUMBERS.
R  INDICATES RECORD WAS SET OR TIED.
MM INDICATES DATA IS MISSING.
T  INDICATES TRACE AMOUNT.




$$
