000
CDUS44 KEPZ 080926
CLIELP


CLIMATE REPORT
NATIONAL WEATHER SERVICE EL PASO, TX
225 AM MST MON FEB 8 2016


...................................

...THE EL PASO CLIMATE SUMMARY FOR FEBRUARY 7 2016...

CLIMATE NORMAL PERIOD 1981 TO 2010
CLIMATE RECORD PERIOD 1879 TO 2016


WEATHER ITEM   OBSERVED TIME   RECORD YEAR NORMAL DEPARTURE LAST
                VALUE   (LST)  VALUE       VALUE  FROM      YEAR
                                                  NORMAL
..................................................................
TEMPERATURE (F)
 YESTERDAY
  MAXIMUM         63    450 PM  79    2009  61      2       78
  MINIMUM         26    437 AM  12    1899  36    -10       44
  AVERAGE         45                        48     -3       61

PRECIPITATION (IN)
  YESTERDAY        0.00          0.82 1944   0.01  -0.01     0.00
  MONTH TO DATE    0.07                      0.12  -0.05     0.00
  SINCE DEC 1      1.61                      1.30   0.31     0.97
  SINCE JAN 1      0.53                      0.52   0.01     0.85

SNOWFALL (IN)
  YESTERDAY        0.0                                       0.0
  MONTH TO DATE    T                                         0.0
  SINCE DEC 1      8.1                                        T
  SINCE JUL 1      8.1                                        T
  SNOW DEPTH       0

DEGREE DAYS
 HEATING
  YESTERDAY       20                        17      3        4
  MONTH TO DATE  171                       121     50       78
  SINCE DEC 1   1327                      1364    -37     1208
  SINCE JUL 1   1662                      1806   -144     1571

 COOLING
  YESTERDAY        0                         0      0        0
  MONTH TO DATE    0                         0      0        0
  SINCE DEC 1      0                         0      0        0
  SINCE JAN 1      0                         0      0        0
..................................................................


WIND (MPH)
  HIGHEST WIND SPEED    12   HIGHEST WIND DIRECTION    NE (30)
  HIGHEST GUST SPEED    16   HIGHEST GUST DIRECTION     N (10)
  AVERAGE WIND SPEED     4.2


SKY COVER
  POSSIBLE SUNSHINE  MM
  AVERAGE SKY COVER 0.7


WEATHER CONDITIONS
 THE FOLLOWING WEATHER WAS RECORDED YESTERDAY.
  NO SIGNIFICANT WEATHER WAS OBSERVED.


RELATIVE HUMIDITY (PERCENT)
 HIGHEST    46           400 AM
 LOWEST     12           100 PM
 AVERAGE    29

..........................................................


THE EL PASO CLIMATE NORMALS FOR TODAY
                         NORMAL    RECORD    YEAR
 MAXIMUM TEMPERATURE (F)   62        79      2015
 MINIMUM TEMPERATURE (F)   36        13      1971


SUNRISE AND SUNSET
FEBRUARY  8 2016......SUNRISE   654 AM MST   SUNSET   546 PM MST
FEBRUARY  9 2016......SUNRISE   653 AM MST   SUNSET   547 PM MST


-  INDICATES NEGATIVE NUMBERS.
R  INDICATES RECORD WAS SET OR TIED.
MM INDICATES DATA IS MISSING.
T  INDICATES TRACE AMOUNT.




$$
