015
CDUS44 KEPZ 290927
CLIELP


CLIMATE REPORT
NATIONAL WEATHER SERVICE EL PASO, TX
326 AM MDT FRI JUL 29 2016


...................................

...THE EL PASO CLIMATE SUMMARY FOR JULY 28 2016...

CLIMATE NORMAL PERIOD 1981 TO 2010
CLIMATE RECORD PERIOD 1879 TO 2016


WEATHER ITEM   OBSERVED TIME   RECORD YEAR NORMAL DEPARTURE LAST
                VALUE   (LST)  VALUE       VALUE  FROM      YEAR
                                                  NORMAL
..................................................................
TEMPERATURE (F)
 YESTERDAY
  MAXIMUM         98    307 PM 104    1995  93      5      100
                                      1889
  MINIMUM         74    612 AM  62    2005  71      3       72
                                      1989
                                      1976
  AVERAGE         86                        82      4       86

PRECIPITATION (IN)
  YESTERDAY        0.00          0.88 1958   0.06  -0.06     0.32
  MONTH TO DATE    0.24                      1.35  -1.11     2.01
  SINCE JUN 1      0.57                      2.29  -1.72     2.19
  SINCE JAN 1      1.21                      4.11  -2.90     4.73

SNOWFALL (IN)
  YESTERDAY        0.0                                       0.0
  MONTH TO DATE    0.0                                       0.0
  SINCE JUN 1      0.0                                       0.0
  SINCE JUL 1      0.0                                       0.0
  SNOW DEPTH       0

DEGREE DAYS
 HEATING
  YESTERDAY        0                         0      0        0
  MONTH TO DATE    0                         0      0        0
  SINCE JUN 1      0                         0      0        0
  SINCE JUL 1      0                         0      0        0

 COOLING
  YESTERDAY       21                        17      4       21
  MONTH TO DATE  679                       499    180      561
  SINCE JUN 1   1271                      1001    270     1153
  SINCE JAN 1   1667                      1378    289     1524
..................................................................


WIND (MPH)
  HIGHEST WIND SPEED    17   HIGHEST WIND DIRECTION     E (110)
  HIGHEST GUST SPEED    26   HIGHEST GUST DIRECTION    NE (50)
  AVERAGE WIND SPEED     8.2


SKY COVER
  POSSIBLE SUNSHINE  MM
  AVERAGE SKY COVER 0.4


WEATHER CONDITIONS
 THE FOLLOWING WEATHER WAS RECORDED YESTERDAY.
  NO SIGNIFICANT WEATHER WAS OBSERVED.


RELATIVE HUMIDITY (PERCENT)
 HIGHEST    61           600 AM
 LOWEST     18           200 PM
 AVERAGE    40

..........................................................


THE EL PASO CLIMATE NORMALS FOR TODAY
                         NORMAL    RECORD    YEAR
 MAXIMUM TEMPERATURE (F)   93       105      1960
 MINIMUM TEMPERATURE (F)   71        60      1880


SUNRISE AND SUNSET
JULY 29 2016..........SUNRISE   620 AM MDT   SUNSET   804 PM MDT
JULY 30 2016..........SUNRISE   620 AM MDT   SUNSET   803 PM MDT


-  INDICATES NEGATIVE NUMBERS.
R  INDICATES RECORD WAS SET OR TIED.
MM INDICATES DATA IS MISSING.
T  INDICATES TRACE AMOUNT.




$$
