000
CDUS44 KEPZ 240933
CLIELP


CLIMATE REPORT
NATIONAL WEATHER SERVICE EL PASO, TX
332 AM MDT FRI OCT 24 2014


...................................

...THE EL PASO CLIMATE SUMMARY FOR OCTOBER 23 2014...

CLIMATE NORMAL PERIOD 1981 TO 2010
CLIMATE RECORD PERIOD 1879 TO 2014


WEATHER ITEM   OBSERVED TIME   RECORD YEAR NORMAL DEPARTURE LAST
                VALUE   (LST)  VALUE       VALUE  FROM      YEAR
                                                  NORMAL
..................................................................
TEMPERATURE (F)
 YESTERDAY
  MAXIMUM         80    434 PM  89    1889  76      4       79
  MINIMUM         55    638 AM  28    1996  49      6       42
  AVERAGE         68                        63      5       61

PRECIPITATION (IN)
  YESTERDAY        0.00          1.23 1884   0.02  -0.02     0.00
  MONTH TO DATE    0.98                      0.46   0.52     0.00
  SINCE SEP 1      5.21                      1.97   3.24     3.85
  SINCE JAN 1      8.34                      8.29   0.05     9.15

SNOWFALL (IN)
  YESTERDAY        0.0                                       0.0
  MONTH TO DATE    0.0                                       0.0
  SINCE SEP 1      0.0                                       0.0
  SINCE JUL 1      0.0                                        T
  SNOW DEPTH       0

DEGREE DAYS
 HEATING
  YESTERDAY        0                         4     -4        4
  MONTH TO DATE    5                        41    -36       47
  SINCE SEP 1      5                        45    -40       47
  SINCE JUL 1      5                        45    -40       47

 COOLING
  YESTERDAY        3                         1      2        0
  MONTH TO DATE  103                        76     27       67
  SINCE SEP 1    419                       393     26      404
  SINCE JAN 1   2638                      2322    316     2682
..................................................................


WIND (MPH)
  HIGHEST WIND SPEED     8   HIGHEST WIND DIRECTION    NW (320)
  HIGHEST GUST SPEED    14   HIGHEST GUST DIRECTION    SW (210)
  AVERAGE WIND SPEED     1.8


SKY COVER
  POSSIBLE SUNSHINE  MM
  AVERAGE SKY COVER 0.1


WEATHER CONDITIONS
 THE FOLLOWING WEATHER WAS RECORDED YESTERDAY.
  NO SIGNIFICANT WEATHER WAS OBSERVED.


RELATIVE HUMIDITY (PERCENT)
 HIGHEST    86           300 AM
 LOWEST     30           300 PM
 AVERAGE    58

..........................................................


THE EL PASO CLIMATE NORMALS FOR TODAY
                         NORMAL    RECORD    YEAR
 MAXIMUM TEMPERATURE (F)   76        87      2003
                                             1973
 MINIMUM TEMPERATURE (F)   49        32      1908


SUNRISE AND SUNSET
OCTOBER 24 2014.......SUNRISE   716 AM MDT   SUNSET   623 PM MDT
OCTOBER 25 2014.......SUNRISE   716 AM MDT   SUNSET   622 PM MDT


-  INDICATES NEGATIVE NUMBERS.
R  INDICATES RECORD WAS SET OR TIED.
MM INDICATES DATA IS MISSING.
T  INDICATES TRACE AMOUNT.




$$
