328
CDUS45 KLKN 290928
CLIELY


CLIMATE REPORT
NATIONAL WEATHER SERVICE ELKO NV
228 AM PDT SUN MAY 29 2016


...................................

...THE ELY AIRPORT NV CLIMATE SUMMARY FOR MAY 28 2016...

CLIMATE NORMAL PERIOD 1981 TO 2010
CLIMATE RECORD PERIOD 1893 TO 2016


WEATHER ITEM   OBSERVED TIME   RECORD YEAR NORMAL DEPARTURE LAST
                VALUE   (LST)  VALUE       VALUE  FROM      YEAR
                                                  NORMAL
..................................................................
TEMPERATURE (F)
 YESTERDAY
  MAXIMUM         68   1130 AM  92    2003  72     -4       71
  MINIMUM         36    421 AM  23    1982  36      0       38
                                      1954
                                      1953
  AVERAGE         52                        54     -2       55

PRECIPITATION (IN)
  YESTERDAY        T             0.50 1896   0.04  -0.04      T
  MONTH TO DATE    0.55                      1.00  -0.45     1.78
  SINCE OCT 1     11.34                      6.62   4.72     4.50
  SINCE JAN 1      6.98                      4.33   2.65     3.33

SNOWFALL (IN)
  YESTERDAY        0.0           1.5  2011   0.1   -0.1      0.0
  MONTH TO DATE    T                         2.3   -2.3       T
  SINCE MAR 1     21.1                      15.8    5.3      8.7
  SINCE JUL 1    100.4                      50.7   49.7     19.7
  SNOW DEPTH       0

DEGREE DAYS
 HEATING
  YESTERDAY       13                        11      2       10
  MONTH TO DATE  440                       411     29      433
  SINCE MAR 1   1856                      1977   -121     1788
  SINCE JUL 1   7230                      7314    -84     6032

 COOLING
  YESTERDAY        0                         0      0        0
  MONTH TO DATE    0                         0      0        0
  SINCE MAR 1      0                         0      0        0
  SINCE JAN 1      0                         0      0        0
..................................................................


WIND (MPH)
  HIGHEST WIND SPEED    21   HIGHEST WIND DIRECTION     N (350)
  HIGHEST GUST SPEED    29   HIGHEST GUST DIRECTION     W (260)
  AVERAGE WIND SPEED     6.9



WEATHER CONDITIONS
 THE FOLLOWING WEATHER WAS RECORDED YESTERDAY.
  THUNDERSTORM
  LIGHT RAIN


RELATIVE HUMIDITY (PERCENT)
 HIGHEST    82           200 AM
 LOWEST     28          1100 AM
 AVERAGE    55

..........................................................


THE ELY AIRPORT NV CLIMATE NORMALS FOR TODAY
                         NORMAL    RECORD    YEAR
 MAXIMUM TEMPERATURE (F)   72        91      2003
                                             1910
 MINIMUM TEMPERATURE (F)   36        22      2006


SUNRISE AND SUNSET
MAY 29 2016...........SUNRISE   516 AM PDT   SUNSET   758 PM PDT
MAY 30 2016...........SUNRISE   515 AM PDT   SUNSET   759 PM PDT


-  INDICATES NEGATIVE NUMBERS.
R  INDICATES RECORD WAS SET OR TIED.
MM INDICATES DATA IS MISSING.
T  INDICATES TRACE AMOUNT.




$$
