000
CDUS45 KLKN 060932
CLIELY


CLIMATE REPORT
NATIONAL WEATHER SERVICE ELKO NV
132 AM PST SAT FEB 6 2016


...................................

...THE ELY AIRPORT NV CLIMATE SUMMARY FOR FEBRUARY 5 2016...

CLIMATE NORMAL PERIOD 1981 TO 2010
CLIMATE RECORD PERIOD 1893 TO 2016


WEATHER ITEM   OBSERVED TIME   RECORD YEAR NORMAL DEPARTURE LAST
                VALUE   (LST)  VALUE       VALUE  FROM      YEAR
                                                  NORMAL
..................................................................
TEMPERATURE (F)
 YESTERDAY
  MAXIMUM         26    320 PM  64    2015  41    -15       64
                                      1963
  MINIMUM         -3    518 AM -27    1989  13    -16       28
  AVERAGE         12                        27    -15       46

PRECIPITATION (IN)
  YESTERDAY        0.00          0.19 1976   0.03  -0.03     0.00
  MONTH TO DATE    0.05                      0.12  -0.07      T
  SINCE OCT 1      6.52                      3.11   3.41     1.48
  SINCE JAN 1      2.16                      0.82   1.34     0.31

SNOWFALL (IN)
  YESTERDAY        0.0           3.9  1976   0.3   -0.3      0.0
  MONTH TO DATE    0.3                       1.4   -1.1      0.0
  SINCE DEC 1     57.8                      18.9   38.9      6.7
  SINCE JUL 1     75.5                      28.4   47.1      7.4
  SNOW DEPTH      17

DEGREE DAYS
 HEATING
  YESTERDAY       53                        38     15       19
  MONTH TO DATE  284                       192     92      118
  SINCE DEC 1   2956                      2653    303     2165
  SINCE JUL 1   4585                      4521     64     3612

 COOLING
  YESTERDAY        0                         0      0        0
  MONTH TO DATE    0                         0      0        0
  SINCE DEC 1      0                         0      0        0
  SINCE JAN 1      0                         0      0        0
..................................................................


WIND (MPH)
  HIGHEST WIND SPEED    21   HIGHEST WIND DIRECTION     S (160)
  HIGHEST GUST SPEED    22   HIGHEST GUST DIRECTION     S (160)
  AVERAGE WIND SPEED    11.0



WEATHER CONDITIONS
 THE FOLLOWING WEATHER WAS RECORDED YESTERDAY.
  NO SIGNIFICANT WEATHER WAS OBSERVED.


RELATIVE HUMIDITY (PERCENT)
 HIGHEST    95           300 AM
 LOWEST     68           300 PM
 AVERAGE    82

..........................................................


THE ELY AIRPORT NV CLIMATE NORMALS FOR TODAY
                         NORMAL    RECORD    YEAR
 MAXIMUM TEMPERATURE (F)   41        66      1963
 MINIMUM TEMPERATURE (F)   13       -30      1989


SUNRISE AND SUNSET
FEBRUARY  6 2016......SUNRISE   642 AM PST   SUNSET   505 PM PST
FEBRUARY  7 2016......SUNRISE   641 AM PST   SUNSET   507 PM PST


-  INDICATES NEGATIVE NUMBERS.
R  INDICATES RECORD WAS SET OR TIED.
MM INDICATES DATA IS MISSING.
T  INDICATES TRACE AMOUNT.




$$
