000
CDUS45 KLKN 220030
CLIELY


CLIMATE REPORT
NATIONAL WEATHER SERVICE ELKO NV
530 PM PDT MON AUG 21 2017


...................................

...THE ELY AIRPORT NV CLIMATE SUMMARY FOR AUGUST 21 2017...
VALID TODAY AS OF 0500 PM LOCAL TIME.

CLIMATE NORMAL PERIOD 1981 TO 2010
CLIMATE RECORD PERIOD 1893 TO 2017


WEATHER ITEM   OBSERVED TIME   RECORD YEAR NORMAL DEPARTURE LAST
                VALUE   (LST)  VALUE       VALUE  FROM      YEAR
                                                  NORMAL
..................................................................
TEMPERATURE (F)
 TODAY
  MAXIMUM         88    106 PM  93    2009  84      4       88
                                      2007
  MINIMUM         47    507 AM  29    1974  46      1       44
  AVERAGE         68                        65      3       66

PRECIPITATION (IN)
  TODAY            0.00          0.69 1957   0.03  -0.03     0.00
  MONTH TO DATE    0.09                      0.64  -0.55     0.18
  SINCE OCT 1      8.92                      8.67   0.25    13.23
  SINCE JAN 1      7.14                      6.38   0.76     8.87

SNOWFALL (IN)
  TODAY            0.0           0.0  1893   0.0    0.0      0.0
  MONTH TO DATE    0.0                       0.0    0.0      0.0
  SINCE JUN 1      T                         0.1   -0.1      0.0
  SINCE JUL 1      0.0                       0.0    0.0      0.0
  SNOW DEPTH       0

DEGREE DAYS
 HEATING
  TODAY            0                         2     -2        0
  MONTH TO DATE    4                        17    -13        6
  SINCE JUN 1     76                       215   -139       84
  SINCE JUL 1      4                        40    -36       23

 COOLING
  TODAY            3                         2      1        1
  MONTH TO DATE   89                        63     26       61
  SINCE JUN 1    369                       197    172      245
  SINCE JAN 1    369                       198    171      245
..................................................................


WIND (MPH)
  HIGHEST WIND SPEED    21   HIGHEST WIND DIRECTION    SE (140)
  HIGHEST GUST SPEED    25   HIGHEST GUST DIRECTION    SE (130)



WEATHER CONDITIONS
 THE FOLLOWING WEATHER WAS RECORDED TODAY.
  NO SIGNIFICANT WEATHER WAS OBSERVED.


RELATIVE HUMIDITY (PERCENT)
 HIGHEST    48           400 AM
 LOWEST     14           300 PM
 AVERAGE    31

..........................................................


THE ELY AIRPORT NV CLIMATE NORMALS FOR TOMORROW
                         NORMAL    RECORD    YEAR
 MAXIMUM TEMPERATURE (F)   84        92      2007
 MINIMUM TEMPERATURE (F)   46        32      1959
                                             1899


SUNRISE AND SUNSET
AUGUST 21 2017........SUNRISE   558 AM PDT   SUNSET   726 PM PDT
AUGUST 22 2017........SUNRISE   559 AM PDT   SUNSET   725 PM PDT


-  INDICATES NEGATIVE NUMBERS.
R  INDICATES RECORD WAS SET OR TIED.
MM INDICATES DATA IS MISSING.
T  INDICATES TRACE AMOUNT.




$$
