393
CDUS45 KLKN 290934
CLIELY


CLIMATE REPORT
NATIONAL WEATHER SERVICE ELKO NV
233 AM PDT SAT APR 29 2017


...................................

...THE ELY AIRPORT NV CLIMATE SUMMARY FOR APRIL 28 2017...

CLIMATE NORMAL PERIOD 1981 TO 2010
CLIMATE RECORD PERIOD 1893 TO 2017


WEATHER ITEM   OBSERVED TIME   RECORD YEAR NORMAL DEPARTURE LAST
                VALUE   (LST)  VALUE       VALUE  FROM      YEAR
                                                  NORMAL
..................................................................
TEMPERATURE (F)
 YESTERDAY
  MAXIMUM         44    238 PM  82    1992  62    -18       47
  MINIMUM         23   1251 AM   8    1942  30     -7       32
  AVERAGE         34                        46    -12       40

PRECIPITATION (IN)
  YESTERDAY        T             0.50 1893   0.04  -0.04     0.10
  MONTH TO DATE    1.03                      0.88   0.15     1.51
  SINCE OCT 1      7.67                      5.55   2.12    10.61
  SINCE JAN 1      5.89                      3.26   2.63     6.25

SNOWFALL (IN)
  YESTERDAY       MM             5.0  1893   0.1   MM        0.4
  MONTH TO DATE    1.4                       4.9   -3.5      4.9
  SINCE MAR 1     17.2                      13.2    4.0     21.1
  SINCE JUL 1     66.8                      48.1   18.7    100.4
  SNOW DEPTH       0

DEGREE DAYS
 HEATING
  YESTERDAY       31                        19     12       25
  MONTH TO DATE  626                       639    -13      568
  SINCE MAR 1   1366                      1529   -163     1369
  SINCE JUL 1   6327                      6866   -539     6743

 COOLING
  YESTERDAY        0                         0      0        0
  MONTH TO DATE    0                         0      0        0
  SINCE MAR 1      0                         0      0        0
  SINCE JAN 1      0                         0      0        0
..................................................................


WIND (MPH)
  HIGHEST WIND SPEED    26   HIGHEST WIND DIRECTION     N (360)
  HIGHEST GUST SPEED    36   HIGHEST GUST DIRECTION     N (350)
  AVERAGE WIND SPEED    11.8



WEATHER CONDITIONS
 THE FOLLOWING WEATHER WAS RECORDED YESTERDAY.
  LIGHT RAIN
  LIGHT SNOW
  HAZE


RELATIVE HUMIDITY (PERCENT)
 HIGHEST    74           100 AM
 LOWEST     34           300 PM
 AVERAGE    54

..........................................................


THE ELY AIRPORT NV CLIMATE NORMALS FOR TODAY
                         NORMAL    RECORD    YEAR
 MAXIMUM TEMPERATURE (F)   62        80      2007
 MINIMUM TEMPERATURE (F)   30         7      1942


SUNRISE AND SUNSET
APRIL 29 2017.........SUNRISE   543 AM PDT   SUNSET   731 PM PDT
APRIL 30 2017.........SUNRISE   542 AM PDT   SUNSET   732 PM PDT


-  INDICATES NEGATIVE NUMBERS.
R  INDICATES RECORD WAS SET OR TIED.
MM INDICATES DATA IS MISSING.
T  INDICATES TRACE AMOUNT.




$$
