000
CDUS45 KLKN 180029
CLIELY


CLIMATE REPORT
NATIONAL WEATHER SERVICE ELKO NV
527 PM PDT TUE OCT 17  2017


...................................

...THE ELY AIRPORT NV CLIMATE SUMMARY FOR OCTOBER 17 2017...
VALID TODAY AS OF 0500 PM LOCAL TIME.

CLIMATE NORMAL PERIOD 1981 TO 2010
CLIMATE RECORD PERIOD 1893 TO 2017


WEATHER ITEM   OBSERVED TIME   RECORD YEAR NORMAL DEPARTURE LAST
                VALUE   (LST)  VALUE       VALUE  FROM      YEAR
                                                  NORMAL
..................................................................
TEMPERATURE (F)
 TODAY
  MAXIMUM         76    102 PM  80    1958  62     14       57
  MINIMUM         26    557 AM  11    1999  28     -2       25
                                      1996
  AVERAGE         51                        45      6       41

PRECIPITATION (IN)
  TODAY            0.00          0.53 2015   0.03  -0.03      T
  MONTH TO DATE    0.04                      0.55  -0.51      T
  SINCE OCT 1      0.04                      0.55  -0.51      T
  SINCE JAN 1      9.14                      8.02   1.12     9.72

SNOWFALL (IN)
  TODAY            0.0           1.4  1984   0.1   -0.1      0.0
  MONTH TO DATE    0.0                       1.4   -1.4       T
  SINCE SEP 1      5.0                       1.8    3.2       T
  SINCE JUL 1      5.0                       1.8    3.2       T
  SNOW DEPTH       0

DEGREE DAYS
 HEATING
  TODAY           14                        20     -6       24
  MONTH TO DATE  368                       295     73      257
  SINCE SEP 1    658                       547    111      492
  SINCE JUL 1    664                       611     53      529

 COOLING
  TODAY            0                         0      0        0
  MONTH TO DATE    0                         0      0        0
  SINCE SEP 1     24                         6     18       12
  SINCE JAN 1    433                       218    215      267
..................................................................


WIND (MPH)
  HIGHEST WIND SPEED    20   HIGHEST WIND DIRECTION     S (180)
  HIGHEST GUST SPEED    21   HIGHEST GUST DIRECTION    SW (240)



WEATHER CONDITIONS
 THE FOLLOWING WEATHER WAS RECORDED TODAY.
  NO SIGNIFICANT WEATHER WAS OBSERVED.


RELATIVE HUMIDITY (PERCENT)
 HIGHEST    33           600 AM
 LOWEST     13           200 PM
 AVERAGE    23

..........................................................


THE ELY AIRPORT NV CLIMATE NORMALS FOR TOMORROW
                         NORMAL    RECORD    YEAR
 MAXIMUM TEMPERATURE (F)   62        80      2003
 MINIMUM TEMPERATURE (F)   28         5      1984


SUNRISE AND SUNSET
OCTOBER 17 2017.......SUNRISE   652 AM PDT   SUNSET   557 PM PDT
OCTOBER 18 2017.......SUNRISE   653 AM PDT   SUNSET   556 PM PDT


-  INDICATES NEGATIVE NUMBERS.
R  INDICATES RECORD WAS SET OR TIED.
MM INDICATES DATA IS MISSING.
T  INDICATES TRACE AMOUNT.




$$
