695
CDUS45 KLKN 250930
CLIELY


CLIMATE REPORT
NATIONAL WEATHER SERVICE ELKO NV
227 AM PDT SUN JUN 25 2017


...................................

...THE ELY AIRPORT NV CLIMATE SUMMARY FOR JUNE 24 2017...

CLIMATE NORMAL PERIOD 1981 TO 2010
CLIMATE RECORD PERIOD 1893 TO 2017


WEATHER ITEM   OBSERVED TIME   RECORD YEAR NORMAL DEPARTURE LAST
                VALUE   (LST)  VALUE       VALUE  FROM      YEAR
                                                  NORMAL
..................................................................
TEMPERATURE (F)
 YESTERDAY
  MAXIMUM         92    332 PM  96    1988  83      9       86
                                      1981
  MINIMUM         42    341 AM  26    1993  44     -2       41
  AVERAGE         67                        63      4       64

PRECIPITATION (IN)
  YESTERDAY        0.00          0.39 1985   0.01  -0.01     0.00
  MONTH TO DATE    0.02                      0.59  -0.57     1.54
  SINCE OCT 1      7.97                      7.31   0.66    12.86
  SINCE JAN 1      6.19                      5.02   1.17     8.50

SNOWFALL (IN)
  YESTERDAY        0.0           0.0  1893   0.0    0.0      0.0
  MONTH TO DATE    T                         0.1   -0.1      0.0
  SINCE JUN 1      T                         0.1   -0.1      0.0
  SINCE JUL 1     68.0                      50.8   17.2    100.4
  SNOW DEPTH       0

DEGREE DAYS
 HEATING
  YESTERDAY        0                         3     -3        1
  MONTH TO DATE   68                       160    -92       59
  SINCE JUN 1     68                       160    -92       59
  SINCE JUL 1   6857                      7507   -650     7320

 COOLING
  YESTERDAY        2                         1      1        0
  MONTH TO DATE   51                        12     39       34
  SINCE JUN 1     51                        12     39       34
  SINCE JAN 1     51                        13     38       34
..................................................................


WIND (MPH)
  HIGHEST WIND SPEED    16   HIGHEST WIND DIRECTION     N (20)
  HIGHEST GUST SPEED    22   HIGHEST GUST DIRECTION     N (20)
  AVERAGE WIND SPEED     8.0



WEATHER CONDITIONS
 THE FOLLOWING WEATHER WAS RECORDED YESTERDAY.
  NO SIGNIFICANT WEATHER WAS OBSERVED.


RELATIVE HUMIDITY (PERCENT)
 HIGHEST    40           200 AM
 LOWEST     13          1100 AM
 AVERAGE    27

..........................................................


THE ELY AIRPORT NV CLIMATE NORMALS FOR TODAY
                         NORMAL    RECORD    YEAR
 MAXIMUM TEMPERATURE (F)   83        95      2015
                                             1994
                                             1981
 MINIMUM TEMPERATURE (F)   44        25      1950


SUNRISE AND SUNSET
JUNE 25 2017..........SUNRISE   514 AM PDT   SUNSET   810 PM PDT
JUNE 26 2017..........SUNRISE   515 AM PDT   SUNSET   810 PM PDT


-  INDICATES NEGATIVE NUMBERS.
R  INDICATES RECORD WAS SET OR TIED.
MM INDICATES DATA IS MISSING.
T  INDICATES TRACE AMOUNT.




$$
