000
CDUS45 KLKN 180930
CLIELY


CLIMATE REPORT
NATIONAL WEATHER SERVICE ELKO NV
226 AM PDT FRI APR 18 2014


...................................

...THE ELY AIRPORT NV CLIMATE SUMMARY FOR APRIL 17 2014...

CLIMATE NORMAL PERIOD 1981 TO 2010
CLIMATE RECORD PERIOD 1893 TO 2014


WEATHER ITEM   OBSERVED TIME   RECORD YEAR NORMAL DEPARTURE LAST
                VALUE   (LST)  VALUE       VALUE  FROM      YEAR
                                                  NORMAL
..................................................................
TEMPERATURE (F)
 YESTERDAY
  MAXIMUM         72    143 PM  78    1989  58     14       35
  MINIMUM         27    512 AM  12    2008  27      0       22
                                      1960
  AVERAGE         50                        43      7       29

PRECIPITATION (IN)
  YESTERDAY        0.00          0.80 1988   0.03  -0.03     0.05
  MONTH TO DATE    0.17                      0.53  -0.36     0.86
  SINCE OCT 1      5.00                      5.20  -0.20     5.66
  SINCE JAN 1      2.32                      2.91  -0.59     2.56

SNOWFALL (IN)
  YESTERDAY        0.0           3.4  1975   0.1   -0.1      0.5
  MONTH TO DATE    2.9                       3.4   -0.5      6.5
  SINCE MAR 1      7.3                      11.7   -4.4      9.6
  SINCE JUL 1     46.4                      46.6   -0.2     65.0
  SNOW DEPTH       0

DEGREE DAYS
 HEATING
  YESTERDAY       15                        22     -7       36
  MONTH TO DATE  370                       411    -41      395
  SINCE MAR 1   1203                      1301    -98     1156
  SINCE JUL 1   6222                      6638   -416     6375

 COOLING
  YESTERDAY        0                         0      0        0
  MONTH TO DATE    0                         0      0        0
  SINCE MAR 1      0                         0      0        0
  SINCE JAN 1      0                         0      0        0
..................................................................


WIND (MPH)
  HIGHEST WIND SPEED    25   HIGHEST WIND DIRECTION    SW (220)
  HIGHEST GUST SPEED    31   HIGHEST GUST DIRECTION    SW (230)
  AVERAGE WIND SPEED    12.1



WEATHER CONDITIONS
 THE FOLLOWING WEATHER WAS RECORDED YESTERDAY.
  NO SIGNIFICANT WEATHER WAS OBSERVED.


RELATIVE HUMIDITY (PERCENT)
 HIGHEST    81           500 AM
 LOWEST     16           100 PM
 AVERAGE    49

..........................................................


THE ELY AIRPORT NV CLIMATE NORMALS FOR TODAY
                         NORMAL    RECORD    YEAR
 MAXIMUM TEMPERATURE (F)   58        81      1989
 MINIMUM TEMPERATURE (F)   27        12      2002


SUNRISE AND SUNSET
APRIL 18 2014.........SUNRISE   558 AM PDT   SUNSET   720 PM PDT
APRIL 19 2014.........SUNRISE   557 AM PDT   SUNSET   721 PM PDT


-  INDICATES NEGATIVE NUMBERS.
R  INDICATES RECORD WAS SET OR TIED.
MM INDICATES DATA IS MISSING.
T  INDICATES TRACE AMOUNT.




$$
