000
CDUS45 KLKN 210934
CLIELY


CLIMATE REPORT
NATIONAL WEATHER SERVICE ELKO NV
131 AM PST SAT JAN 21 2017


...................................

...THE ELY AIRPORT NV CLIMATE SUMMARY FOR JANUARY 20 2017...

CLIMATE NORMAL PERIOD 1981 TO 2010
CLIMATE RECORD PERIOD 1893 TO 2017


WEATHER ITEM   OBSERVED TIME   RECORD YEAR NORMAL DEPARTURE LAST
                VALUE   (LST)  VALUE       VALUE  FROM      YEAR
                                                  NORMAL
..................................................................
TEMPERATURE (F)
 YESTERDAY
  MAXIMUM         31    745 PM  60    2005  40     -9       38
  MINIMUM          7    300 AM -16    1988  11     -4        3
                                      1973
  AVERAGE         19                        25     -6       21

PRECIPITATION (IN)
  YESTERDAY        0.02          0.71 1962   0.02   0.00     0.00
  MONTH TO DATE    1.29                      0.46   0.83     1.44
  SINCE OCT 1      3.07                      2.75   0.32     5.80
  SINCE JAN 1      1.29                      0.46   0.83     1.44

SNOWFALL (IN)
  YESTERDAY        0.8          11.9  1962   0.2    0.6      0.0
  MONTH TO DATE   18.9                       6.1   12.8     18.7
  SINCE DEC 1     28.0                      14.5   13.5     40.8
  SINCE JUL 1     33.9                      24.0    9.9     58.5
  SNOW DEPTH      13

DEGREE DAYS
 HEATING
  YESTERDAY       46                        40      6       44
  MONTH TO DATE  833                       800     33      923
  SINCE DEC 1   2060                      2032     28     2194
  SINCE JUL 1   3613                      3900   -287     3823

 COOLING
  YESTERDAY        0                         0      0        0
  MONTH TO DATE    0                         0      0        0
  SINCE DEC 1      0                         0      0        0
  SINCE JAN 1      0                         0      0        0
..................................................................


WIND (MPH)
  HIGHEST WIND SPEED    28   HIGHEST WIND DIRECTION    SE (140)
  HIGHEST GUST SPEED    33   HIGHEST GUST DIRECTION    SE (150)
  AVERAGE WIND SPEED    14.2



WEATHER CONDITIONS
 THE FOLLOWING WEATHER WAS RECORDED YESTERDAY.
  LIGHT SNOW
  FOG


RELATIVE HUMIDITY (PERCENT)
 HIGHEST   100           400 AM
 LOWEST     78          1200 PM
 AVERAGE    89

..........................................................


THE ELY AIRPORT NV CLIMATE NORMALS FOR TODAY
                         NORMAL    RECORD    YEAR
 MAXIMUM TEMPERATURE (F)   40        59      1994
 MINIMUM TEMPERATURE (F)   11       -13      1966


SUNRISE AND SUNSET
JANUARY 21 2017.......SUNRISE   654 AM PST   SUNSET   448 PM PST
JANUARY 22 2017.......SUNRISE   654 AM PST   SUNSET   449 PM PST


-  INDICATES NEGATIVE NUMBERS.
R  INDICATES RECORD WAS SET OR TIED.
MM INDICATES DATA IS MISSING.
T  INDICATES TRACE AMOUNT.




$$
