000
CDUS45 KLKN 310036
CLIELY


CLIMATE REPORT
NATIONAL WEATHER SERVICE ELKO NV
530 PM PDT THU JUL 30 2015


...................................

...THE ELY AIRPORT NV CLIMATE SUMMARY FOR JULY 30 2015...
VALID TODAY AS OF 500 PM LOCAL TIME.

CLIMATE NORMAL PERIOD 1981 TO 2010
CLIMATE RECORD PERIOD 1893 TO 2015


WEATHER ITEM   OBSERVED TIME   RECORD YEAR NORMAL DEPARTURE LAST
                VALUE   (LST)  VALUE       VALUE  FROM      YEAR
                                                  NORMAL
..................................................................
TEMPERATURE (F)
 TODAY
  MAXIMUM         93    158 PM  99    2000  88      5       84
  MINIMUM         42    402 AM  36    1950  49     -7       47
  AVERAGE         68                        69     -1       66

PRECIPITATION (IN)
  TODAY            0.00          0.67 1939   0.03  -0.03     0.00
  MONTH TO DATE    0.66                      0.61   0.05     0.43
  SINCE OCT 1      5.62                      8.00  -2.38     7.46
  SINCE JAN 1      4.45                      5.71  -1.26     4.78

SNOWFALL (IN)
  TODAY            0.0           0.0  1893   0.0    0.0      0.0
  MONTH TO DATE    0.0                       0.0    0.0      0.0
  SINCE JUN 1      0.0                       0.1   -0.1       T
  SINCE JUL 1      0.0                       0.0    0.0      0.0
  SNOW DEPTH       0

DEGREE DAYS
 HEATING
  TODAY            0                         0      0        0
  MONTH TO DATE   19                        20     -1        0
  SINCE JUN 1     74                       195   -121      140
  SINCE JUL 1     19                        20     -1        0

 COOLING
  TODAY            3                         4     -1        1
  MONTH TO DATE   75                       106    -31      203
  SINCE JUN 1    182                       129     53      222
  SINCE JAN 1    185                       130     55      224
..................................................................


WIND (MPH)
  HIGHEST WIND SPEED    15   HIGHEST WIND DIRECTION     N (350)
  HIGHEST GUST SPEED    20   HIGHEST GUST DIRECTION    NW (300)



WEATHER CONDITIONS
 THE FOLLOWING WEATHER WAS RECORDED TODAY.
  NO SIGNIFICANT WEATHER WAS OBSERVED.


RELATIVE HUMIDITY (PERCENT)
 HIGHEST    43           400 AM
 LOWEST      7           400 PM
 AVERAGE    25

..........................................................


THE ELY AIRPORT NV CLIMATE NORMALS FOR TOMORROW
                         NORMAL    RECORD    YEAR
 MAXIMUM TEMPERATURE (F)   88        97      2000
 MINIMUM TEMPERATURE (F)   49        35      1975


SUNRISE AND SUNSET
JULY 30 2015..........SUNRISE   538 AM PDT   SUNSET   754 PM PDT
JULY 31 2015..........SUNRISE   538 AM PDT   SUNSET   753 PM PDT


-  INDICATES NEGATIVE NUMBERS.
R  INDICATES RECORD WAS SET OR TIED.
MM INDICATES DATA IS MISSING.
T  INDICATES TRACE AMOUNT.




$$
