000
CDUS45 KLKN 110930
CLIELY


CLIMATE REPORT
NATIONAL WEATHER SERVICE ELKO NV
129 AM PST MON DEC 11 2017


...................................

...THE ELY AIRPORT NV CLIMATE SUMMARY FOR DECEMBER 10 2017...

CLIMATE NORMAL PERIOD 1981 TO 2010
CLIMATE RECORD PERIOD 1893 TO 2017


WEATHER ITEM   OBSERVED TIME   RECORD YEAR NORMAL DEPARTURE LAST
                VALUE   (LST)  VALUE       VALUE  FROM      YEAR
                                                  NORMAL
..................................................................
TEMPERATURE (F)
 YESTERDAY
  MAXIMUM         49    229 PM  61    1990  40      9       47
  MINIMUM          3    627 AM -28    1972  11     -8       28
  AVERAGE         26                        25      1       38

PRECIPITATION (IN)
  YESTERDAY        0.00          0.40 1902   0.02  -0.02     0.15
  MONTH TO DATE    T                         0.17  -0.17     0.15
  SINCE OCT 1      0.40                      1.87  -1.47     0.76
  SINCE JAN 1      9.50                      9.34   0.16    10.48

SNOWFALL (IN)
  YESTERDAY        0.0           4.0  1902   0.2   -0.2       T
  MONTH TO DATE    0.2                       2.1   -1.9      0.1
  SINCE DEC 1      0.2                       2.1   -1.9      0.1
  SINCE JUL 1      5.2                      11.6   -6.4      6.0
  SNOW DEPTH       0

DEGREE DAYS
 HEATING
  YESTERDAY       39                        40     -1       27
  MONTH TO DATE  372                       386    -14      394
  SINCE DEC 1    372                       386    -14      394
  SINCE JUL 1   2016                      2254   -238     1947

 COOLING
  YESTERDAY        0                         0      0        0
  MONTH TO DATE    0                         0      0        0
  SINCE DEC 1      0                         0      0        0
  SINCE JAN 1    433                       218    215      267
..................................................................


WIND (MPH)
  HIGHEST WIND SPEED    16   HIGHEST WIND DIRECTION     S (180)
  HIGHEST GUST SPEED    25   HIGHEST GUST DIRECTION    SW (210)
  AVERAGE WIND SPEED     9.2



WEATHER CONDITIONS
 THE FOLLOWING WEATHER WAS RECORDED YESTERDAY.
  NO SIGNIFICANT WEATHER WAS OBSERVED.


RELATIVE HUMIDITY (PERCENT)
 HIGHEST    63           200 AM
 LOWEST     11           200 PM
 AVERAGE    37

..........................................................


THE ELY AIRPORT NV CLIMATE NORMALS FOR TODAY
                         NORMAL    RECORD    YEAR
 MAXIMUM TEMPERATURE (F)   40        61      2004
 MINIMUM TEMPERATURE (F)   11       -24      1972


SUNRISE AND SUNSET
DECEMBER 11 2017......SUNRISE   649 AM PST   SUNSET   416 PM PST
DECEMBER 12 2017......SUNRISE   650 AM PST   SUNSET   417 PM PST


-  INDICATES NEGATIVE NUMBERS.
R  INDICATES RECORD WAS SET OR TIED.
MM INDICATES DATA IS MISSING.
T  INDICATES TRACE AMOUNT.




$$
