000
CDUS43 KTOP 010638
CLIEMP


CLIMATE REPORT
NATIONAL WEATHER SERVICE TOPEKA KS
137 AM CDT SAT NOV 1 2014


...................................

...THE EMPORIA KS CLIMATE SUMMARY FOR OCTOBER 31 2014...

CLIMATE NORMAL PERIOD 1981 TO 2010
CLIMATE RECORD PERIOD 9999 TO 9999


WEATHER ITEM   OBSERVED NORMAL DEPARTURE LAST
                VALUE   VALUE  FROM      YEAR
                               NORMAL
...............................................
TEMPERATURE (F)
 YESTERDAY
  MAXIMUM         48     63    -15       62
  MINIMUM         28     40    -12       46
  AVERAGE         38     52    -14       54

PRECIPITATION (IN)
  YESTERDAY        0.00   0.07  -0.07     2.03
  MONTH TO DATE    3.36   2.88   0.48     5.23
  SINCE SEP 1      7.16   6.27   0.89     8.18
  SINCE JAN 1     25.92  32.88  -6.96    32.27

DEGREE DAYS
 HEATING
  YESTERDAY       27     14     13       11
  MONTH TO DATE  211    277    -66      311
  SINCE SEP 1    257    326    -69      327
  SINCE JUL 1    259    327    -68      329

 COOLING
  YESTERDAY        0      0      0        0
  MONTH TO DATE   31     29      2       30
  SINCE SEP 1    177    194    -17      246
  SINCE JAN 1   1380   1402    -22     1375
...............................................


WIND (MPH)
  HIGHEST WIND SPEED    24   HIGHEST WIND DIRECTION     N (20)
  HIGHEST GUST SPEED    34   HIGHEST GUST DIRECTION     N (360)
  AVERAGE WIND SPEED    11.9


SKY COVER
  AVERAGE SKY COVER 0.2


WEATHER CONDITIONS
 THE FOLLOWING WEATHER WAS RECORDED YESTERDAY.
  NO SIGNIFICANT WEATHER WAS OBSERVED.


RELATIVE HUMIDITY (PERCENT)
 HIGHEST    83
 LOWEST     28
 AVERAGE    56

..........................................................


THE EMPORIA KS CLIMATE NORMALS FOR TODAY
                         NORMAL
 MAXIMUM TEMPERATURE (F)   63
 MINIMUM TEMPERATURE (F)   40


SUNRISE AND SUNSET
NOVEMBER  1 2014......SUNRISE   751 AM CDT   SUNSET   625 PM CDT
NOVEMBER  2 2014......SUNRISE   652 AM CST   SUNSET   524 PM CST


-  INDICATES NEGATIVE NUMBERS.
R  INDICATES RECORD WAS SET OR TIED.
MM INDICATES DATA IS MISSING.
T  INDICATES TRACE AMOUNT.




$$
