000
CDUS43 KTOP 182232
CLIEMP


CLIMATE REPORT
NATIONAL WEATHER SERVICE TOPEKA KS
431 PM CST THU JAN 18 2018


...................................

...THE EMPORIA KS CLIMATE SUMMARY FOR JANUARY 18 2018...
VALID TODAY AS OF 0400 PM LOCAL TIME.

CLIMATE NORMAL PERIOD 1981 TO 2010
CLIMATE RECORD PERIOD 9999 TO 9999


WEATHER ITEM   OBSERVED NORMAL DEPARTURE LAST
                VALUE   VALUE  FROM      YEAR
                               NORMAL
...............................................
TEMPERATURE (F)
 TODAY
  MAXIMUM         46     41      5       55
  MINIMUM         14     21     -7       28
  AVERAGE         30     31     -1       42

PRECIPITATION (IN)
  TODAY            0.00   0.02  -0.02     0.00
  MONTH TO DATE    0.64   0.25   0.39     1.02
  SINCE DEC 1      0.88   1.60  -0.72     1.79
  SINCE JAN 1      0.64   0.25   0.39     1.02

DEGREE DAYS
 HEATING
  TODAY           35     34      1       23
  MONTH TO DATE  739    612    127      615
  SINCE DEC 1   1694   1605     89     1661
  SINCE JUL 1   2513   2545    -32     2211

 COOLING
  TODAY            0      0      0        0
  MONTH TO DATE    0      0      0        0
  SINCE DEC 1      0      0      0        0
  SINCE JAN 1      0      0      0        0
...............................................


WIND (MPH)
  HIGHEST WIND SPEED    28   HIGHEST WIND DIRECTION     S (200)
  HIGHEST GUST SPEED    34   HIGHEST GUST DIRECTION    SW (210)
  AVERAGE WIND SPEED    11.7



WEATHER CONDITIONS
 THE FOLLOWING WEATHER WAS RECORDED TODAY.
  NO SIGNIFICANT WEATHER WAS OBSERVED.


RELATIVE HUMIDITY (PERCENT)
 HIGHEST    73
 LOWEST     37
 AVERAGE    55

..........................................................


THE EMPORIA KS CLIMATE NORMALS FOR TOMORROW
                         NORMAL
 MAXIMUM TEMPERATURE (F)   41
 MINIMUM TEMPERATURE (F)   21


SUNRISE AND SUNSET
JANUARY 18 2018.......SUNRISE   739 AM CST   SUNSET   532 PM CST
JANUARY 19 2018.......SUNRISE   739 AM CST   SUNSET   533 PM CST


-  INDICATES NEGATIVE NUMBERS.
R  INDICATES RECORD WAS SET OR TIED.
MM INDICATES DATA IS MISSING.
T  INDICATES TRACE AMOUNT.




$$
