000
CDUS43 KTOP 272159 CCA
CLIEMP

CLIMATE REPORT
NATIONAL WEATHER SERVICE TOPEKA KS...CORRECTION
451 PM CDT THU AUG 27 2015


...................................

...THE EMPORIA KS CLIMATE SUMMARY FOR AUGUST 27 2015...
VALID TODAY AS OF 430 PM LOCAL TIME.

CLIMATE NORMAL PERIOD 1981 TO 2010
CLIMATE RECORD PERIOD 9999 TO 9999


WEATHER ITEM   OBSERVED NORMAL DEPARTURE LAST
                VALUE   VALUE  FROM      YEAR
                               NORMAL
...............................................
TEMPERATURE (F)
 TODAY
  MAXIMUM         88     88      0       93
  MINIMUM         65     63      2       69
  AVERAGE         77     76      1       81

PRECIPITATION (IN)
  TODAY            0.00   0.14  -0.14     0.00
  MONTH TO DATE    3.51   3.19   0.32     3.33
  SINCE JUN 1     10.51  13.30  -2.79    11.40
  SINCE JAN 1     25.55  25.98  -0.43    17.01

DEGREE DAYS
 HEATING
  TODAY            0      0      0        0
  MONTH TO DATE    0      0      0        0
  SINCE JUN 1      3      8     -5        6
  SINCE JUL 1      0      0      0        2

 COOLING
  TODAY           12     11      1       16
  MONTH TO DATE  262    349    -87      389
  SINCE JUN 1   1079   1046     33      963
  SINCE JAN 1   1147   1165    -18     1139
...............................................


WIND (MPH)
  HIGHEST WIND SPEED    25   HIGHEST WIND DIRECTION    SE (150)
  HIGHEST GUST SPEED    31   HIGHEST GUST DIRECTION     S (160)
  AVERAGE WIND SPEED    12.2



WEATHER CONDITIONS
 THE FOLLOWING WEATHER WAS RECORDED TODAY.
  NO SIGNIFICANT WEATHER WAS OBSERVED.


RELATIVE HUMIDITY (PERCENT)
 HIGHEST    87
 LOWEST     44
 AVERAGE    66

..........................................................


THE EMPORIA KS CLIMATE NORMALS FOR TOMORROW
                         NORMAL
 MAXIMUM TEMPERATURE (F)   88
 MINIMUM TEMPERATURE (F)   63


SUNRISE AND SUNSET
AUGUST 27 2015........SUNRISE   650 AM CDT   SUNSET   802 PM CDT
AUGUST 28 2015........SUNRISE   651 AM CDT   SUNSET   801 PM CDT


-  INDICATES NEGATIVE NUMBERS.
R  INDICATES RECORD WAS SET OR TIED.
MM INDICATES DATA IS MISSING.
T  INDICATES TRACE AMOUNT.




$$
