000
CDUS43 KTOP 222134
CLIEMP


CLIMATE REPORT
NATIONAL WEATHER SERVICE TOPEKA KS
433 PM CDT FRI AUG 22 2014


...................................

...THE EMPORIA KS CLIMATE SUMMARY FOR AUGUST 22 2014...
VALID TODAY AS OF 0400 PM LOCAL TIME.

CLIMATE NORMAL PERIOD 1981 TO 2010
CLIMATE RECORD PERIOD 9999 TO 9999


WEATHER ITEM   OBSERVED NORMAL DEPARTURE LAST
                VALUE   VALUE  FROM      YEAR
                               NORMAL
...............................................
TEMPERATURE (F)
 TODAY
  MAXIMUM         92     89      3       90
  MINIMUM         75     65     10       69
  AVERAGE         84     77      7       80

PRECIPITATION (IN)
  TODAY            T      0.16  -0.16     0.00
  MONTH TO DATE    3.33   2.40   0.93     4.91
  SINCE JUN 1     11.40  12.51  -1.11    11.52
  SINCE JAN 1     17.01  25.19  -8.18    24.09

DEGREE DAYS
 HEATING
  TODAY            0      0      0        0
  MONTH TO DATE    0      0      0        0
  SINCE JUN 1      6      8     -2       14
  SINCE JUL 1      2      0      2        2

 COOLING
  TODAY           19     12      7       15
  MONTH TO DATE  295    293      2      181
  SINCE JUN 1    869    990   -121      868
  SINCE JAN 1   1045   1109    -64      984
...............................................


WIND (MPH)
  HIGHEST WIND SPEED    22   HIGHEST WIND DIRECTION     S (190)
  HIGHEST GUST SPEED    26   HIGHEST GUST DIRECTION     S (190)
  AVERAGE WIND SPEED    12.4



WEATHER CONDITIONS
 THE FOLLOWING WEATHER WAS RECORDED TODAY.
  THUNDERSTORM
  LIGHT RAIN


RELATIVE HUMIDITY (PERCENT)
 HIGHEST    82
 LOWEST     50
 AVERAGE    66

..........................................................


THE EMPORIA KS CLIMATE NORMALS FOR TOMORROW
                         NORMAL
 MAXIMUM TEMPERATURE (F)   89
 MINIMUM TEMPERATURE (F)   64


SUNRISE AND SUNSET
AUGUST 22 2014........SUNRISE   646 AM CDT   SUNSET   809 PM CDT
AUGUST 23 2014........SUNRISE   646 AM CDT   SUNSET   808 PM CDT


-  INDICATES NEGATIVE NUMBERS.
R  INDICATES RECORD WAS SET OR TIED.
MM INDICATES DATA IS MISSING.
T  INDICATES TRACE AMOUNT.




$$
