000
CDUS43 KTOP 190631
CLIEMP


CLIMATE REPORT
NATIONAL WEATHER SERVICE TOPEKA KS
131 AM CDT SAT APR 19 2014


...................................

...THE EMPORIA KS CLIMATE SUMMARY FOR APRIL 18 2014...

CLIMATE NORMAL PERIOD 1981 TO 2010
CLIMATE RECORD PERIOD 9999 TO 9999


WEATHER ITEM   OBSERVED NORMAL DEPARTURE LAST
                VALUE   VALUE  FROM      YEAR
                               NORMAL
...............................................
TEMPERATURE (F)
 YESTERDAY
  MAXIMUM         69     69      0       43
  MINIMUM         29     45    -16       33
  AVERAGE         49     57     -8       38

PRECIPITATION (IN)
  YESTERDAY        0.00   0.12  -0.12     0.10
  MONTH TO DATE    0.51   1.65  -1.14     1.99
  SINCE MAR 1      0.92   4.18  -3.26     3.67
  SINCE JAN 1      1.41   6.04  -4.63     6.45

DEGREE DAYS
 HEATING
  YESTERDAY       16      9      7       27
  MONTH TO DATE  252    211     41      296
  SINCE MAR 1    991    821    170     1082
  SINCE JUL 1   5316   4643    673     4678

 COOLING
  YESTERDAY        0      1     -1        0
  MONTH TO DATE    5     12     -7        0
  SINCE MAR 1      5     14     -9        0
  SINCE JAN 1      5     14     -9        0
...............................................


WIND (MPH)
  HIGHEST WIND SPEED    18   HIGHEST WIND DIRECTION    SE (130)
  HIGHEST GUST SPEED    23   HIGHEST GUST DIRECTION    SE (130)
  AVERAGE WIND SPEED     7.2


SKY COVER
  AVERAGE SKY COVER 0.0


WEATHER CONDITIONS
 THE FOLLOWING WEATHER WAS RECORDED YESTERDAY.
  FOG
  HAZE


RELATIVE HUMIDITY (PERCENT)
 HIGHEST   100
 LOWEST     33
 AVERAGE    67

..........................................................


THE EMPORIA KS CLIMATE NORMALS FOR TODAY
                         NORMAL
 MAXIMUM TEMPERATURE (F)   69
 MINIMUM TEMPERATURE (F)   45


SUNRISE AND SUNSET
APRIL 19 2014.........SUNRISE   643 AM CDT   SUNSET   805 PM CDT
APRIL 20 2014.........SUNRISE   642 AM CDT   SUNSET   806 PM CDT


-  INDICATES NEGATIVE NUMBERS.
R  INDICATES RECORD WAS SET OR TIED.
MM INDICATES DATA IS MISSING.
T  INDICATES TRACE AMOUNT.




$$
