825
CDUS43 KTOP 230637
CLIEMP


CLIMATE REPORT
NATIONAL WEATHER SERVICE TOPEKA KS
136 AM CDT MON OCT 23 2017


...................................

...THE EMPORIA KS CLIMATE SUMMARY FOR OCTOBER 22 2017...

CLIMATE NORMAL PERIOD 1981 TO 2010
CLIMATE RECORD PERIOD 9999 TO 9999


WEATHER ITEM   OBSERVED NORMAL DEPARTURE LAST
                VALUE   VALUE  FROM      YEAR
                               NORMAL
...............................................
TEMPERATURE (F)
 YESTERDAY
  MAXIMUM         68     67      1       77
  MINIMUM         43     43      0       44
  AVERAGE         56     55      1       61

PRECIPITATION (IN)
  YESTERDAY        T      0.10  -0.10     0.00
  MONTH TO DATE    3.67   2.16   1.51     1.21
  SINCE SEP 1      6.34   5.55   0.79     8.88
  SINCE JAN 1     32.79  32.16   0.63    37.47

DEGREE DAYS
 HEATING
  YESTERDAY        9     11     -2        4
  MONTH TO DATE   78    167    -89      104
  SINCE SEP 1     92    216   -124      126
  SINCE JUL 1     92    217   -125      126

 COOLING
  YESTERDAY        0      0      0        0
  MONTH TO DATE   61     29     32       41
  SINCE SEP 1    265    194     71      263
  SINCE JAN 1   1355   1402    -47     1599
...............................................


WIND (MPH)
  HIGHEST WIND SPEED    14   HIGHEST WIND DIRECTION    NW (320)
  HIGHEST GUST SPEED    20   HIGHEST GUST DIRECTION     W (290)
  AVERAGE WIND SPEED     6.8


SKY COVER
  AVERAGE SKY COVER 0.0


WEATHER CONDITIONS
 THE FOLLOWING WEATHER WAS RECORDED YESTERDAY.
  LIGHT RAIN
  FOG


RELATIVE HUMIDITY (PERCENT)
 HIGHEST    93
 LOWEST     22
 AVERAGE    58

..........................................................


THE EMPORIA KS CLIMATE NORMALS FOR TODAY
                         NORMAL
 MAXIMUM TEMPERATURE (F)   66
 MINIMUM TEMPERATURE (F)   43


SUNRISE AND SUNSET
OCTOBER 23 2017.......SUNRISE   742 AM CDT   SUNSET   636 PM CDT
OCTOBER 24 2017.......SUNRISE   743 AM CDT   SUNSET   634 PM CDT


-  INDICATES NEGATIVE NUMBERS.
R  INDICATES RECORD WAS SET OR TIED.
MM INDICATES DATA IS MISSING.
T  INDICATES TRACE AMOUNT.




$$
