000
CDUS46 KOTX 110830
CLIEPH


CLIMATE REPORT
NATIONAL WEATHER SERVICE SPOKANE, WA
1230 AM PST MON DEC 11 2017


...................................

...THE EPHRATA WA AIRPORT CLIMATE SUMMARY FOR DECEMBER 10 2017...

CLIMATE NORMAL PERIOD 1981 TO 2010
CLIMATE RECORD PERIOD 9999 TO 9999


WEATHER ITEM   OBSERVED TIME   RECORD YEAR NORMAL DEPARTURE LAST
                VALUE   (LST)  VALUE       VALUE  FROM      YEAR
                                                  NORMAL
..................................................................
TEMPERATURE (F)
 YESTERDAY
  MAXIMUM         33   1103 AM  58    1956  34     -1       24
  MINIMUM         29    410 AM   0    1963  22      7        2
  AVERAGE         31                        28      3       13

PRECIPITATION (IN)
  YESTERDAY        0.00          0.60 1992   0.04  -0.04     0.01
  MONTH TO DATE    0.01                      0.41  -0.40     0.21
  SINCE OCT 1      2.18                      2.00   0.18     3.49
  SINCE JAN 1      8.08                      7.02   1.06     9.85

SNOWFALL (IN)
  YESTERDAY       MM

DEGREE DAYS
 HEATING
  YESTERDAY       34                        37     -3       52
  MONTH TO DATE  327                       358    -31      379
  SINCE DEC 1    327                       358    -31      379
  SINCE JUL 1   1707                      1777    -70     1502

 COOLING
  YESTERDAY        0                         0      0        0
  MONTH TO DATE    0                         0      0        0
  SINCE DEC 1      0                         0      0        0
  SINCE JAN 1   1072                       772    300      751
..................................................................


WIND (MPH)
  HIGHEST WIND SPEED     7   HIGHEST WIND DIRECTION     N (20)
  HIGHEST GUST SPEED     9   HIGHEST GUST DIRECTION     N (20)
  AVERAGE WIND SPEED     1.2


SKY COVER
  POSSIBLE SUNSHINE  MM
  AVERAGE SKY COVER 1.0


WEATHER CONDITIONS
 THE FOLLOWING WEATHER WAS RECORDED YESTERDAY.
  NO SIGNIFICANT WEATHER WAS OBSERVED.


RELATIVE HUMIDITY (PERCENT)
 HIGHEST    78          1200 AM
 LOWEST     66          1100 AM
 AVERAGE    72

..........................................................


THE EPHRATA WA AIRPORT CLIMATE NORMALS FOR TODAY
                         NORMAL    RECORD    YEAR
 MAXIMUM TEMPERATURE (F)   34        53      2004
 MINIMUM TEMPERATURE (F)   22        -2      1963


SUNRISE AND SUNSET
DECEMBER 11 2017......SUNRISE   735 AM PST   SUNSET   408 PM PST
DECEMBER 12 2017......SUNRISE   736 AM PST   SUNSET   408 PM PST


-  INDICATES NEGATIVE NUMBERS.
R  INDICATES RECORD WAS SET OR TIED.
MM INDICATES DATA IS MISSING.
T  INDICATES TRACE AMOUNT.




$$
