000
CDUS46 KOTX 240836
CLIEPH


CLIMATE REPORT
NATIONAL WEATHER SERVICE SPOKANE, WA
1236 AM PST TUE JAN 24 2017


...................................

...THE EPHRATA WA AIRPORT CLIMATE SUMMARY FOR JANUARY 23 2017...

CLIMATE NORMAL PERIOD 1981 TO 2010
CLIMATE RECORD PERIOD 9999 TO 9999


WEATHER ITEM   OBSERVED TIME   RECORD YEAR NORMAL DEPARTURE LAST
                VALUE   (LST)  VALUE       VALUE  FROM      YEAR
                                                  NORMAL
..................................................................
TEMPERATURE (F)
 YESTERDAY
  MAXIMUM         37    330 PM  51    1981  37      0       42
  MINIMUM         22   1159 PM -12    1969  23     -1       31
  AVERAGE         30                        30      0       37

PRECIPITATION (IN)
  YESTERDAY        0.00          0.45 1965   0.03  -0.03     0.13
  MONTH TO DATE    0.95                      0.71   0.24     1.54
  SINCE OCT 1      4.55                      3.54   1.01     4.26
  SINCE JAN 1      0.95                      0.71   0.24     1.54

SNOWFALL (IN)
  YESTERDAY       MM

DEGREE DAYS
 HEATING
  YESTERDAY       35                        35      0       28
  MONTH TO DATE 1062                       847    215      788
  SINCE DEC 1   2352                      2014    338     1831
  SINCE JUL 1   3475                      3433     42     2987

 COOLING
  YESTERDAY        0                         0      0        0
  MONTH TO DATE    0                         0      0        0
  SINCE DEC 1      0                         0      0        0
  SINCE JAN 1      0                         0      0        0
..................................................................


WIND (MPH)
  HIGHEST WIND SPEED    12   HIGHEST WIND DIRECTION     N (340)
  HIGHEST GUST SPEED    13   HIGHEST GUST DIRECTION    NW (330)
  AVERAGE WIND SPEED     4.8


SKY COVER
  POSSIBLE SUNSHINE  MM
  AVERAGE SKY COVER 0.9


WEATHER CONDITIONS
 THE FOLLOWING WEATHER WAS RECORDED YESTERDAY.
  FOG


RELATIVE HUMIDITY (PERCENT)
 HIGHEST    92           200 AM
 LOWEST     70           400 PM
 AVERAGE    81

..........................................................


THE EPHRATA WA AIRPORT CLIMATE NORMALS FOR TODAY
                         NORMAL    RECORD    YEAR
 MAXIMUM TEMPERATURE (F)   37        54      1968
 MINIMUM TEMPERATURE (F)   24        -6      1950


SUNRISE AND SUNSET
JANUARY 24 2017.......SUNRISE   733 AM PST   SUNSET   448 PM PST
JANUARY 25 2017.......SUNRISE   732 AM PST   SUNSET   450 PM PST


-  INDICATES NEGATIVE NUMBERS.
R  INDICATES RECORD WAS SET OR TIED.
MM INDICATES DATA IS MISSING.
T  INDICATES TRACE AMOUNT.




$$
