034
CDUS46 KOTX 270828
CLIEPH


CLIMATE REPORT
NATIONAL WEATHER SERVICE SPOKANE, WA
128 AM PDT FRI MAY 27 2016


...................................

...THE EPHRATA WA AIRPORT CLIMATE SUMMARY FOR MAY 26 2016...

CLIMATE NORMAL PERIOD 1981 TO 2010
CLIMATE RECORD PERIOD 9999 TO 9999


WEATHER ITEM   OBSERVED TIME   RECORD YEAR NORMAL DEPARTURE LAST
                VALUE   (LST)  VALUE       VALUE  FROM      YEAR
                                                  NORMAL
..................................................................
TEMPERATURE (F)
 YESTERDAY
  MAXIMUM         75    237 PM  98    1958  75      0       74
  MINIMUM         48    458 AM  38    1978  49     -1       54
  AVERAGE         62                        62      0       64

PRECIPITATION (IN)
  YESTERDAY        0.00          0.53 1997   0.02  -0.02     0.26
  MONTH TO DATE    0.53                      0.51   0.02     1.18
  SINCE OCT 1      7.42                      6.15   1.27     6.85
  SINCE JAN 1      4.70                      3.32   1.38     4.06

SNOWFALL (IN)
  YESTERDAY       MM

DEGREE DAYS
 HEATING
  YESTERDAY        3                         4     -1        1
  MONTH TO DATE   69                       192   -123       75
  SINCE MAR 1    890                      1316   -426      984
  SINCE JUL 1   4843                      5889  -1046     4678

 COOLING
  YESTERDAY        0                         2     -2        0
  MONTH TO DATE   27                        26      1       45
  SINCE MAR 1     32                        28      4       45
  SINCE JAN 1     32                        28      4       45
..................................................................


WIND (MPH)
  HIGHEST WIND SPEED    28   HIGHEST WIND DIRECTION    NW (300)
  HIGHEST GUST SPEED    38   HIGHEST GUST DIRECTION    NW (310)
  AVERAGE WIND SPEED    10.4


SKY COVER
  POSSIBLE SUNSHINE  MM
  AVERAGE SKY COVER 0.1


WEATHER CONDITIONS
 THE FOLLOWING WEATHER WAS RECORDED YESTERDAY.
  NO SIGNIFICANT WEATHER WAS OBSERVED.


RELATIVE HUMIDITY (PERCENT)
 HIGHEST    71           500 AM
 LOWEST     25           300 PM
 AVERAGE    48

..........................................................


THE EPHRATA WA AIRPORT CLIMATE NORMALS FOR TODAY
                         NORMAL    RECORD    YEAR
 MAXIMUM TEMPERATURE (F)   75        95      1958
 MINIMUM TEMPERATURE (F)   50        35      2011


SUNRISE AND SUNSET
MAY 27 2016...........SUNRISE   509 AM PDT   SUNSET   842 PM PDT
MAY 28 2016...........SUNRISE   508 AM PDT   SUNSET   843 PM PDT


-  INDICATES NEGATIVE NUMBERS.
R  INDICATES RECORD WAS SET OR TIED.
MM INDICATES DATA IS MISSING.
T  INDICATES TRACE AMOUNT.




$$
