000
CDUS46 KOTX 310829
CLIEPH


CLIMATE REPORT
NATIONAL WEATHER SERVICE SPOKANE, WA
128 AM PDT THU JUL 31 2014


...................................

...THE EPHRATA WA AIRPORT CLIMATE SUMMARY FOR JULY 30 2014...

CLIMATE NORMAL PERIOD 1981 TO 2010
CLIMATE RECORD PERIOD 9999 TO 9999


WEATHER ITEM   OBSERVED TIME   RECORD YEAR NORMAL DEPARTURE LAST
                VALUE   (LST)  VALUE       VALUE  FROM      YEAR
                                                  NORMAL
..................................................................
TEMPERATURE (F)
 YESTERDAY
  MAXIMUM        103    408 PM 105    1971  90     13       92
  MINIMUM         72    536 AM  43    1993  62     10       68
  AVERAGE         88                        76     12       80

PRECIPITATION (IN)
  YESTERDAY        0.00          0.60 1997   0.01  -0.01     0.00
  MONTH TO DATE    T                         0.39  -0.39      T
  SINCE OCT 1      3.81                      7.29  -3.48     7.41
  SINCE JAN 1      3.06                      4.46  -1.40     3.61

SNOWFALL (IN)
  YESTERDAY       MM            MM      MM   0.0   MM       MM
  MONTH TO DATE   MM                         0.0   MM       MM
  SINCE JUN 1     MM                         0.0   MM       MM
  SINCE JUL 1     MM                         0.0   MM       MM
  SNOW DEPTH      MM

DEGREE DAYS
 HEATING
  YESTERDAY        0                         0      0        0
  MONTH TO DATE    1                         4     -3        0
  SINCE JUN 1     24                        64    -40       58
  SINCE JUL 1      1                         4     -3        0

 COOLING
  YESTERDAY       23                        11     12       15
  MONTH TO DATE  453                       283    170      429
  SINCE JUN 1    599                       393    206      541
  SINCE JAN 1    643                       430    213      598
..................................................................


WIND (MPH)
  HIGHEST WIND SPEED    24   HIGHEST WIND DIRECTION    NW (320)
  HIGHEST GUST SPEED    28   HIGHEST GUST DIRECTION    NW (310)
  AVERAGE WIND SPEED    10.2


SKY COVER
  POSSIBLE SUNSHINE  MM
  AVERAGE SKY COVER 0.0


WEATHER CONDITIONS
 THE FOLLOWING WEATHER WAS RECORDED YESTERDAY.
  NO SIGNIFICANT WEATHER WAS OBSERVED.


RELATIVE HUMIDITY (PERCENT)
 HIGHEST    27           500 AM
 LOWEST      6           300 PM
 AVERAGE    17

..........................................................


THE EPHRATA WA AIRPORT CLIMATE NORMALS FOR TODAY
                         NORMAL    RECORD    YEAR
 MAXIMUM TEMPERATURE (F)   90       107      1971
 MINIMUM TEMPERATURE (F)   62        49      1964


SUNRISE AND SUNSET
JULY 31 2014..........SUNRISE   535 AM PDT   SUNSET   833 PM PDT
AUGUST  1 2014........SUNRISE   537 AM PDT   SUNSET   831 PM PDT


-  INDICATES NEGATIVE NUMBERS.
R  INDICATES RECORD WAS SET OR TIED.
MM INDICATES DATA IS MISSING.
T  INDICATES TRACE AMOUNT.




$$
