000
CDUS46 KOTX 310824
CLIEPH


CLIMATE REPORT
NATIONAL WEATHER SERVICE SPOKANE, WA
122 AM PDT FRI JUL 31 2015


...................................

...THE EPHRATA WA AIRPORT CLIMATE SUMMARY FOR JULY 30 2015...

CLIMATE NORMAL PERIOD 1981 TO 2010
CLIMATE RECORD PERIOD 9999 TO 9999


WEATHER ITEM   OBSERVED TIME   RECORD YEAR NORMAL DEPARTURE LAST
                VALUE   (LST)  VALUE       VALUE  FROM      YEAR
                                                  NORMAL
..................................................................
TEMPERATURE (F)
 YESTERDAY
  MAXIMUM         99    443 PM 105    1971  90      9      103
  MINIMUM         59    434 AM  43    1993  62     -3       72
  AVERAGE         79                        76      3       88

PRECIPITATION (IN)
  YESTERDAY        0.00          0.60 1997   0.01  -0.01     0.00
  MONTH TO DATE    0.05                      0.39  -0.34      T
  SINCE OCT 1      6.90                      7.29  -0.39     3.81
  SINCE JAN 1      4.11                      4.46  -0.35     3.06

SNOWFALL (IN)
  YESTERDAY       MM

DEGREE DAYS
 HEATING
  YESTERDAY        0                         0      0        0
  MONTH TO DATE    0                         4     -4        1
  SINCE JUN 1      4                        64    -60       24
  SINCE JUL 1      0                         4     -4        1

 COOLING
  YESTERDAY       14                        11      3       23
  MONTH TO DATE  435                       283    152      453
  SINCE JUN 1    808                       393    415      599
  SINCE JAN 1    893                       430    463      643
..................................................................


WIND (MPH)
  HIGHEST WIND SPEED    14   HIGHEST WIND DIRECTION    SW (220)
  HIGHEST GUST SPEED    18   HIGHEST GUST DIRECTION    SW (230)
  AVERAGE WIND SPEED     5.3


SKY COVER
  POSSIBLE SUNSHINE  MM
  AVERAGE SKY COVER 0.0


WEATHER CONDITIONS
 THE FOLLOWING WEATHER WAS RECORDED YESTERDAY.
  NO SIGNIFICANT WEATHER WAS OBSERVED.


RELATIVE HUMIDITY (PERCENT)
 HIGHEST    49           400 AM
 LOWEST     11          1200 PM
 AVERAGE    30

..........................................................


THE EPHRATA WA AIRPORT CLIMATE NORMALS FOR TODAY
                         NORMAL    RECORD    YEAR
 MAXIMUM TEMPERATURE (F)   90       107      1971
 MINIMUM TEMPERATURE (F)   62        49      1964


SUNRISE AND SUNSET
JULY 31 2015..........SUNRISE   535 AM PDT   SUNSET   833 PM PDT
AUGUST  1 2015........SUNRISE   536 AM PDT   SUNSET   832 PM PDT


-  INDICATES NEGATIVE NUMBERS.
R  INDICATES RECORD WAS SET OR TIED.
MM INDICATES DATA IS MISSING.
T  INDICATES TRACE AMOUNT.




$$
