000
CDUS46 KOTX 220830
CLIEPH


CLIMATE REPORT
NATIONAL WEATHER SERVICE SPOKANE, WA
129 AM PDT SUN OCT 22 2017


...................................

...THE EPHRATA WA AIRPORT CLIMATE SUMMARY FOR OCTOBER 21 2017...

CLIMATE NORMAL PERIOD 1981 TO 2010
CLIMATE RECORD PERIOD 9999 TO 9999


WEATHER ITEM   OBSERVED TIME   RECORD YEAR NORMAL DEPARTURE LAST
                VALUE   (LST)  VALUE       VALUE  FROM      YEAR
                                                  NORMAL
..................................................................
TEMPERATURE (F)
 YESTERDAY
  MAXIMUM         48   1154 PM  81    2003  59    -11       54
  MINIMUM         33    153 AM  22    1984  37     -4       38
  AVERAGE         41                        48     -7       46

PRECIPITATION (IN)
  YESTERDAY        0.47R         0.34 1975   0.02   0.45     0.00
  MONTH TO DATE    0.67                      0.30   0.37     1.91
  SINCE OCT 1      0.67                      0.30   0.37     1.91
  SINCE JAN 1      6.57                      5.32   1.25     8.27

SNOWFALL (IN)
  YESTERDAY       MM

DEGREE DAYS
 HEATING
  YESTERDAY       24                        17      7       19
  MONTH TO DATE  322                       259     63      292
  SINCE SEP 1    427                       369     58      381
  SINCE JUL 1    427                       386     41      383

 COOLING
  YESTERDAY        0                         0      0        0
  MONTH TO DATE    0                         0      0        0
  SINCE SEP 1    101                        75     26       19
  SINCE JAN 1   1072                       769    303      751
..................................................................


WIND (MPH)
  HIGHEST WIND SPEED    13   HIGHEST WIND DIRECTION    SE (150)
  HIGHEST GUST SPEED    15   HIGHEST GUST DIRECTION     S (160)
  AVERAGE WIND SPEED     5.7


SKY COVER
  POSSIBLE SUNSHINE  MM
  AVERAGE SKY COVER 0.8


WEATHER CONDITIONS
 THE FOLLOWING WEATHER WAS RECORDED YESTERDAY.
  RAIN
  LIGHT RAIN
  FOG


RELATIVE HUMIDITY (PERCENT)
 HIGHEST    89           300 PM
 LOWEST     51          1200 AM
 AVERAGE    70

..........................................................


THE EPHRATA WA AIRPORT CLIMATE NORMALS FOR TODAY
                         NORMAL    RECORD    YEAR
 MAXIMUM TEMPERATURE (F)   59        74      2003
 MINIMUM TEMPERATURE (F)   36        24      1984


SUNRISE AND SUNSET
OCTOBER 22 2017.......SUNRISE   727 AM PDT   SUNSET   557 PM PDT
OCTOBER 23 2017.......SUNRISE   729 AM PDT   SUNSET   555 PM PDT


-  INDICATES NEGATIVE NUMBERS.
R  INDICATES RECORD WAS SET OR TIED.
MM INDICATES DATA IS MISSING.
T  INDICATES TRACE AMOUNT.




$$
