000
CDUS46 KOTX 270838
CLIEPH


CLIMATE REPORT
NATIONAL WEATHER SERVICE SPOKANE, WA
133 AM PDT THU APR 27 2017


...................................

...THE EPHRATA WA AIRPORT CLIMATE SUMMARY FOR APRIL 26 2017...

CLIMATE NORMAL PERIOD 1981 TO 2010
CLIMATE RECORD PERIOD 9999 TO 9999


WEATHER ITEM   OBSERVED TIME   RECORD YEAR NORMAL DEPARTURE LAST
                VALUE   (LST)  VALUE       VALUE  FROM      YEAR
                                                  NORMAL
..................................................................
TEMPERATURE (F)
 YESTERDAY
  MAXIMUM         64    321 PM  82    1987  66     -2       67
  MINIMUM         38    409 AM  26    1970  40     -2       46
  AVERAGE         51                        53     -2       57

PRECIPITATION (IN)
  YESTERDAY        0.01          0.39 1989   0.02  -0.01     0.00
  MONTH TO DATE    1.36                      0.43   0.93     0.25
  SINCE OCT 1      8.35                      5.59   2.76     6.59
  SINCE JAN 1      4.75                      2.76   1.99     3.87

DEGREE DAYS
 HEATING
  YESTERDAY       14                        12      2        8
  MONTH TO DATE  408                       393     15      187
  SINCE MAR 1   1090                      1077     13      788
  SINCE JUL 1   5868                      5650    218     4741

 COOLING
  YESTERDAY        0                         0      0        0
  MONTH TO DATE    0                         0      0        5
  SINCE MAR 1      0                         0      0        5
  SINCE JAN 1      0                         0      0        5
..................................................................


WIND (MPH)
  HIGHEST WIND SPEED    24   HIGHEST WIND DIRECTION     W (260)
  HIGHEST GUST SPEED    29   HIGHEST GUST DIRECTION     W (250)
  AVERAGE WIND SPEED    11.5


SKY COVER
  POSSIBLE SUNSHINE  MM
  AVERAGE SKY COVER 0.3


WEATHER CONDITIONS
 THE FOLLOWING WEATHER WAS RECORDED YESTERDAY.
  LIGHT RAIN


RELATIVE HUMIDITY (PERCENT)
 HIGHEST    82           300 AM
 LOWEST     25           400 PM
 AVERAGE    54

..........................................................


THE EPHRATA WA AIRPORT CLIMATE NORMALS FOR TODAY
                         NORMAL    RECORD    YEAR
 MAXIMUM TEMPERATURE (F)   66        90      1987
 MINIMUM TEMPERATURE (F)   40        28      1970


SUNRISE AND SUNSET
APRIL 27 2017.........SUNRISE   548 AM PDT   SUNSET   804 PM PDT
APRIL 28 2017.........SUNRISE   546 AM PDT   SUNSET   806 PM PDT


-  INDICATES NEGATIVE NUMBERS.
R  INDICATES RECORD WAS SET OR TIED.
MM INDICATES DATA IS MISSING.
T  INDICATES TRACE AMOUNT.




$$
