000
CDUS46 KOTX 210827
CLIEPH


CLIMATE REPORT
NATIONAL WEATHER SERVICE SPOKANE, WA
126 AM PDT THU AUG 21 2014


...................................

...THE EPHRATA WA AIRPORT CLIMATE SUMMARY FOR AUGUST 20 2014...

CLIMATE NORMAL PERIOD 1981 TO 2010
CLIMATE RECORD PERIOD 9999 TO 9999


WEATHER ITEM   OBSERVED TIME   RECORD YEAR NORMAL DEPARTURE LAST
                VALUE   (LST)  VALUE       VALUE  FROM      YEAR
                                                  NORMAL
..................................................................
TEMPERATURE (F)
 YESTERDAY
  MAXIMUM         87    426 PM 102    2009  86      1       86
                                      1977
  MINIMUM         63    421 AM  47    2007  58      5       61
  AVERAGE         75                        72      3       74

PRECIPITATION (IN)
  YESTERDAY        0.00          0.45 1954   0.01  -0.01     0.00
  MONTH TO DATE    0.83                      0.14   0.69     0.46
  SINCE OCT 1      4.64                      7.44  -2.80     7.87
  SINCE JAN 1      3.89                      4.61  -0.72     4.07

SNOWFALL (IN)
  YESTERDAY       MM            MM      MM   0.0   MM       MM
  MONTH TO DATE   MM                         0.0   MM       MM
  SINCE JUN 1     MM                         0.0   MM       MM
  SINCE JUL 1     MM                         0.0   MM       MM
  SNOW DEPTH      MM

DEGREE DAYS
 HEATING
  YESTERDAY        0                         0      0        0
  MONTH TO DATE    0                         0      0        0
  SINCE JUN 1     24                        68    -44       58
  SINCE JUL 1      1                         8     -7        0

 COOLING
  YESTERDAY       10                         7      3        9
  MONTH TO DATE  293                       188    105      218
  SINCE JUN 1    912                       591    321      778
  SINCE JAN 1    956                       628    328      835
..................................................................


WIND (MPH)
  HIGHEST WIND SPEED    21   HIGHEST WIND DIRECTION    SW (210)
  HIGHEST GUST SPEED    26   HIGHEST GUST DIRECTION    NW (300)
  AVERAGE WIND SPEED    10.0


SKY COVER
  POSSIBLE SUNSHINE  MM
  AVERAGE SKY COVER 0.1


WEATHER CONDITIONS
 THE FOLLOWING WEATHER WAS RECORDED YESTERDAY.
  NO SIGNIFICANT WEATHER WAS OBSERVED.


RELATIVE HUMIDITY (PERCENT)
 HIGHEST    63           500 AM
 LOWEST     22           200 PM
 AVERAGE    43

..........................................................


THE EPHRATA WA AIRPORT CLIMATE NORMALS FOR TODAY
                         NORMAL    RECORD    YEAR
 MAXIMUM TEMPERATURE (F)   86       102      2006
 MINIMUM TEMPERATURE (F)   58        46      1960


SUNRISE AND SUNSET
AUGUST 21 2014........SUNRISE   603 AM PDT   SUNSET   759 PM PDT
AUGUST 22 2014........SUNRISE   604 AM PDT   SUNSET   757 PM PDT


-  INDICATES NEGATIVE NUMBERS.
R  INDICATES RECORD WAS SET OR TIED.
MM INDICATES DATA IS MISSING.
T  INDICATES TRACE AMOUNT.




$$
