000
CDUS46 KOTX 200834
CLIEPH


CLIMATE REPORT
NATIONAL WEATHER SERVICE SPOKANE, WA
130 AM PDT SUN APR 20 2014


...................................

...THE EPHRATA WA AIRPORT CLIMATE SUMMARY FOR APRIL 19 2014...

CLIMATE NORMAL PERIOD 1981 TO 2010
CLIMATE RECORD PERIOD 9999 TO 9999


WEATHER ITEM   OBSERVED TIME   RECORD YEAR NORMAL DEPARTURE LAST
                VALUE   (LST)  VALUE       VALUE  FROM      YEAR
                                                  NORMAL
..................................................................
TEMPERATURE (F)
 YESTERDAY
  MAXIMUM         66    344 PM  82    2010  64      2       67
  MINIMUM         33    454 AM  21    2008  38     -5       46
  AVERAGE         50                        51     -1       57

PRECIPITATION (IN)
  YESTERDAY        0.00        0.40   1967  0.02  -0.02     0.02
  MONTH TO DATE    0.09                     0.33  -0.24     0.58
  SINCE OCT 1      2.60                     5.49  -2.89     5.27
  SINCE JAN 1      1.85                     2.66  -0.81     1.47

SNOWFALL (IN)
  YESTERDAY       MM            MM     MM   0.0     MM       MM
  MONTH TO DATE   MM                        0.0     MM       MM
  SINCE MAR 1     MM                        0.8     MM       MM
  SINCE JUL 1     MM                       18.9     MM       MM
  SNOW DEPTH      MM

DEGREE DAYS
 HEATING
  YESTERDAY       15                        14      1        8
  MONTH TO DATE  242                       302    -60      305
  SINCE MAR 1    904                       986    -82      966
  SINCE JUL 1   5486                      5559    -73     5199

 COOLING
  YESTERDAY        0                         0      0        0
  MONTH TO DATE    0                         0      0        0
  SINCE MAR 1      0                         0      0        0
  SINCE JAN 1      0                         0      0        0
..................................................................


WIND (MPH)
  HIGHEST WIND SPEED    29   HIGHEST WIND DIRECTION     W (280)
  HIGHEST GUST SPEED    37   HIGHEST GUST DIRECTION     S (200)
  AVERAGE WIND SPEED    11.2


SKY COVER
  POSSIBLE SUNSHINE  MM
  AVERAGE SKY COVER 0.2


WEATHER CONDITIONS
 THE FOLLOWING WEATHER WAS RECORDED YESTERDAY.
  NO SIGNIFICANT WEATHER WAS OBSERVED.


RELATIVE HUMIDITY (PERCENT)
 HIGHEST    75           500 AM
 LOWEST     24           200 PM
 AVERAGE    50

..........................................................


THE EPHRATA WA AIRPORT CLIMATE NORMALS FOR TODAY
                         NORMAL    RECORD    YEAR
 MAXIMUM TEMPERATURE (F)   64        82      1956
 MINIMUM TEMPERATURE (F)   39        23      1982


SUNRISE AND SUNSET
APRIL 20 2014.........SUNRISE   600 AM PDT   SUNSET   754 PM PDT
APRIL 21 2014.........SUNRISE   559 AM PDT   SUNSET   756 PM PDT


-  INDICATES NEGATIVE NUMBERS.
R  INDICATES RECORD WAS SET OR TIED.
MM INDICATES DATA IS MISSING.
T  INDICATES TRACE AMOUNT.

$$
