000
CDUS46 KOTX 200830
CLIEPH


CLIMATE REPORT
NATIONAL WEATHER SERVICE SPOKANE, WA
130 AM PDT SAT SEP 20 2014


...................................

...THE EPHRATA WA AIRPORT CLIMATE SUMMARY FOR SEPTEMBER 19 2014...

CLIMATE NORMAL PERIOD 1981 TO 2010
CLIMATE RECORD PERIOD 9999 TO 9999


WEATHER ITEM   OBSERVED TIME   RECORD YEAR NORMAL DEPARTURE LAST
                VALUE   (LST)  VALUE       VALUE  FROM      YEAR
                                                  NORMAL
..................................................................
TEMPERATURE (F)
 YESTERDAY
  MAXIMUM         84    407 PM  97    1967  77      7       75
  MINIMUM         57    547 AM  33    1957  49      8       43
  AVERAGE         71                        63      8       59

PRECIPITATION (IN)
  YESTERDAY        0.00          0.51 2010   0.01  -0.01     0.00
  MONTH TO DATE    T                         0.20  -0.20     0.50
  SINCE OCT 1      4.64                      7.69  -3.05     8.54
  SINCE JAN 1      3.89                      4.86  -0.97     4.74

SNOWFALL (IN)
  YESTERDAY       MM            MM      MM   0.0   MM       MM
  MONTH TO DATE   MM                         0.0   MM       MM
  SINCE SEP 1     MM                         0.0   MM       MM
  SINCE JUL 1     MM                         0.0   MM       MM
  SNOW DEPTH      MM

DEGREE DAYS
 HEATING
  YESTERDAY        0                         4     -4        6
  MONTH TO DATE   17                        44    -27       19
  SINCE SEP 1     17                        44    -27       19
  SINCE JUL 1     18                        61    -43       19

 COOLING
  YESTERDAY        6                         2      4        0
  MONTH TO DATE   65                        61      4      159
  SINCE SEP 1     65                        61      4      159
  SINCE JAN 1   1098                       755    343     1083
..................................................................


WIND (MPH)
  HIGHEST WIND SPEED    18   HIGHEST WIND DIRECTION     W (280)
  HIGHEST GUST SPEED    22   HIGHEST GUST DIRECTION     W (280)
  AVERAGE WIND SPEED     7.3


SKY COVER
  POSSIBLE SUNSHINE  MM
  AVERAGE SKY COVER 0.0


WEATHER CONDITIONS
 THE FOLLOWING WEATHER WAS RECORDED YESTERDAY.
  NO SIGNIFICANT WEATHER WAS OBSERVED.


RELATIVE HUMIDITY (PERCENT)
 HIGHEST    72           600 AM
 LOWEST     27           300 PM
 AVERAGE    50

..........................................................


THE EPHRATA WA AIRPORT CLIMATE NORMALS FOR TODAY
                         NORMAL    RECORD    YEAR
 MAXIMUM TEMPERATURE (F)   76        93      1967
 MINIMUM TEMPERATURE (F)   48        34      1983


SUNRISE AND SUNSET
SEPTEMBER 20 2014.....SUNRISE   642 AM PDT   SUNSET   700 PM PDT
SEPTEMBER 21 2014.....SUNRISE   644 AM PDT   SUNSET   658 PM PDT


-  INDICATES NEGATIVE NUMBERS.
R  INDICATES RECORD WAS SET OR TIED.
MM INDICATES DATA IS MISSING.
T  INDICATES TRACE AMOUNT.




$$
