000
CDUS41 KCLE 230526
CLIERI


CLIMATE REPORT
NATIONAL WEATHER SERVICE CLEVELAND OH
1226 AM EST MON JAN 23 2017


...................................

...THE ERIE PA CLIMATE SUMMARY FOR JANUARY 22 2017...

CLIMATE NORMAL PERIOD 1981 TO 2010
CLIMATE RECORD PERIOD 1873 TO 2017


WEATHER ITEM   OBSERVED TIME   RECORD YEAR NORMAL DEPARTURE LAST
                VALUE   (LST)  VALUE       VALUE  FROM      YEAR
                                                  NORMAL
..................................................................
TEMPERATURE (F)
 YESTERDAY
  MAXIMUM         61   1228 PM  72    1906  33     28       24
  MINIMUM         39   1159 PM  -7    1970  20     19       17
                                      1883
  AVERAGE         50                        27     23       21

PRECIPITATION (IN)
  YESTERDAY        T                         0.09  -0.09      T
  MONTH TO DATE    3.75                      2.20   1.55     2.25
  SINCE DEC 1      7.63                      5.94   1.69     6.14
  SINCE JAN 1      3.75                      2.20   1.55     2.25

SNOWFALL (IN)
  YESTERDAY        0.0                       0.9   -0.9      0.1
  MONTH TO DATE   20.2                      22.0   -1.8     37.1
  SINCE DEC 1     42.4                      49.5   -7.1     42.0
  SINCE JUL 1     44.8                      58.2  -13.4     42.5
  SNOW DEPTH       0

DEGREE DAYS
 HEATING
  YESTERDAY       15                        38    -23       44
  MONTH TO DATE  695                       828   -133      830
  SINCE DEC 1   1688                      1840   -152     1474
  SINCE JUL 1   2468                      2996   -528     2365

 COOLING
  YESTERDAY        0                         0      0        0
  MONTH TO DATE    0                         0      0        0
  SINCE DEC 1      0                         0      0        0
  SINCE JAN 1      0                         0      0        0
..................................................................


WIND (MPH)
  HIGHEST WIND SPEED    18   HIGHEST WIND DIRECTION    NE (50)
  HIGHEST GUST SPEED    23   HIGHEST GUST DIRECTION    NE (50)
  AVERAGE WIND SPEED     6.2


SKY COVER
  POSSIBLE SUNSHINE  MM
  AVERAGE SKY COVER 0.8


WEATHER CONDITIONS
 THE FOLLOWING WEATHER WAS RECORDED YESTERDAY.
  LIGHT RAIN
  FOG
  FOG W/VISIBILITY <= 1/4 MILE


RELATIVE HUMIDITY (PERCENT)
 HIGHEST   100           800 PM
 LOWEST     67          1200 PM
 AVERAGE    84

..........................................................


THE ERIE PA CLIMATE NORMALS FOR TODAY
                         NORMAL    RECORD    YEAR
 MAXIMUM TEMPERATURE (F)   33        65      1906
 MINIMUM TEMPERATURE (F)   20        -9      1970


SUNRISE AND SUNSET
JANUARY 23 2017.......SUNRISE   741 AM EST   SUNSET   524 PM EST
JANUARY 24 2017.......SUNRISE   741 AM EST   SUNSET   526 PM EST


-  INDICATES NEGATIVE NUMBERS.
R  INDICATES RECORD WAS SET OR TIED.
MM INDICATES DATA IS MISSING.
T  INDICATES TRACE AMOUNT.




$$
