655
CDUS46 KPQR 151144
CLIEUG


CLIMATE REPORT
NATIONAL WEATHER SERVICE PORTLAND OREGON
343 AM PST FRI DEC 15 2017


...................................

...THE EUGENE OR CLIMATE SUMMARY FOR DECEMBER 14 2017...

CLIMATE NORMAL PERIOD 1981 TO 2010
CLIMATE RECORD PERIOD 1892 TO 2017


WEATHER ITEM   OBSERVED TIME   RECORD YEAR NORMAL DEPARTURE LAST
                VALUE   (LST)  VALUE       VALUE  FROM      YEAR
                                                  NORMAL
..................................................................
TEMPERATURE (F)
 YESTERDAY
  MAXIMUM         43    155 PM  60    2002  45     -2       34
  MINIMUM         21    659 AM  -2    1919  34    -13       30
  AVERAGE         32                        39     -7       32

PRECIPITATION (IN)
  YESTERDAY        0.00          2.22 1981   0.25  -0.25     1.45
  MONTH TO DATE    0.58                      3.82  -3.24     4.22
  SINCE OCT 1     12.12                     14.79  -2.67    18.71
  SINCE JAN 1     38.78                     42.09  -3.31    40.45

SNOWFALL (IN)
  YESTERDAY        0.0
  MONTH TO DATE    0.0
  SINCE DEC 1      0.0
  SINCE JUL 1      0.0

DEGREE DAYS
 HEATING
  YESTERDAY       33                        26      7       33
  MONTH TO DATE  425                       345     80      367
  SINCE DEC 1    425                       345     80      367
  SINCE JUL 1   1554                      1518     36     1200

 COOLING
  YESTERDAY        0                         0      0        0
  MONTH TO DATE    0                         0      0        0
  SINCE DEC 1      0                         0      0        0
  SINCE JAN 1    376                       239    137      325
..................................................................


WIND (MPH)
  HIGHEST WIND SPEED    12   HIGHEST WIND DIRECTION     N (20)
  HIGHEST GUST SPEED    13   HIGHEST GUST DIRECTION     N (20)
  AVERAGE WIND SPEED     3.0


SKY COVER
  POSSIBLE SUNSHINE  MM
  AVERAGE SKY COVER 0.4


WEATHER CONDITIONS
 THE FOLLOWING WEATHER WAS RECORDED YESTERDAY.
  FOG
  FOG W/VISIBILITY <= 1/4 MILE


RELATIVE HUMIDITY (PERCENT)
 HIGHEST   100           100 AM
 LOWEST     70           100 PM
 AVERAGE    85

..........................................................


THE EUGENE OR CLIMATE NORMALS FOR TODAY
                         NORMAL    RECORD    YEAR
 MAXIMUM TEMPERATURE (F)   45        65      1941
 MINIMUM TEMPERATURE (F)   34        10      1932


SUNRISE AND SUNSET
DECEMBER 15 2017......SUNRISE   741 AM PST   SUNSET   435 PM PST
DECEMBER 16 2017......SUNRISE   742 AM PST   SUNSET   435 PM PST


-  INDICATES NEGATIVE NUMBERS.
R  INDICATES RECORD WAS SET OR TIED.
MM INDICATES DATA IS MISSING.
T  INDICATES TRACE AMOUNT.




$$
