000
CDUS46 KPQR 210021
CLIEUG


CLIMATE REPORT
NATIONAL WEATHER SERVICE PORTLAND OREGON
421 PM PST MON FEB 20 2017


...................................

...THE EUGENE OR CLIMATE SUMMARY FOR FEBRUARY 20 2017...
VALID TODAY AS OF 0400 PM LOCAL TIME.

CLIMATE NORMAL PERIOD 1981 TO 2010
CLIMATE RECORD PERIOD 1892 TO 2017


WEATHER ITEM   OBSERVED TIME   RECORD YEAR NORMAL DEPARTURE LAST
                VALUE   (LST)  VALUE       VALUE  FROM      YEAR
                                                  NORMAL
..................................................................
TEMPERATURE (F)
 TODAY
  MAXIMUM         52    316 PM  67    1995  52      0       51
  MINIMUM         42    648 AM  18    2006  35      7       33
  AVERAGE         47                        43      4       42

PRECIPITATION (IN)
  TODAY            0.32          2.08 1956   0.20   0.12      T
  MONTH TO DATE    7.42                      3.92   3.50     1.94
  SINCE OCT 1     31.06                     29.59   1.47    28.10
  SINCE JAN 1     11.47                     10.79   0.68     9.26

SNOWFALL (IN)
  TODAY           MM
  MONTH TO DATE    0.0
  SINCE DEC 1      5.1
  SINCE JUL 1      5.1

DEGREE DAYS
 HEATING
  TODAY           18                        22     -4       23
  MONTH TO DATE  401                       450    -49      344
  SINCE DEC 1   2162                      1987    175     1665
  SINCE JUL 1   2995                      3160   -165     2646

 COOLING
  TODAY            0                         0      0        0
  MONTH TO DATE    0                         0      0        0
  SINCE DEC 1      0                         0      0        0
  SINCE JAN 1      0                         0      0        0
..................................................................


WIND (MPH)
  HIGHEST WIND SPEED    31   HIGHEST WIND DIRECTION    SW (240)
  HIGHEST GUST SPEED    39   HIGHEST GUST DIRECTION    SW (230)
  AVERAGE WIND SPEED     7.4


SKY COVER
  POSSIBLE SUNSHINE  MM
  AVERAGE SKY COVER 1.0


WEATHER CONDITIONS
 THE FOLLOWING WEATHER WAS RECORDED TODAY.
  RAIN
  LIGHT RAIN
  FOG


RELATIVE HUMIDITY (PERCENT)
 HIGHEST   100          1200 AM
 LOWEST     77           100 PM
 AVERAGE    89

..........................................................


THE EUGENE OR CLIMATE NORMALS FOR TOMORROW
                         NORMAL    RECORD    YEAR
 MAXIMUM TEMPERATURE (F)   52        68      2002
 MINIMUM TEMPERATURE (F)   35        24      1975
                                             1955


SUNRISE AND SUNSET
FEBRUARY 20 2017......SUNRISE   704 AM PST   SUNSET   550 PM PST
FEBRUARY 21 2017......SUNRISE   702 AM PST   SUNSET   551 PM PST


-  INDICATES NEGATIVE NUMBERS.
R  INDICATES RECORD WAS SET OR TIED.
MM INDICATES DATA IS MISSING.
T  INDICATES TRACE AMOUNT.




$$
