000
CDUS46 KPQR 260221
CLIEUG


CLIMATE REPORT
NATIONAL WEATHER SERVICE PORTLAND OREGON
621 PM PST THU DEC 25 2014


...................................

...THE EUGENE OR CLIMATE SUMMARY FOR DECEMBER 25 2014...
VALID TODAY AS OF 0600 PM LOCAL TIME.

CLIMATE NORMAL PERIOD 1981 TO 2010
CLIMATE RECORD PERIOD 1892 TO 2014


WEATHER ITEM   OBSERVED TIME   RECORD YEAR NORMAL DEPARTURE LAST
                VALUE   (LST)  VALUE       VALUE  FROM      YEAR
                                                  NORMAL
..................................................................
TEMPERATURE (F)
 TODAY
  MAXIMUM         50    237 PM  62    1980  45      5       37
                                      1913
  MINIMUM         38   1232 AM  -1    1924  33      5       33
  AVERAGE         44                        39      5       35

PRECIPITATION (IN)
  TODAY            0.02          2.59 1955   0.23  -0.21     0.00
  MONTH TO DATE    6.91                      6.48   0.43     1.48
  SINCE OCT 1     16.89                     17.45  -0.56     4.19
  SINCE JAN 1     41.14                     44.75  -3.61    21.19

SNOWFALL (IN)
  TODAY           MM
  MONTH TO DATE    0.0
  SINCE DEC 1      0.0
  SINCE JUL 1      0.0

DEGREE DAYS
 HEATING
  TODAY           21                        26     -5       30
  MONTH TO DATE  463                       631   -168      809
  SINCE DEC 1    463                       631   -168      809
  SINCE JUL 1   1275                      1804   -529     1985

 COOLING
  TODAY            0                         0      0        0
  MONTH TO DATE    0                         0      0        0
  SINCE DEC 1      0                         0      0        0
  SINCE JAN 1    475                       239    236      411
..................................................................


WIND (MPH)
  HIGHEST WIND SPEED    12   HIGHEST WIND DIRECTION    SW (240)
  HIGHEST GUST SPEED    13   HIGHEST GUST DIRECTION    SW (240)
  AVERAGE WIND SPEED     4.9


SKY COVER
  POSSIBLE SUNSHINE  MM
  AVERAGE SKY COVER 0.9


WEATHER CONDITIONS
 THE FOLLOWING WEATHER WAS RECORDED TODAY.
  LIGHT RAIN


RELATIVE HUMIDITY (PERCENT)
 HIGHEST    93           800 AM
 LOWEST     66           200 PM
 AVERAGE    80

..........................................................


THE EUGENE OR CLIMATE NORMALS FOR TOMORROW
                         NORMAL    RECORD    YEAR
 MAXIMUM TEMPERATURE (F)   45        62      1933
 MINIMUM TEMPERATURE (F)   33         1      1924


SUNRISE AND SUNSET
DECEMBER 25 2014......SUNRISE   747 AM PST   SUNSET   440 PM PST
DECEMBER 26 2014......SUNRISE   747 AM PST   SUNSET   440 PM PST


-  INDICATES NEGATIVE NUMBERS.
R  INDICATES RECORD WAS SET OR TIED.
MM INDICATES DATA IS MISSING.
T  INDICATES TRACE AMOUNT.




$$
