000
CDUS46 KPQR 311142
CLIEUG


CLIMATE REPORT
NATIONAL WEATHER SERVICE PORTLAND OREGON
441 AM PDT THU JUL 31 2014


...................................

...THE EUGENE OR CLIMATE SUMMARY FOR JULY 30 2014...

CLIMATE NORMAL PERIOD 1981 TO 2010
CLIMATE RECORD PERIOD 1892 TO 2014


WEATHER ITEM   OBSERVED TIME   RECORD YEAR NORMAL DEPARTURE LAST
                VALUE   (LST)  VALUE       VALUE  FROM      YEAR
                                                  NORMAL
..................................................................
TEMPERATURE (F)
 YESTERDAY
  MAXIMUM         94    418 PM  99    2003  84     10       85
                                      1992
  MINIMUM         53    538 AM  42    1956  52      1       51
                                      1917
  AVERAGE         74                        68      6       68

PRECIPITATION (IN)
  YESTERDAY        0.00          0.58 1985   0.01  -0.01     0.00
  MONTH TO DATE    0.33                      0.53  -0.20     0.00
  SINCE OCT 1     26.96                     44.19 -17.23    29.01
  SINCE JAN 1     22.77                     25.39  -2.62     9.67

SNOWFALL (IN)
  YESTERDAY        0.0
  MONTH TO DATE    0.0
  SINCE JUN 1      0.0
  SINCE JUL 1      0.0

DEGREE DAYS
 HEATING
  YESTERDAY        0                         1     -1        0
  MONTH TO DATE    6                        39    -33        6
  SINCE JUN 1    113                       196    -83       98
  SINCE JUL 1      6                        39    -33        6

 COOLING
  YESTERDAY        9                         4      5        3
  MONTH TO DATE  183                        93     90      144
  SINCE JUN 1    189                       112     77      192
  SINCE JAN 1    192                       117     75      197
..................................................................


WIND (MPH)
  HIGHEST WIND SPEED    21   HIGHEST WIND DIRECTION     N (20)
  HIGHEST GUST SPEED    28   HIGHEST GUST DIRECTION    NE (30)
  AVERAGE WIND SPEED     8.7


SKY COVER
  POSSIBLE SUNSHINE  MM
  AVERAGE SKY COVER 0.3


WEATHER CONDITIONS
 THE FOLLOWING WEATHER WAS RECORDED YESTERDAY.
  FOG
  HAZE


RELATIVE HUMIDITY (PERCENT)
 HIGHEST    93           400 AM
 LOWEST     23           500 PM
 AVERAGE    58

..........................................................


THE EUGENE OR CLIMATE NORMALS FOR TODAY
                         NORMAL    RECORD    YEAR
 MAXIMUM TEMPERATURE (F)   84        99      1974
                                             1968
                                             1965
 MINIMUM TEMPERATURE (F)   52        42      1944


SUNRISE AND SUNSET
JULY 31 2014..........SUNRISE   600 AM PDT   SUNSET   838 PM PDT
AUGUST  1 2014........SUNRISE   601 AM PDT   SUNSET   837 PM PDT


-  INDICATES NEGATIVE NUMBERS.
R  INDICATES RECORD WAS SET OR TIED.
MM INDICATES DATA IS MISSING.
T  INDICATES TRACE AMOUNT.




$$
