000
CDUS46 KPQR 101313
CLIEUG


CLIMATE REPORT
NATIONAL WEATHER SERVICE PORTLAND OREGON
513 AM PST SAT DEC 10 2016


...................................

...THE EUGENE OR CLIMATE SUMMARY FOR DECEMBER 9 2016...

CLIMATE NORMAL PERIOD 1981 TO 2010
CLIMATE RECORD PERIOD 1892 TO 2016


WEATHER ITEM   OBSERVED TIME   RECORD YEAR NORMAL DEPARTURE LAST
                VALUE   (LST)  VALUE       VALUE  FROM      YEAR
                                                  NORMAL
..................................................................
TEMPERATURE (F)
 YESTERDAY
  MAXIMUM         49    221 PM  67    1895  46      3       58
  MINIMUM         36    220 AM  -5    1972  34      2       48
  AVERAGE         43                        40      3       53

PRECIPITATION (IN)
  YESTERDAY        0.32          2.71 1987   0.26   0.06     0.68
  MONTH TO DATE    1.73                      2.56  -0.83     4.13
  SINCE OCT 1     16.22                     13.53   2.69     9.36
  SINCE JAN 1     37.96                     40.83  -2.87    22.76

SNOWFALL (IN)
  YESTERDAY        0.0
  MONTH TO DATE    T
  SINCE DEC 1      T
  SINCE JUL 1      T

DEGREE DAYS
 HEATING
  YESTERDAY       22                        25     -3       12
  MONTH TO DATE  238                       219     19      127
  SINCE DEC 1    238                       219     19      127
  SINCE JUL 1   1071                      1392   -321     1108

 COOLING
  YESTERDAY        0                         0      0        0
  MONTH TO DATE    0                         0      0        0
  SINCE DEC 1      0                         0      0        0
  SINCE JAN 1    325                       239     86      529
..................................................................


WIND (MPH)
  HIGHEST WIND SPEED    18   HIGHEST WIND DIRECTION     S (190)
  HIGHEST GUST SPEED    22   HIGHEST GUST DIRECTION     S (190)
  AVERAGE WIND SPEED     8.1


SKY COVER
  POSSIBLE SUNSHINE  MM
  AVERAGE SKY COVER 0.9


WEATHER CONDITIONS
 THE FOLLOWING WEATHER WAS RECORDED YESTERDAY.
  LIGHT RAIN
  FOG


RELATIVE HUMIDITY (PERCENT)
 HIGHEST    93          1100 AM
 LOWEST     80           300 PM
 AVERAGE    87

..........................................................


THE EUGENE OR CLIMATE NORMALS FOR TODAY
                         NORMAL    RECORD    YEAR
 MAXIMUM TEMPERATURE (F)   46        64      1993
 MINIMUM TEMPERATURE (F)   34        -7      1972


SUNRISE AND SUNSET
DECEMBER 10 2016......SUNRISE   738 AM PST   SUNSET   434 PM PST
DECEMBER 11 2016......SUNRISE   738 AM PST   SUNSET   434 PM PST


-  INDICATES NEGATIVE NUMBERS.
R  INDICATES RECORD WAS SET OR TIED.
MM INDICATES DATA IS MISSING.
T  INDICATES TRACE AMOUNT.




$$
