000
CDUS46 KPQR 071144
CLIEUG


CLIMATE REPORT
NATIONAL WEATHER SERVICE PORTLAND OREGON
444 AM PDT TUE JUL 7 2015


...................................

...THE EUGENE OR CLIMATE SUMMARY FOR JULY 6 2015...

CLIMATE NORMAL PERIOD 1981 TO 2010
CLIMATE RECORD PERIOD 1892 TO 2015


WEATHER ITEM   OBSERVED TIME   RECORD YEAR NORMAL DEPARTURE LAST
                VALUE   (LST)  VALUE       VALUE  FROM      YEAR
                                                  NORMAL
..................................................................
TEMPERATURE (F)
 YESTERDAY
  MAXIMUM         83    123 PM 100    1960  80      3       92
  MINIMUM         57    442 AM  39    1935  51      6       54
  AVERAGE         70                        65      5       73

PRECIPITATION (IN)
  YESTERDAY        0.00          0.37 1923   0.02  -0.02     0.00
  MONTH TO DATE    0.00                      0.14  -0.14     0.00
  SINCE OCT 1     29.41                     43.80 -14.39    26.63
  SINCE JAN 1     12.36                     25.00 -12.64    22.44

SNOWFALL (IN)
  YESTERDAY        0.0
  MONTH TO DATE    0.0
  SINCE JUN 1      0.0
  SINCE JUL 1      0.0

DEGREE DAYS
 HEATING
  YESTERDAY        0                         2     -2        0
  MONTH TO DATE    0                        13    -13        0
  SINCE JUN 1     41                       170   -129      107
  SINCE JUL 1      0                        13    -13        0

 COOLING
  YESTERDAY        5                         2      3        8
  MONTH TO DATE   67                        12     55       30
  SINCE JUN 1    180                        31    149       36
  SINCE JAN 1    185                        36    149       39
..................................................................


WIND (MPH)
  HIGHEST WIND SPEED    21   HIGHEST WIND DIRECTION    SW (240)
  HIGHEST GUST SPEED    25   HIGHEST GUST DIRECTION     W (250)
  AVERAGE WIND SPEED    10.2


SKY COVER
  POSSIBLE SUNSHINE  MM
  AVERAGE SKY COVER 0.5


WEATHER CONDITIONS
 THE FOLLOWING WEATHER WAS RECORDED YESTERDAY.
  NO SIGNIFICANT WEATHER WAS OBSERVED.


RELATIVE HUMIDITY (PERCENT)
 HIGHEST    80           300 AM
 LOWEST     39           300 PM
 AVERAGE    60

..........................................................


THE EUGENE OR CLIMATE NORMALS FOR TODAY
                         NORMAL    RECORD    YEAR
 MAXIMUM TEMPERATURE (F)   80        98      1945
 MINIMUM TEMPERATURE (F)   51        42      2006
                                             1981
                                             1961


SUNRISE AND SUNSET
JULY  7 2015..........SUNRISE   537 AM PDT   SUNSET   858 PM PDT
JULY  8 2015..........SUNRISE   538 AM PDT   SUNSET   858 PM PDT


-  INDICATES NEGATIVE NUMBERS.
R  INDICATES RECORD WAS SET OR TIED.
MM INDICATES DATA IS MISSING.
T  INDICATES TRACE AMOUNT.




$$
