000
CDUS46 KPQR 011142
CLIEUG


CLIMATE REPORT
NATIONAL WEATHER SERVICE PORTLAND OREGON
441 AM PDT MON SEP 1 2014


...................................

...THE EUGENE OR CLIMATE SUMMARY FOR AUGUST 31 2014...

CLIMATE NORMAL PERIOD 1981 TO 2010
CLIMATE RECORD PERIOD 1892 TO 2014


WEATHER ITEM   OBSERVED TIME   RECORD YEAR NORMAL DEPARTURE LAST
                VALUE   (LST)  VALUE       VALUE  FROM      YEAR
                                                  NORMAL
..................................................................
TEMPERATURE (F)
 YESTERDAY
  MAXIMUM         79    131 PM 102    1987  81     -2       91
  MINIMUM         49    531 AM  38    2008  50     -1       51
  AVERAGE         64                        65     -1       71

PRECIPITATION (IN)
  YESTERDAY        0.00          0.76 1971   0.03  -0.03     0.00
  MONTH TO DATE    0.19                      0.61  -0.42     0.25
  SINCE OCT 1     27.19                     44.81 -17.62    29.26
  SINCE JAN 1     23.00                     26.01  -3.01     9.92

SNOWFALL (IN)
  YESTERDAY        0.0
  MONTH TO DATE    0.0
  SINCE JUN 1      0.0
  SINCE JUL 1      0.0

DEGREE DAYS
 HEATING
  YESTERDAY        1                         2     -1        0
  MONTH TO DATE    1                        34    -33       12
  SINCE JUN 1    114                       224   -110      110
  SINCE JUL 1      7                        67    -60       18

 COOLING
  YESTERDAY        0                         2     -2        6
  MONTH TO DATE  206                        91    115      149
  SINCE JUN 1    405                       203    202      343
  SINCE JAN 1    408                       208    200      348
..................................................................


WIND (MPH)
  HIGHEST WIND SPEED    10   HIGHEST WIND DIRECTION     W (260)
  HIGHEST GUST SPEED    14   HIGHEST GUST DIRECTION    SW (220)
  AVERAGE WIND SPEED     3.6


SKY COVER
  POSSIBLE SUNSHINE  MM
  AVERAGE SKY COVER 0.4


WEATHER CONDITIONS
 THE FOLLOWING WEATHER WAS RECORDED YESTERDAY.
  FOG


RELATIVE HUMIDITY (PERCENT)
 HIGHEST    96           300 AM
 LOWEST     33           200 PM
 AVERAGE    65

..........................................................


THE EUGENE OR CLIMATE NORMALS FOR TODAY
                         NORMAL    RECORD    YEAR
 MAXIMUM TEMPERATURE (F)   81        98      1988
 MINIMUM TEMPERATURE (F)   50        39      1973
                                             1913


SUNRISE AND SUNSET
SEPTEMBER  1 2014.....SUNRISE   636 AM PDT   SUNSET   749 PM PDT
SEPTEMBER  2 2014.....SUNRISE   637 AM PDT   SUNSET   747 PM PDT


-  INDICATES NEGATIVE NUMBERS.
R  INDICATES RECORD WAS SET OR TIED.
MM INDICATES DATA IS MISSING.
T  INDICATES TRACE AMOUNT.




$$
