000
CDUS46 KPQR 310222
CLIEUG


CLIMATE REPORT
NATIONAL WEATHER SERVICE PORTLAND OREGON
722 PM PDT THU OCT 30 2014


...................................

...THE EUGENE OR CLIMATE SUMMARY FOR OCTOBER 30 2014...
VALID TODAY AS OF 0700 PM LOCAL TIME.

CLIMATE NORMAL PERIOD 1981 TO 2010
CLIMATE RECORD PERIOD 1892 TO 2014


WEATHER ITEM   OBSERVED TIME   RECORD YEAR NORMAL DEPARTURE LAST
                VALUE   (LST)  VALUE       VALUE  FROM      YEAR
                                                  NORMAL
..................................................................
TEMPERATURE (F)
 TODAY
  MAXIMUM         60    526 PM  74    1988  58      2       62
  MINIMUM         53    709 AM  23    2002  40     13       29
  AVERAGE         57                        49      8       46

PRECIPITATION (IN)
  TODAY            0.28          2.75 1990   0.17   0.11      T
  MONTH TO DATE    4.12                      3.08   1.04     0.57
  SINCE OCT 1      4.12                      3.08   1.04     0.57
  SINCE JAN 1     28.37                     30.38  -2.01    17.57

SNOWFALL (IN)
  TODAY            0.0
  MONTH TO DATE    0.0
  SINCE SEP 1      0.0
  SINCE JUL 1      0.0

DEGREE DAYS
 HEATING
  TODAY            8                        16     -8       19
  MONTH TO DATE  168                       367   -199      434
  SINCE SEP 1    202                       488   -286      532
  SINCE JUL 1    209                       555   -346      550

 COOLING
  TODAY            0                         0      0        0
  MONTH TO DATE    8                         0      8        0
  SINCE SEP 1     67                        30     37       63
  SINCE JAN 1    475                       238    237      411
..................................................................


WIND (MPH)
  HIGHEST WIND SPEED    10   HIGHEST WIND DIRECTION    SE (140)
  HIGHEST GUST SPEED    12   HIGHEST GUST DIRECTION    SE (140)
  AVERAGE WIND SPEED     3.7


SKY COVER
  POSSIBLE SUNSHINE  MM
  AVERAGE SKY COVER 1.0


WEATHER CONDITIONS
 THE FOLLOWING WEATHER WAS RECORDED TODAY.
  RAIN
  LIGHT RAIN
  FOG
  FOG W/VISIBILITY <= 1/4 MILE


RELATIVE HUMIDITY (PERCENT)
 HIGHEST    93          1200 AM
 LOWEST     87          1200 PM
 AVERAGE    90

..........................................................


THE EUGENE OR CLIMATE NORMALS FOR TOMORROW
                         NORMAL    RECORD    YEAR
 MAXIMUM TEMPERATURE (F)   58        75      1949
                                             1931
 MINIMUM TEMPERATURE (F)   39        17      2006
                                             2002


SUNRISE AND SUNSET
OCTOBER 30 2014.......SUNRISE   747 AM PDT   SUNSET   605 PM PDT
OCTOBER 31 2014.......SUNRISE   748 AM PDT   SUNSET   604 PM PDT


-  INDICATES NEGATIVE NUMBERS.
R  INDICATES RECORD WAS SET OR TIED.
MM INDICATES DATA IS MISSING.
T  INDICATES TRACE AMOUNT.




$$
