000
CDUS43 KPAH 240627
CLIEVV


CLIMATE REPORT
NATIONAL WEATHER SERVICE PADUCAH KY
1226 AM CST SAT FEB 24 2018

...................................

...THE EVANSVILLE IN CLIMATE SUMMARY FOR FEBRUARY 23 2018...

CLIMATE NORMAL PERIOD 1981 TO 2010
CLIMATE RECORD PERIOD 1896 TO 2018

WEATHER ITEM   OBSERVED TIME   RECORD YEAR NORMAL DEPARTURE LAST
                VALUE   (LST)  VALUE       VALUE  FROM      YEAR
                                                  NORMAL
..................................................................
TEMPERATURE (F)
 YESTERDAY
  MAXIMUM         60    829 AM  77    1985  49     11       74
  MINIMUM         48   1159 PM   6    1963  29     19       52
  AVERAGE         54                        39     15       63

PRECIPITATION (IN)
  YESTERDAY        0.83          1.68 1909   0.11   0.72     0.00
  MONTH TO DATE    5.58                      2.61   2.97     0.64
  SINCE DEC 1     10.97                      9.47   1.50     6.83
  SINCE JAN 1      8.55                      5.71   2.84     2.91

SNOWFALL (IN)
  YESTERDAY        0.0           3.0  2003   0.2   -0.2      0.0
  MONTH TO DATE    0.9                       3.3   -2.4       T
  SINCE DEC 1      8.0                       9.9   -1.9      0.4
  SINCE JUL 1      8.0                      10.2   -2.2      0.4
  SNOW DEPTH       0

DEGREE DAYS
 HEATING
  YESTERDAY       11                        26    -15        2
  MONTH TO DATE  572                       670    -98      432
  SINCE DEC 1   2536                      2588    -52     2095
  SINCE JUL 1   3316                      3449   -133     2625

 COOLING
  YESTERDAY        0                         0      0        0
  MONTH TO DATE    7                         0      7        0
  SINCE DEC 1      7                         0      7        0
  SINCE JAN 1      7                         0      7        0
..................................................................

WIND (MPH)
  HIGHEST WIND SPEED    17   HIGHEST WIND DIRECTION    SW (230)
  HIGHEST GUST SPEED    22   HIGHEST GUST DIRECTION    SW (220)
  AVERAGE WIND SPEED     4.7

SKY COVER
  AVERAGE SKY COVER 0.8

WEATHER CONDITIONS
 THE FOLLOWING WEATHER WAS RECORDED YESTERDAY.
  HEAVY RAIN
  RAIN
  LIGHT RAIN
  FOG

RELATIVE HUMIDITY (PERCENT)
 HIGHEST   100
 LOWEST     89
 AVERAGE    95
..........................................................

THE EVANSVILLE IN CLIMATE NORMALS FOR TODAY
                         NORMAL    RECORD    YEAR
 MAXIMUM TEMPERATURE (F)   49        79      2017
 MINIMUM TEMPERATURE (F)   30         2      1967

SUNRISE AND SUNSET
FEBRUARY 24 2018......SUNRISE   629 AM CST   SUNSET   538 PM CST
FEBRUARY 25 2018......SUNRISE   627 AM CST   SUNSET   539 PM CST

-  INDICATES NEGATIVE NUMBERS.
R  INDICATES RECORD WAS SET OR TIED.
MM INDICATES DATA IS MISSING.
T  INDICATES TRACE AMOUNT.

$$
