000
CDUS43 KPAH 290629
CLIEVV


CLIMATE REPORT
NATIONAL WEATHER SERVICE PADUCAH KY
128 AM CDT FRI APR 29 2016


...................................

...THE EVANSVILLE IN CLIMATE SUMMARY FOR APRIL 28 2016...

CLIMATE NORMAL PERIOD 1981 TO 2010
CLIMATE RECORD PERIOD 1896 TO 2016


WEATHER ITEM   OBSERVED TIME   RECORD YEAR NORMAL DEPARTURE LAST
                VALUE   (LST)  VALUE       VALUE  FROM      YEAR
                                                  NORMAL
..................................................................
TEMPERATURE (F)
 YESTERDAY
  MAXIMUM         76    421 PM  87    1981  72      4       67
                                      1951
  MINIMUM         58    518 AM  35    1928  49      9       43
  AVERAGE         67                        60      7       55

PRECIPITATION (IN)
  YESTERDAY        0.00          6.04 1996   0.16  -0.16     0.00
  MONTH TO DATE    5.09                      4.04   1.05     6.62
  SINCE MAR 1     10.96                      8.28   2.68    13.47
  SINCE JAN 1     17.30                     14.55   2.75    19.00

SNOWFALL (IN)
  YESTERDAY        0.0           0.0  2001   0.0    0.0      0.0
  MONTH TO DATE    0.0                       0.1   -0.1      0.0
  SINCE MAR 1      T                         1.1   -1.1      8.5
  SINCE JUL 1     14.2                      11.8    2.4     18.5
  SNOW DEPTH       0

DEGREE DAYS
 HEATING
  YESTERDAY        0                         6     -6       10
  MONTH TO DATE  234                       277    -43      182
  SINCE MAR 1    639                       869   -230      801
  SINCE JUL 1   3457                      4443   -986     4637

 COOLING
  YESTERDAY        2                         1      1        0
  MONTH TO DATE   21                        20      1       28
  SINCE MAR 1     22                        23     -1       28
  SINCE JAN 1     22                        23     -1       28
..................................................................


WIND (MPH)
  HIGHEST WIND SPEED    22   HIGHEST WIND DIRECTION    SW (240)
  HIGHEST GUST SPEED    31   HIGHEST GUST DIRECTION    SW (230)
  AVERAGE WIND SPEED     6.9


SKY COVER
  AVERAGE SKY COVER 0.2


WEATHER CONDITIONS
 THE FOLLOWING WEATHER WAS RECORDED YESTERDAY.
  FOG
  FOG W/VISIBILITY <= 1/4 MILE


RELATIVE HUMIDITY (PERCENT)
 HIGHEST   100
 LOWEST     38
 AVERAGE    69

..........................................................


THE EVANSVILLE IN CLIMATE NORMALS FOR TODAY
                         NORMAL    RECORD    YEAR
 MAXIMUM TEMPERATURE (F)   72        90      1899
 MINIMUM TEMPERATURE (F)   49        35      1988
                                             1976


SUNRISE AND SUNSET
APRIL 29 2016.........SUNRISE   556 AM CDT   SUNSET   740 PM CDT
APRIL 30 2016.........SUNRISE   554 AM CDT   SUNSET   741 PM CDT


-  INDICATES NEGATIVE NUMBERS.
R  INDICATES RECORD WAS SET OR TIED.
MM INDICATES DATA IS MISSING.
T  INDICATES TRACE AMOUNT.




$$
