000
CDUS43 KPAH 300629
CLIEVV


CLIMATE REPORT
NATIONAL WEATHER SERVICE PADUCAH KY
127 AM CDT SAT AUG 30 2014

...................................

...THE EVANSVILLE IN CLIMATE SUMMARY FOR AUGUST 29 2014...

CLIMATE NORMAL PERIOD 1981 TO 2010
CLIMATE RECORD PERIOD 1896 TO 2014

WEATHER ITEM   OBSERVED TIME   RECORD YEAR NORMAL DEPARTURE LAST
                VALUE   (LST)  VALUE       VALUE  FROM      YEAR
                                                  NORMAL
..................................................................
TEMPERATURE (F)
 YESTERDAY
  MAXIMUM         91    337 PM  98    1925  87      4       94
                                      1897
  MINIMUM         73    449 AM  43    1986  63     10       71
  AVERAGE         82                        75      7       83

PRECIPITATION (IN)
  YESTERDAY        0.00          1.32 1974   0.09  -0.09     0.00
  MONTH TO DATE    4.23                      2.79   1.44     1.36
  SINCE JUN 1     12.12                     10.49   1.63    12.50
  SINCE JAN 1     33.61                     30.73   2.88    35.05

SNOWFALL (IN)
  YESTERDAY        0.0           0.0  2002   0.0    0.0      0.0
                                      2001
  MONTH TO DATE    0.0                       0.0    0.0      0.0
  SINCE JUN 1      0.0                       0.0    0.0      0.0
  SINCE JUL 1      0.0                       0.0    0.0      0.0
  SNOW DEPTH       0

DEGREE DAYS
 HEATING
  YESTERDAY        0                         0      0        0
  MONTH TO DATE    0                         0      0        0
  SINCE JUN 1      0                         6     -6        1
  SINCE JUL 1      0                         0      0        0

 COOLING
  YESTERDAY       17                        10      7       18
  MONTH TO DATE  388                       341     47      337
  SINCE JUN 1   1045                      1042      3      984
  SINCE JAN 1   1256                      1177     79     1155
..................................................................

WIND (MPH)
  HIGHEST WIND SPEED    20   HIGHEST WIND DIRECTION    SW (220)
  HIGHEST GUST SPEED    24   HIGHEST GUST DIRECTION    SW (220)
  AVERAGE WIND SPEED     5.6

SKY COVER
  AVERAGE SKY COVER 0.1

WEATHER CONDITIONS
 THE FOLLOWING WEATHER WAS RECORDED YESTERDAY.
  FOG
  HAZE

RELATIVE HUMIDITY (PERCENT)
 HIGHEST    94
 LOWEST     41
 AVERAGE    68
..........................................................

THE EVANSVILLE IN CLIMATE NORMALS FOR TODAY
                         NORMAL    RECORD    YEAR
 MAXIMUM TEMPERATURE (F)   87        99      1951
 MINIMUM TEMPERATURE (F)   63        44      1986

SUNRISE AND SUNSET
AUGUST 30 2014........SUNRISE   618 AM CDT   SUNSET   723 PM CDT
AUGUST 31 2014........SUNRISE   619 AM CDT   SUNSET   721 PM CDT

-  INDICATES NEGATIVE NUMBERS.
R  INDICATES RECORD WAS SET OR TIED.
MM INDICATES DATA IS MISSING.
T  INDICATES TRACE AMOUNT.

$$
