000
CDUS45 KSLC 271250
CLIEVW


CLIMATE REPORT
NATIONAL WEATHER SERVICE SALT LAKE CITY UT
650 AM MDT THU JUL 27 2017


...................................

...THE EVANSTON WY CLIMATE SUMMARY FOR JULY 26 2017...

CLIMATE NORMAL PERIOD 1981 TO 2010
CLIMATE RECORD PERIOD 9999 TO 9999


WEATHER ITEM   OBSERVED TIME   RECORD YEAR NORMAL DEPARTURE LAST
                VALUE   (LST)  VALUE       VALUE  FROM      YEAR
                                                  NORMAL
..................................................................
TEMPERATURE (F)
 YESTERDAY
  MAXIMUM         78    551 PM  MM      MM  82     -4       91
  MINIMUM         55    601 AM  MM      MM  54      1       55
  AVERAGE         67                        68     -1       73

PRECIPITATION (IN)
  YESTERDAY        T            MM      MM   0.03  -0.03     0.00
  MONTH TO DATE    0.10                      0.75  -0.65      T
  SINCE OCT 1      6.93                      9.71  -2.78     4.68
  SINCE JAN 1      5.35                      6.92  -1.57     3.69

DEGREE DAYS
 HEATING
  YESTERDAY        0                         1     -1        0
  MONTH TO DATE    3                        38    -35       25
  SINCE JUN 1    130                       268   -138       77
  SINCE JUL 1      3                        38    -35       25

 COOLING
  YESTERDAY        2                         4     -2        8
  MONTH TO DATE  169                        63    106      104
  SINCE JUN 1    191                        76    115      162
  SINCE JAN 1    191                        77    114      162
..................................................................


WIND (MPH)
  RESULTANT WIND SPEED   4   RESULTANT WIND DIRECTION   W (260)
  HIGHEST WIND SPEED    26   HIGHEST WIND DIRECTION    SW (220)
  HIGHEST GUST SPEED    36   HIGHEST GUST DIRECTION    SW (220)
  AVERAGE WIND SPEED     8.4


SKY COVER
  POSSIBLE SUNSHINE  MM
  AVERAGE SKY COVER 0.6


WEATHER CONDITIONS
 THE FOLLOWING WEATHER WAS RECORDED YESTERDAY.
  THUNDERSTORM
  LIGHT RAIN
  FOG


RELATIVE HUMIDITY (PERCENT)
 HIGHEST   100           700 AM
 LOWEST     38           700 PM
 AVERAGE    69

..........................................................


THE EVANSTON WY CLIMATE NORMALS FOR TODAY
                         NORMAL    RECORD    YEAR
 MAXIMUM TEMPERATURE (F)   82        MM        MM
 MINIMUM TEMPERATURE (F)   54        MM        MM


SUNRISE AND SUNSET
JULY 27 2017..........SUNRISE   615 AM MDT   SUNSET   846 PM MDT
JULY 28 2017..........SUNRISE   616 AM MDT   SUNSET   845 PM MDT


-  INDICATES NEGATIVE NUMBERS.
R  INDICATES RECORD WAS SET OR TIED.
MM INDICATES DATA IS MISSING.
T  INDICATES TRACE AMOUNT.




$$
