000
CDUS45 KSLC 050024
CLIEVW


CLIMATE REPORT
NATIONAL WEATHER SERVICE SALT LAKE CITY UT
624 PM MDT TUE AUG 4 2015


...................................

...THE EVANSTON WY CLIMATE SUMMARY FOR AUGUST 4 2015...
VALID TODAY AS OF 0500 PM LOCAL TIME.

CLIMATE NORMAL PERIOD 1981 TO 2010
CLIMATE RECORD PERIOD 9999 TO 9999


WEATHER ITEM   OBSERVED TIME   RECORD YEAR NORMAL DEPARTURE LAST
                VALUE   (LST)  VALUE       VALUE  FROM      YEAR
                                                  NORMAL
..................................................................
TEMPERATURE (F)
 TODAY
  MAXIMUM         81   1000 AM  MM      MM  82     -1       77
  MINIMUM         48    400 AM  MM      MM  53     -5       54
  AVERAGE         65                        68     -3       66

PRECIPITATION (IN)
  TODAY            0.00         MM      MM   0.03  -0.03     0.13
  MONTH TO DATE    0.35                      0.11   0.24     0.14
  SINCE OCT 1      9.26                      9.97  -0.71     4.70
  SINCE JAN 1      8.38                      7.18   1.20     3.50

DEGREE DAYS
 HEATING
  TODAY            0                         1     -1        0
  MONTH TO DATE    7                         4      3        0
  SINCE JUN 1    140                       270   -130      242
  SINCE JUL 1     66                        40     26       19

 COOLING
  TODAY            0                         3     -3        1
  MONTH TO DATE   12                        12      0       15
  SINCE JUN 1    137                       107     30      177
  SINCE JAN 1    137                       108     29      182
..................................................................


WIND (MPH)
  RESULTANT WIND SPEED   8   RESULTANT WIND DIRECTION  SW (230)
  HIGHEST WIND SPEED    15   HIGHEST WIND DIRECTION    SW (240)
  HIGHEST GUST SPEED    24   HIGHEST GUST DIRECTION    SW (240)
  AVERAGE WIND SPEED     8.6


SKY COVER
  POSSIBLE SUNSHINE  MM
  AVERAGE SKY COVER 0.1


WEATHER CONDITIONS
 THE FOLLOWING WEATHER WAS RECORDED TODAY.
  NO SIGNIFICANT WEATHER WAS OBSERVED.


RELATIVE HUMIDITY (PERCENT)
 HIGHEST    93           200 AM
 LOWEST     23           300 PM
 AVERAGE    58

..........................................................


THE EVANSTON WY CLIMATE NORMALS FOR TOMORROW
                         NORMAL    RECORD    YEAR
 MAXIMUM TEMPERATURE (F)   82        MM        MM
 MINIMUM TEMPERATURE (F)   53        MM        MM


SUNRISE AND SUNSET
AUGUST  4 2015........SUNRISE   622 AM MDT   SUNSET   838 PM MDT
AUGUST  5 2015........SUNRISE   623 AM MDT   SUNSET   836 PM MDT


-  INDICATES NEGATIVE NUMBERS.
R  INDICATES RECORD WAS SET OR TIED.
MM INDICATES DATA IS MISSING.
T  INDICATES TRACE AMOUNT.




$$
