000
CDUS45 KSLC 290034
CLIEVW


CLIMATE REPORT
NATIONAL WEATHER SERVICE SALT LAKE CITY UT
633 PM MDT THU APR 28 2016


...................................

...THE EVANSTON WY CLIMATE SUMMARY FOR APRIL 28 2016...
VALID TODAY AS OF 0500 PM LOCAL TIME.

CLIMATE NORMAL PERIOD 1981 TO 2010
CLIMATE RECORD PERIOD 9999 TO 9999


WEATHER ITEM   OBSERVED TIME   RECORD YEAR NORMAL DEPARTURE LAST
                VALUE   (LST)  VALUE       VALUE  FROM      YEAR
                                                  NORMAL
..................................................................
TEMPERATURE (F)
 TODAY
  MAXIMUM         MM        MM  MM      MM  54     MM       65
  MINIMUM         MM        MM  MM      MM  32     MM       33
  AVERAGE         MM                        43     MM       49

PRECIPITATION (IN)
  TODAY            T            MM      MM   0.05  -0.05     0.00
  MONTH TO DATE    0.76                      1.04  -0.28     0.57
  SINCE OCT 1      2.32                      5.84  -3.52     2.90
  SINCE JAN 1      1.33                      3.05  -1.72     2.02

DEGREE DAYS
 HEATING
  TODAY           MM                        22     MM       16
  MONTH TO DATE  571                       727   -156      664
  SINCE MAR 1   1491                      1787   -296     1431
  SINCE JUL 1   7018                      7795   -777     6403

 COOLING
  TODAY           MM                         0     MM        0
  MONTH TO DATE    0                         0      0        0
  SINCE MAR 1      0                         0      0        0
  SINCE JAN 1      0                         0      0        0
..................................................................


WIND (MPH)
  RESULTANT WIND SPEED  20   RESULTANT WIND DIRECTION   E (70)
  HIGHEST WIND SPEED    27   HIGHEST WIND DIRECTION     E (70)
  HIGHEST GUST SPEED    35   HIGHEST GUST DIRECTION     E (80)
  AVERAGE WIND SPEED    19.8


SKY COVER
  POSSIBLE SUNSHINE  MM
  AVERAGE SKY COVER 0.9


WEATHER CONDITIONS
 THE FOLLOWING WEATHER WAS RECORDED TODAY.
  LIGHT SNOW


RELATIVE HUMIDITY (PERCENT)
 HIGHEST    82          1200 AM
 LOWEST     64           200 PM
 AVERAGE    73

..........................................................


THE EVANSTON WY CLIMATE NORMALS FOR TOMORROW
                         NORMAL    RECORD    YEAR
 MAXIMUM TEMPERATURE (F)   55        MM        MM
 MINIMUM TEMPERATURE (F)   32        MM        MM


SUNRISE AND SUNSET
APRIL 28 2016.........SUNRISE   625 AM MDT   SUNSET   819 PM MDT
APRIL 29 2016.........SUNRISE   623 AM MDT   SUNSET   820 PM MDT


-  INDICATES NEGATIVE NUMBERS.
R  INDICATES RECORD WAS SET OR TIED.
MM INDICATES DATA IS MISSING.
T  INDICATES TRACE AMOUNT.




$$
