000
CDUS45 KSLC 251226
CLIEVW


CLIMATE REPORT
NATIONAL WEATHER SERVICE SALT LAKE CITY UT
526 AM MST THU DEC 25 2014


...................................

...THE EVANSTON WY CLIMATE SUMMARY FOR DECEMBER 24 2014...

CLIMATE NORMAL PERIOD 1981 TO 2010
CLIMATE RECORD PERIOD 9999 TO 9999


WEATHER ITEM   OBSERVED TIME   RECORD YEAR NORMAL DEPARTURE LAST
                VALUE   (LST)  VALUE       VALUE  FROM      YEAR
                                                  NORMAL
..................................................................
TEMPERATURE (F)
 YESTERDAY
  MAXIMUM         37    306 PM  MM      MM  28      9       33
  MINIMUM         13    414 AM  MM      MM  13      0       13
  AVERAGE         25                        20      5       23

PRECIPITATION (IN)
  YESTERDAY        T            MM      MM   0.02  -0.02      T
  MONTH TO DATE    0.13                      0.46  -0.33     0.06
  SINCE OCT 1      0.83                      2.67  -1.84     1.20
  SINCE JAN 1      9.96                     12.01  -2.05     5.26

DEGREE DAYS
 HEATING
  YESTERDAY       40                        45     -5       42
  MONTH TO DATE  768                      1060   -292     1127
  SINCE DEC 1    768                      1060   -292     1127
  SINCE JUL 1   2564                      3169   -605     3022

 COOLING
  YESTERDAY        0                         0      0        0
  MONTH TO DATE    0                         0      0        0
  SINCE DEC 1      0                         0      0        0
  SINCE JAN 1    219                       162     57      348
..................................................................


WIND (MPH)
  RESULTANT WIND SPEED  14   RESULTANT WIND DIRECTION  SW (220)
  HIGHEST WIND SPEED    28   HIGHEST WIND DIRECTION    SW (210)
  HIGHEST GUST SPEED    36   HIGHEST GUST DIRECTION    SW (210)
  AVERAGE WIND SPEED    15.2


SKY COVER
  POSSIBLE SUNSHINE  MM
  AVERAGE SKY COVER 0.4


WEATHER CONDITIONS
 THE FOLLOWING WEATHER WAS RECORDED YESTERDAY.
  LIGHT SNOW
  FOG


RELATIVE HUMIDITY (PERCENT)
 HIGHEST    88           300 AM
 LOWEST     56           400 PM
 AVERAGE    72

..........................................................


THE EVANSTON WY CLIMATE NORMALS FOR TODAY
                         NORMAL    RECORD    YEAR
 MAXIMUM TEMPERATURE (F)   28        MM        MM
 MINIMUM TEMPERATURE (F)   13        MM        MM


SUNRISE AND SUNSET
DECEMBER 25 2014......SUNRISE   748 AM MST   SUNSET   500 PM MST
DECEMBER 26 2014......SUNRISE   749 AM MST   SUNSET   501 PM MST


-  INDICATES NEGATIVE NUMBERS.
R  INDICATES RECORD WAS SET OR TIED.
MM INDICATES DATA IS MISSING.
T  INDICATES TRACE AMOUNT.




$$
