000
CDUS42 KMHX 230530
CLIEWN


CLIMATE REPORT
NATIONAL WEATHER SERVICE NEWPORT/MOREHEAD CITY NC
130 AM EDT THU OCT 23 2014


...................................

...THE NEW BERN NC CLIMATE SUMMARY FOR OCTOBER 22 2014...

CLIMATE NORMAL PERIOD 1981 TO 2010
CLIMATE RECORD PERIOD 1948 TO 2014


WEATHER ITEM   OBSERVED TIME   RECORD YEAR NORMAL DEPARTURE LAST
                VALUE   (LST)  VALUE       VALUE  FROM      YEAR
                                                  NORMAL
..................................................................
TEMPERATURE (F)
 YESTERDAY
  MAXIMUM         67   1134 AM  85    1984  73     -6       68
  MINIMUM         52    636 AM  30    1952  51      1       58
  AVERAGE         60                        62     -2       63

PRECIPITATION (IN)
  YESTERDAY        0.00          2.93 1971   0.10  -0.10     0.06
  MONTH TO DATE    2.13                      2.43  -0.30     3.14
  SINCE SEP 1      9.71                      8.32   1.39     6.39
  SINCE JAN 1     46.72                     45.12   1.60    35.76

SNOWFALL (IN)
  YESTERDAY        0.0
  MONTH TO DATE    0.0
  SINCE NOV 1     14.0
  SINCE JUL 1      0.0
  SNOW DEPTH       0

DEGREE DAYS
 HEATING
  YESTERDAY        5                         5      0        2
  MONTH TO DATE   27                        59    -32        9
  SINCE SEP 1     27                        66    -39       11
  SINCE JUL 1     27                        66    -39       11

 COOLING
  YESTERDAY        0                         2     -2        0
  MONTH TO DATE  107                        70     37      105
  SINCE SEP 1    457                       344    113      373
  SINCE JAN 1   2168                      1873    295     1990
..................................................................


WIND (MPH)
  HIGHEST WIND SPEED    23   HIGHEST WIND DIRECTION    NW (320)
  HIGHEST GUST SPEED    29   HIGHEST GUST DIRECTION    NW (330)
  AVERAGE WIND SPEED     9.5


SKY COVER
  POSSIBLE SUNSHINE  MM
  AVERAGE SKY COVER 0.6


WEATHER CONDITIONS
 THE FOLLOWING WEATHER WAS RECORDED YESTERDAY.
  NO SIGNIFICANT WEATHER WAS OBSERVED.


RELATIVE HUMIDITY (PERCENT)
 HIGHEST    77           600 AM
 LOWEST     48           100 PM
 AVERAGE    63

..........................................................


THE NEW BERN NC CLIMATE NORMALS FOR TODAY
                         NORMAL    RECORD    YEAR
 MAXIMUM TEMPERATURE (F)   73        86      2007
 MINIMUM TEMPERATURE (F)   51        35      1987


SUNRISE AND SUNSET
OCTOBER 23 2014.......SUNRISE   721 AM EDT   SUNSET   623 PM EDT
OCTOBER 24 2014.......SUNRISE   722 AM EDT   SUNSET   622 PM EDT


-  INDICATES NEGATIVE NUMBERS.
R  INDICATES RECORD WAS SET OR TIED.
MM INDICATES DATA IS MISSING.
T  INDICATES TRACE AMOUNT.




$$
