000
CDUS42 KMHX 200528
CLIEWN


CLIMATE REPORT
NATIONAL WEATHER SERVICE NEWPORT/MOREHEAD CITY NC
127 AM EDT WED AUG 20 2014


...................................

...THE NEW BERN NC CLIMATE SUMMARY FOR AUGUST 19 2014...

CLIMATE NORMAL PERIOD 1981 TO 2010
CLIMATE RECORD PERIOD 1948 TO 2014


WEATHER ITEM   OBSERVED TIME   RECORD YEAR NORMAL DEPARTURE LAST
                VALUE   (LST)  VALUE       VALUE  FROM      YEAR
                                                  NORMAL
..................................................................
TEMPERATURE (F)
 YESTERDAY
  MAXIMUM         90    410 PM  99    1988  88      2       79
  MINIMUM         71    411 AM  63    1958  70      1       74
  AVERAGE         81                        79      2       77

PRECIPITATION (IN)
  YESTERDAY        0.06          8.85 1986   0.21  -0.15     0.29
  MONTH TO DATE    9.01                      4.18   4.83     5.80
  SINCE JUN 1     19.01                     14.94   4.07    17.74
  SINCE JAN 1     36.89                     34.33   2.56    29.09

SNOWFALL (IN)
  YESTERDAY        0.0
  MONTH TO DATE    0.0
  SINCE NOV 1     14.0
  SINCE JUL 1      0.0
  SNOW DEPTH       0

DEGREE DAYS
 HEATING
  YESTERDAY        0                         0      0        0
  MONTH TO DATE    0                         0      0        0
  SINCE JUN 1      0                         1     -1        0
  SINCE JUL 1      0                         0      0        0

 COOLING
  YESTERDAY       16                        14      2       12
  MONTH TO DATE  266                       279    -13      272
  SINCE JUN 1   1170                      1126     44     1198
  SINCE JAN 1   1531                      1369    162     1454
..................................................................


WIND (MPH)
  HIGHEST WIND SPEED    10   HIGHEST WIND DIRECTION     W (290)
  HIGHEST GUST SPEED    15   HIGHEST GUST DIRECTION     W (270)
  AVERAGE WIND SPEED     4.2


SKY COVER
  POSSIBLE SUNSHINE  MM
  AVERAGE SKY COVER 0.2


WEATHER CONDITIONS
 THE FOLLOWING WEATHER WAS RECORDED YESTERDAY.
  RAIN
  LIGHT RAIN
  FOG


RELATIVE HUMIDITY (PERCENT)
 HIGHEST    91           800 PM
 LOWEST     56           400 PM
 AVERAGE    74

..........................................................


THE NEW BERN NC CLIMATE NORMALS FOR TODAY
                         NORMAL    RECORD    YEAR
 MAXIMUM TEMPERATURE (F)   88        98      2005
 MINIMUM TEMPERATURE (F)   70        61      1998


SUNRISE AND SUNSET
AUGUST 20 2014........SUNRISE   632 AM EDT   SUNSET   751 PM EDT
AUGUST 21 2014........SUNRISE   633 AM EDT   SUNSET   749 PM EDT


-  INDICATES NEGATIVE NUMBERS.
R  INDICATES RECORD WAS SET OR TIED.
MM INDICATES DATA IS MISSING.
T  INDICATES TRACE AMOUNT.




$$
