000
CDUS42 KMHX 252129
CLIEWN


CLIMATE REPORT
NATIONAL WEATHER SERVICE NEWPORT/MOREHEAD CITY NC
528 PM EDT MON MAY 25 2015


...................................

...THE NEW BERN NC CLIMATE SUMMARY FOR MAY 25 2015...
VALID TODAY AS OF 0500 PM LOCAL TIME.

CLIMATE NORMAL PERIOD 1981 TO 2010
CLIMATE RECORD PERIOD 1948 TO 2015


WEATHER ITEM   OBSERVED TIME   RECORD YEAR NORMAL DEPARTURE LAST
                VALUE   (LST)  VALUE       VALUE  FROM      YEAR
                                                  NORMAL
..................................................................
TEMPERATURE (F)
 TODAY
  MAXIMUM         83    231 PM  97    2011  82      1       84
  MINIMUM         57    451 AM  46    1967  62     -5       57
  AVERAGE         70                        72     -2       71

PRECIPITATION (IN)
  TODAY            0.00          4.53 1969   0.14  -0.14     0.00
  MONTH TO DATE    2.83                      3.26  -0.43     1.79
  SINCE MAR 1      8.45                     10.82  -2.37    11.22
  SINCE JAN 1     16.82                     18.50  -1.68    17.75

SNOWFALL (IN)
  TODAY            0.0
  MONTH TO DATE    0.0
  SINCE NOV 1      3.0
  SINCE JUL 1      3.0
  SNOW DEPTH       0

DEGREE DAYS
 HEATING
  TODAY            0                         0      0        0
  MONTH TO DATE   19                        32    -13        5
  SINCE MAR 1    476                       553    -77      563
  SINCE JUL 1   2719                      2699     20     2637

 COOLING
  TODAY            5                         7     -2        6
  MONTH TO DATE  145                       124     21      210
  SINCE MAR 1    233                       191     42      290
  SINCE JAN 1    240                       194     46      295
..................................................................


WIND (MPH)
  HIGHEST WIND SPEED    15   HIGHEST WIND DIRECTION     S (170)
  HIGHEST GUST SPEED    20   HIGHEST GUST DIRECTION     E (100)
  AVERAGE WIND SPEED     4.9


SKY COVER
  POSSIBLE SUNSHINE  MM
  AVERAGE SKY COVER 0.0


WEATHER CONDITIONS
 THE FOLLOWING WEATHER WAS RECORDED TODAY.
  NO SIGNIFICANT WEATHER WAS OBSERVED.


RELATIVE HUMIDITY (PERCENT)
 HIGHEST    93           400 AM
 LOWEST     37           200 PM
 AVERAGE    65

..........................................................


THE NEW BERN NC CLIMATE NORMALS FOR TOMORROW
                         NORMAL    RECORD    YEAR
 MAXIMUM TEMPERATURE (F)   83       100      1953
 MINIMUM TEMPERATURE (F)   62        48      2013


SUNRISE AND SUNSET
MAY 25 2015...........SUNRISE   558 AM EDT   SUNSET   812 PM EDT
MAY 26 2015...........SUNRISE   558 AM EDT   SUNSET   813 PM EDT


-  INDICATES NEGATIVE NUMBERS.
R  INDICATES RECORD WAS SET OR TIED.
MM INDICATES DATA IS MISSING.
T  INDICATES TRACE AMOUNT.




$$
