000
CDUS42 KMHX 250532
CLIEWN


CLIMATE REPORT
NATIONAL WEATHER SERVICE NEWPORT/MOREHEAD CITY NC
1231 AM EST SUN FEB 25 2018


...................................

...THE NEW BERN NC CLIMATE SUMMARY FOR FEBRUARY 24 2018...

CLIMATE NORMAL PERIOD 1981 TO 2010
CLIMATE RECORD PERIOD 1948 TO 2018


WEATHER ITEM   OBSERVED TIME   RECORD YEAR NORMAL DEPARTURE LAST
                VALUE   (LST)  VALUE       VALUE  FROM      YEAR
                                                  NORMAL
..................................................................
TEMPERATURE (F)
 YESTERDAY
  MAXIMUM         79    400 PM  84    1962  60     19       78
  MINIMUM         55    613 AM  23    2009  37     18       49
  AVERAGE         67                        48     19       64

PRECIPITATION (IN)
  YESTERDAY        0.00          1.94 1952   0.14  -0.14     0.00
  MONTH TO DATE    0.93                      3.12  -2.19     1.97
  SINCE DEC 1     10.22                     10.54  -0.32     9.72
  SINCE JAN 1      5.99                      7.14  -1.15     6.22

SNOWFALL (IN)
  YESTERDAY        0.0
  MONTH TO DATE    0.0
  SINCE NOV 1      6.0
  SINCE JUL 1      6.0
  SNOW DEPTH       0

DEGREE DAYS
 HEATING
  YESTERDAY        0                        17    -17        1
  MONTH TO DATE  254                       443   -189      283
  SINCE DEC 1   1689                      1656     33     1311
  SINCE JUL 1   2128                      2083     45     1706

 COOLING
  YESTERDAY        2                         0      2        0
  MONTH TO DATE   31                         0     31        6
  SINCE DEC 1     34                         4     30        6
  SINCE JAN 1     34                         1     33        6
..................................................................


WIND (MPH)
  HIGHEST WIND SPEED    17   HIGHEST WIND DIRECTION    SW (240)
  HIGHEST GUST SPEED    23   HIGHEST GUST DIRECTION    SW (240)
  AVERAGE WIND SPEED     7.3


SKY COVER
  POSSIBLE SUNSHINE  MM
  AVERAGE SKY COVER 0.4


WEATHER CONDITIONS
 THE FOLLOWING WEATHER WAS RECORDED YESTERDAY.
  FOG
  FOG W/VISIBILITY <= 1/4 MILE
  HAZE


RELATIVE HUMIDITY (PERCENT)
 HIGHEST   100          1200 AM
 LOWEST     54           400 PM
 AVERAGE    77

..........................................................


THE NEW BERN NC CLIMATE NORMALS FOR TODAY
                         NORMAL    RECORD    YEAR
 MAXIMUM TEMPERATURE (F)   60        80      2017
 MINIMUM TEMPERATURE (F)   38        14      1967


SUNRISE AND SUNSET
FEBRUARY 25 2018......SUNRISE   643 AM EST   SUNSET   600 PM EST
FEBRUARY 26 2018......SUNRISE   641 AM EST   SUNSET   601 PM EST


-  INDICATES NEGATIVE NUMBERS.
R  INDICATES RECORD WAS SET OR TIED.
MM INDICATES DATA IS MISSING.
T  INDICATES TRACE AMOUNT.




$$
