000
CDUS42 KMHX 190625
CLIEWN


CLIMATE REPORT
NATIONAL WEATHER SERVICE NEWPORT/MOREHEAD CITY NC
125 AM EST FRI DEC 19 2014


...................................

...THE NEW BERN NC CLIMATE SUMMARY FOR DECEMBER 18 2014...

CLIMATE NORMAL PERIOD 1981 TO 2010
CLIMATE RECORD PERIOD 1948 TO 2014


WEATHER ITEM   OBSERVED TIME   RECORD YEAR NORMAL DEPARTURE LAST
                VALUE   (LST)  VALUE       VALUE  FROM      YEAR
                                                  NORMAL
..................................................................
TEMPERATURE (F)
 YESTERDAY
  MAXIMUM         54    402 PM  79    1984  57     -3       55
  MINIMUM         34   1159 PM  19    1963  35     -1       30
  AVERAGE         44                        46     -2       43

PRECIPITATION (IN)
  YESTERDAY        0.00          2.74 1959   0.11  -0.11     0.00
  MONTH TO DATE    0.66                      1.95  -1.29     1.43
  SINCE DEC 1      0.66                      1.95  -1.29     1.43
  SINCE JAN 1     51.37                     51.30   0.07    41.71

SNOWFALL (IN)
  YESTERDAY        0.0
  MONTH TO DATE    0.0
  SINCE NOV 1      0.0
  SINCE JUL 1      0.0
  SNOW DEPTH       0

DEGREE DAYS
 HEATING
  YESTERDAY       21                        19      2       22
  MONTH TO DATE  264                       305    -41      252
  SINCE DEC 1    264                       305    -41      252
  SINCE JUL 1    709                       732    -23      675

 COOLING
  YESTERDAY        0                         0      0        0
  MONTH TO DATE    0                         0      0       12
  SINCE DEC 1      0                         0      0       12
  SINCE JAN 1   2193                      1900    293     2018
..................................................................


WIND (MPH)
  HIGHEST WIND SPEED    10   HIGHEST WIND DIRECTION    NE (40)
  HIGHEST GUST SPEED    13   HIGHEST GUST DIRECTION    NE (40)
  AVERAGE WIND SPEED     2.5


SKY COVER
  POSSIBLE SUNSHINE  MM
  AVERAGE SKY COVER 0.0


WEATHER CONDITIONS
 THE FOLLOWING WEATHER WAS RECORDED YESTERDAY.
  NO SIGNIFICANT WEATHER WAS OBSERVED.


RELATIVE HUMIDITY (PERCENT)
 HIGHEST    92           500 AM
 LOWEST     35           200 PM
 AVERAGE    64

..........................................................


THE NEW BERN NC CLIMATE NORMALS FOR TODAY
                         NORMAL    RECORD    YEAR
 MAXIMUM TEMPERATURE (F)   57        80      1984
 MINIMUM TEMPERATURE (F)   35        15      1950


SUNRISE AND SUNSET
DECEMBER 19 2014......SUNRISE   711 AM EST   SUNSET   459 PM EST
DECEMBER 20 2014......SUNRISE   712 AM EST   SUNSET   500 PM EST


-  INDICATES NEGATIVE NUMBERS.
R  INDICATES RECORD WAS SET OR TIED.
MM INDICATES DATA IS MISSING.
T  INDICATES TRACE AMOUNT.




$$
