000
CDUS42 KMHX 240531
CLIEWN


CLIMATE REPORT
NATIONAL WEATHER SERVICE NEWPORT/MOREHEAD CITY NC
130 AM EDT THU APR 24 2014


...................................

...THE NEW BERN NC CLIMATE SUMMARY FOR APRIL 23 2014...

CLIMATE NORMAL PERIOD 1981 TO 2010
CLIMATE RECORD PERIOD 1948 TO 2014


WEATHER ITEM   OBSERVED TIME   RECORD YEAR NORMAL DEPARTURE LAST
                VALUE   (LST)  VALUE       VALUE  FROM      YEAR
                                                  NORMAL
..................................................................
TEMPERATURE (F)
 YESTERDAY
  MAXIMUM         75    254 PM  92    1980  75      0       66
  MINIMUM         49   1051 PM  38    1986  52     -3       48
  AVERAGE         62                        64     -2       57

PRECIPITATION (IN)
  YESTERDAY        0.00          1.12 1984   0.12  -0.12     0.00
  MONTH TO DATE    3.55                      2.42   1.13     1.74
  SINCE MAR 1      8.15                      6.81   1.34     2.91
  SINCE JAN 1     14.68                     14.49   0.19     9.05

SNOWFALL (IN)
  YESTERDAY        0.0
  MONTH TO DATE    0.0
  SINCE NOV 1     14.0
  SINCE JUL 1     14.0
  SNOW DEPTH       0

DEGREE DAYS
 HEATING
  YESTERDAY        3                         4     -1        8
  MONTH TO DATE   94                       131    -37      131
  SINCE MAR 1    552                       500     52      613
  SINCE JUL 1   2626                      2646    -20     2539

 COOLING
  YESTERDAY        0                         2     -2        0
  MONTH TO DATE   43                        36      7       59
  SINCE MAR 1     46                        47     -1       60
  SINCE JAN 1     51                        50      1       67
..................................................................


WIND (MPH)
  HIGHEST WIND SPEED    17   HIGHEST WIND DIRECTION     W (290)
  HIGHEST GUST SPEED    25   HIGHEST GUST DIRECTION    NW (320)
  AVERAGE WIND SPEED     7.4


SKY COVER
  POSSIBLE SUNSHINE  MM
  AVERAGE SKY COVER 0.1


WEATHER CONDITIONS
 THE FOLLOWING WEATHER WAS RECORDED YESTERDAY.
  NO SIGNIFICANT WEATHER WAS OBSERVED.


RELATIVE HUMIDITY (PERCENT)
 HIGHEST    84           500 AM
 LOWEST     23           400 PM
 AVERAGE    54

..........................................................


THE NEW BERN NC CLIMATE NORMALS FOR TODAY
                         NORMAL    RECORD    YEAR
 MAXIMUM TEMPERATURE (F)   76        94      1960
 MINIMUM TEMPERATURE (F)   52        39      1963


SUNRISE AND SUNSET
APRIL 24 2014.........SUNRISE   625 AM EDT   SUNSET   748 PM EDT
APRIL 25 2014.........SUNRISE   624 AM EDT   SUNSET   749 PM EDT


-  INDICATES NEGATIVE NUMBERS.
R  INDICATES RECORD WAS SET OR TIED.
MM INDICATES DATA IS MISSING.
T  INDICATES TRACE AMOUNT.




$$
