000
CDUS42 KMHX 160625
CLIEWN


CLIMATE REPORT
NATIONAL WEATHER SERVICE NEWPORT/MOREHEAD CITY NC
125 AM EST MON JAN 16 2017


...................................

...THE NEW BERN NC CLIMATE SUMMARY FOR JANUARY 15 2017...

CLIMATE NORMAL PERIOD 1981 TO 2010
CLIMATE RECORD PERIOD 1948 TO 2017


WEATHER ITEM   OBSERVED TIME   RECORD YEAR NORMAL DEPARTURE LAST
                VALUE   (LST)  VALUE       VALUE  FROM      YEAR
                                                  NORMAL
..................................................................
TEMPERATURE (F)
 YESTERDAY
  MAXIMUM         58    129 PM  76    2007  54      4       62
  MINIMUM         41    317 AM  17    1994  34      7       31
  AVERAGE         50                        44      6       47

PRECIPITATION (IN)
  YESTERDAY        0.00          1.71 1971   0.14  -0.14     0.94
  MONTH TO DATE    2.84                      1.99   0.85     1.32
  SINCE DEC 1      6.34                      5.39   0.95     7.74
  SINCE JAN 1      2.84                      1.99   0.85     1.32

SNOWFALL (IN)
  YESTERDAY        0.0
  MONTH TO DATE    T
  SINCE NOV 1      T
  SINCE JUL 1      T
  SNOW DEPTH       0

DEGREE DAYS
 HEATING
  YESTERDAY       15                        21     -6       18
  MONTH TO DATE  270                       315    -45      308
  SINCE DEC 1    808                       882    -74      512
  SINCE JUL 1   1203                      1309   -106      795

 COOLING
  YESTERDAY        0                         0      0        0
  MONTH TO DATE    0                         0      0        0
  SINCE DEC 1      0                         3     -3       49
  SINCE JAN 1      0                         0      0        0
..................................................................


WIND (MPH)
  HIGHEST WIND SPEED    15   HIGHEST WIND DIRECTION    NE (40)
  HIGHEST GUST SPEED    18   HIGHEST GUST DIRECTION    NE (50)
  AVERAGE WIND SPEED     5.0


SKY COVER
  POSSIBLE SUNSHINE  MM
  AVERAGE SKY COVER 0.7


WEATHER CONDITIONS
 THE FOLLOWING WEATHER WAS RECORDED YESTERDAY.
  FOG


RELATIVE HUMIDITY (PERCENT)
 HIGHEST    96           200 AM
 LOWEST     61          1200 PM
 AVERAGE    79

..........................................................


THE NEW BERN NC CLIMATE NORMALS FOR TODAY
                         NORMAL    RECORD    YEAR
 MAXIMUM TEMPERATURE (F)   54        79      2013
                                             1950
 MINIMUM TEMPERATURE (F)   34        10      1994


SUNRISE AND SUNSET
JANUARY 16 2017.......SUNRISE   716 AM EST   SUNSET   521 PM EST
JANUARY 17 2017.......SUNRISE   715 AM EST   SUNSET   522 PM EST


-  INDICATES NEGATIVE NUMBERS.
R  INDICATES RECORD WAS SET OR TIED.
MM INDICATES DATA IS MISSING.
T  INDICATES TRACE AMOUNT.




$$
