000
CDUS42 KMHX 220525
CLIEWN


CLIMATE REPORT
NATIONAL WEATHER SERVICE NEWPORT/MOREHEAD CITY NC
125 AM EDT THU JUN 22 2017


...................................

...THE NEW BERN NC CLIMATE SUMMARY FOR JUNE 21 2017...

CLIMATE NORMAL PERIOD 1981 TO 2010
CLIMATE RECORD PERIOD 1948 TO 2017


WEATHER ITEM   OBSERVED TIME   RECORD YEAR NORMAL DEPARTURE LAST
                VALUE   (LST)  VALUE       VALUE  FROM      YEAR
                                                  NORMAL
..................................................................
TEMPERATURE (F)
 YESTERDAY
  MAXIMUM         85    334 PM  99    1990  88     -3       88
  MINIMUM         72    616 AM  54    1979  69      3       67
  AVERAGE         79                        78      1       78

PRECIPITATION (IN)
  YESTERDAY        0.08          2.92 1970   0.15  -0.07     0.00
  MONTH TO DATE    4.12                      3.13   0.99     3.29
  SINCE JUN 1      4.12                      3.13   0.99     3.29
  SINCE JAN 1     23.63                     22.52   1.11    26.00

SNOWFALL (IN)
  YESTERDAY        0.0
  MONTH TO DATE    0.0
  SINCE NOV 1      T
  SINCE JUL 1      T
  SNOW DEPTH       0

DEGREE DAYS
 HEATING
  YESTERDAY        0                         0      0        0
  MONTH TO DATE    2                         0      2        0
  SINCE JUN 1      2                         0      2        0
  SINCE JUL 1   2236                      2701   -465     2112

 COOLING
  YESTERDAY       14                        13      1       13
  MONTH TO DATE  247                       236     11      260
  SINCE JUN 1    247                       236     11      260
  SINCE JAN 1    619                       479    140      530
..................................................................


WIND (MPH)
  HIGHEST WIND SPEED    14   HIGHEST WIND DIRECTION     S (200)
  HIGHEST GUST SPEED    19   HIGHEST GUST DIRECTION    SW (220)
  AVERAGE WIND SPEED     7.5


SKY COVER
  POSSIBLE SUNSHINE  MM
  AVERAGE SKY COVER 0.4


WEATHER CONDITIONS
 THE FOLLOWING WEATHER WAS RECORDED YESTERDAY.
  LIGHT RAIN
  FOG


RELATIVE HUMIDITY (PERCENT)
 HIGHEST   100          1200 AM
 LOWEST     61           200 PM
 AVERAGE    81

..........................................................


THE NEW BERN NC CLIMATE NORMALS FOR TODAY
                         NORMAL    RECORD    YEAR
 MAXIMUM TEMPERATURE (F)   88        97      1994
 MINIMUM TEMPERATURE (F)   69        57      1992


SUNRISE AND SUNSET
JUNE 22 2017..........SUNRISE   555 AM EDT   SUNSET   826 PM EDT
JUNE 23 2017..........SUNRISE   555 AM EDT   SUNSET   826 PM EDT


-  INDICATES NEGATIVE NUMBERS.
R  INDICATES RECORD WAS SET OR TIED.
MM INDICATES DATA IS MISSING.
T  INDICATES TRACE AMOUNT.




$$
