000
CDUS43 KIND 220532
CLIEYE


CLIMATE REPORT
NATIONAL WEATHER SERVICE INDIANAPOLIS IN
132 AM EDT SUN OCT 22 2017


...................................

...THE INDIANAPOLIS EAGLE CREEK IN CLIMATE SUMMARY FOR OCTOBER 21 2017...

CLIMATE NORMAL PERIOD 1981 TO 2010
CLIMATE RECORD PERIOD 9999 TO 9999


WEATHER ITEM   OBSERVED TIME   NORMAL DEPARTURE LAST
                VALUE   (LST)  VALUE  FROM      YEAR
                                      NORMAL
......................................................
TEMPERATURE (F)
 YESTERDAY
  MAXIMUM         76    330 PM  62     14       56
  MINIMUM         50    723 AM  44      6       46
  AVERAGE         63            53     10       51

PRECIPITATION (IN)
  YESTERDAY        0.00          0.10  -0.10     0.04
  MONTH TO DATE    2.52          2.14   0.38     3.24
  SINCE SEP 1      3.01          4.39  -1.38     7.28
  SINCE JAN 1     35.15         33.04   2.11    39.31

DEGREE DAYS
 HEATING
  YESTERDAY        2            12    -10       14
  MONTH TO DATE   57           193   -136       73
  SINCE SEP 1     84           251   -167       85
  SINCE JUL 1     84           254   -170       88

 COOLING
  YESTERDAY        0             0      0        0
  MONTH TO DATE   46            12     34       44
  SINCE SEP 1    215           135     80      256
  SINCE JAN 1   1143          1055     88     1445
......................................................


WIND (MPH)
  HIGHEST WIND SPEED    15   HIGHEST WIND DIRECTION     S (170)
  HIGHEST GUST SPEED    19   HIGHEST GUST DIRECTION     S (180)
  AVERAGE WIND SPEED     5.6


SKY COVER
  AVERAGE SKY COVER 0.0


WEATHER CONDITIONS
 THE FOLLOWING WEATHER WAS RECORDED YESTERDAY.
  NO SIGNIFICANT WEATHER WAS OBSERVED.


RELATIVE HUMIDITY (PERCENT)
 HIGHEST    89           300 AM
 LOWEST     38           300 PM
 AVERAGE    64

..........................................................


THE INDIANAPOLIS EAGLE CREEK IN CLIMATE NORMALS FOR TODAY
                         NORMAL
 MAXIMUM TEMPERATURE (F)   62
 MINIMUM TEMPERATURE (F)   43


SUNRISE AND SUNSET
OCTOBER 22 2017.......SUNRISE   803 AM EDT   SUNSET   655 PM EDT
OCTOBER 23 2017.......SUNRISE   804 AM EDT   SUNSET   654 PM EDT


-  INDICATES NEGATIVE NUMBERS.
R  INDICATES RECORD WAS SET OR TIED.
MM INDICATES DATA IS MISSING.
T  INDICATES TRACE AMOUNT.




$$
