000
CDUS43 KIND 010530
CLIEYE


CLIMATE REPORT
NATIONAL WEATHER SERVICE INDIANAPOLIS IN
130 AM EDT SUN MAY 1 2016


...................................

...THE INDIANAPOLIS EAGLE CREEK IN CLIMATE SUMMARY FOR APRIL 30 2016...

CLIMATE NORMAL PERIOD 1981 TO 2010
CLIMATE RECORD PERIOD 9999 TO 9999


WEATHER ITEM   OBSERVED TIME   NORMAL DEPARTURE LAST
                VALUE   (LST)  VALUE  FROM      YEAR
                                      NORMAL
......................................................
TEMPERATURE (F)
 YESTERDAY
  MAXIMUM         62   1159 PM  68     -6       59
  MINIMUM         50    929 AM  48      2       45
  AVERAGE         56            58     -2       52

PRECIPITATION (IN)
  YESTERDAY        0.79          0.20   0.59      T
  MONTH TO DATE    3.86          3.90  -0.04     5.06
  SINCE MAR 1      6.30          7.20  -0.90     8.13
  SINCE JAN 1      8.26         11.54  -3.28    10.61

DEGREE DAYS
 HEATING
  YESTERDAY        9             8      1       13
  MONTH TO DATE  353           369    -16      335
  SINCE MAR 1    839          1070   -231     1152
  SINCE JUL 1   4352          5195   -843     5838

 COOLING
  YESTERDAY        0             1     -1        0
  MONTH TO DATE   13            14     -1        4
  SINCE MAR 1     13            15     -2        4
  SINCE JAN 1     13            15     -2        4
......................................................


WIND (MPH)
  HIGHEST WIND SPEED    16   HIGHEST WIND DIRECTION     E (80)
  HIGHEST GUST SPEED    22   HIGHEST GUST DIRECTION     E (80)
  AVERAGE WIND SPEED     8.8


SKY COVER
  AVERAGE SKY COVER 0.9


WEATHER CONDITIONS
 THE FOLLOWING WEATHER WAS RECORDED YESTERDAY.
  THUNDERSTORM
  HEAVY RAIN
  RAIN
  LIGHT RAIN
  FOG


RELATIVE HUMIDITY (PERCENT)
 HIGHEST   100           500 PM
 LOWEST     77          1200 AM
 AVERAGE    89

..........................................................


THE INDIANAPOLIS EAGLE CREEK IN CLIMATE NORMALS FOR TODAY
                         NORMAL
 MAXIMUM TEMPERATURE (F)   68
 MINIMUM TEMPERATURE (F)   48


SUNRISE AND SUNSET
MAY  1 2016...........SUNRISE   645 AM EDT   SUNSET   840 PM EDT
MAY  2 2016...........SUNRISE   644 AM EDT   SUNSET   841 PM EDT


-  INDICATES NEGATIVE NUMBERS.
R  INDICATES RECORD WAS SET OR TIED.
MM INDICATES DATA IS MISSING.
T  INDICATES TRACE AMOUNT.




$$
