000
CDUS43 KIND 220531
CLIEYE


CLIMATE REPORT
NATIONAL WEATHER SERVICE INDIANAPOLIS IN
131 AM EDT TUE AUG 22 2017


...................................

...THE INDIANAPOLIS EAGLE CREEK IN CLIMATE SUMMARY FOR AUGUST 21 2017...

CLIMATE NORMAL PERIOD 1981 TO 2010
CLIMATE RECORD PERIOD 9999 TO 9999


WEATHER ITEM   OBSERVED TIME   NORMAL DEPARTURE LAST
                VALUE   (LST)  VALUE  FROM      YEAR
                                      NORMAL
......................................................
TEMPERATURE (F)
 YESTERDAY
  MAXIMUM         90   1210 PM  83      7       78
  MINIMUM         72    612 AM  65      7       63
  AVERAGE         81            74      7       71

PRECIPITATION (IN)
  YESTERDAY        0.10          0.10   0.00     0.00
  MONTH TO DATE    0.52          2.04  -1.52     4.34
  SINCE JUN 1      9.81         10.69  -0.88    18.56
  SINCE JAN 1     31.65         27.50   4.15    30.07

DEGREE DAYS
 HEATING
  YESTERDAY        0             0      0        0
  MONTH TO DATE    0             0      0        0
  SINCE JUN 1      3            15    -12        3
  SINCE JUL 1      0             1     -1        3

 COOLING
  YESTERDAY       16             9      7        6
  MONTH TO DATE  192           201     -9      280
  SINCE JUN 1    773           753     20      958
  SINCE JAN 1    875           837     38     1060
......................................................


WIND (MPH)
  HIGHEST WIND SPEED    22   HIGHEST WIND DIRECTION    NW (300)
  HIGHEST GUST SPEED    27   HIGHEST GUST DIRECTION    NW (300)
  AVERAGE WIND SPEED     4.1


SKY COVER
  AVERAGE SKY COVER 0.1


WEATHER CONDITIONS
 THE FOLLOWING WEATHER WAS RECORDED YESTERDAY.
  THUNDERSTORM
  HEAVY RAIN
  LIGHT RAIN
  FOG


RELATIVE HUMIDITY (PERCENT)
 HIGHEST    90           500 AM
 LOWEST     59          1200 PM
 AVERAGE    75

..........................................................


THE INDIANAPOLIS EAGLE CREEK IN CLIMATE NORMALS FOR TODAY
                         NORMAL
 MAXIMUM TEMPERATURE (F)   83
 MINIMUM TEMPERATURE (F)   65


SUNRISE AND SUNSET
AUGUST 22 2017........SUNRISE   704 AM EDT   SUNSET   831 PM EDT
AUGUST 23 2017........SUNRISE   705 AM EDT   SUNSET   830 PM EDT


-  INDICATES NEGATIVE NUMBERS.
R  INDICATES RECORD WAS SET OR TIED.
MM INDICATES DATA IS MISSING.
T  INDICATES TRACE AMOUNT.




$$
