000
CDUS42 KKEY 250532
CLIEYW


CLIMATE REPORT
NATIONAL WEATHER SERVICE KEY WEST, FL
129 AM EDT SAT MAR 25 2017


...................................

...THE KEY WEST CLIMATE SUMMARY FOR MARCH 24 2017...

CLIMATE NORMAL PERIOD 1981 TO 2010
CLIMATE RECORD PERIOD 1871 TO 2017


WEATHER ITEM   OBSERVED TIME   RECORD YEAR NORMAL DEPARTURE LAST
               VALUE    (LST)  VALUE       VALUE  FROM      YEAR
                                                  NORMAL
..................................................................
TEMPERATURE (F)
 YESTERDAY
  MAXIMUM         81    330 PM  88    1994  79      2       80
  MINIMUM         71    654 AM  57    1968  69      2       73
                                      1915
  AVERAGE         76                        74      2       77

PRECIPITATION (IN)
  YESTERDAY        T             1.18 1983   0.04  -0.04     0.05
  MONTH TO DATE    0.93                      1.62  -0.69     0.26
  SINCE MAR 1      0.93                      1.62  -0.69     0.26
  SINCE JAN 1      3.98                      5.15  -1.17     7.34

SNOWFALL (IN)
  YESTERDAY        0.0
  MONTH TO DATE    0.0
  SINCE MAR 1      0.0
  SINCE JUL 1      0.0
  SNOW DEPTH       0

DEGREE DAYS
 HEATING
  YESTERDAY        0                         0      0        0
  MONTH TO DATE    0                         0      0        0
  SINCE MAR 1      0                         0      0        0
  SINCE JUL 1      5                        66    -61       24

 COOLING
  YESTERDAY       11                         9      2       12
  MONTH TO DATE  214                       198     16      234
  SINCE MAR 1    214                       198     16      234
  SINCE JAN 1    754                       546    208      562
..................................................................


WIND (MPH)
  HIGHEST WIND SPEED    25   HIGHEST WIND DIRECTION     E (90)
  HIGHEST GUST SPEED    32   HIGHEST GUST DIRECTION     E (100)
  AVERAGE WIND SPEED    14.2


SKY COVER
  POSSIBLE SUNSHINE  MM
  AVERAGE SKY COVER 0.1


WEATHER CONDITIONS
 THE FOLLOWING WEATHER WAS RECORDED YESTERDAY.
  HAZE


RELATIVE HUMIDITY (PERCENT)
 HIGHEST    84
 LOWEST     58
 AVERAGE    71

..........................................................


THE KEY WEST CLIMATE NORMALS FOR TODAY
                         NORMAL    RECORD    YEAR
 MAXIMUM TEMPERATURE (F)   79        89      1873
 MINIMUM TEMPERATURE (F)   69        54      1915


SUNRISE AND SUNSET
MARCH 25 2017.........SUNRISE   726 AM EDT   SUNSET   740 PM EDT
MARCH 26 2017.........SUNRISE   725 AM EDT   SUNSET   741 PM EDT


-  INDICATES NEGATIVE NUMBERS.
R  INDICATES RECORD WAS SET OR TIED.
MM INDICATES DATA IS MISSING.
T  INDICATES TRACE AMOUNT.


$$
