000
CDUS42 KKEY 270530
CLIEYW


CLIMATE REPORT
NATIONAL WEATHER SERVICE KEY WEST, FL
1228 AM EST MON FEB 27 2017

...................................

...THE KEY WEST CLIMATE SUMMARY FOR FEBRUARY 26 2017...

CLIMATE NORMAL PERIOD 1981 TO 2010
CLIMATE RECORD PERIOD 1871 TO 2017

WEATHER ITEM   OBSERVED TIME   RECORD YEAR NORMAL DEPARTURE LAST
                VALUE   (LST)  VALUE       VALUE  FROM      YEAR
                                                  NORMAL
..................................................................
TEMPERATURE (F)
 YESTERDAY
  MAXIMUM         80    244 PM  85    1991  77      3       70
  MINIMUM         69    218 AM  49    1967  67      2       61
  AVERAGE         75                        72      3       66

PRECIPITATION (IN)
  YESTERDAY        0.00          1.20 1877   0.07  -0.07     0.00
  MONTH TO DATE    2.05                      1.37   0.68     3.72
  SINCE DEC 1      4.79                      5.63  -0.84    11.66
  SINCE JAN 1      3.05                      3.41  -0.36     7.08

SNOWFALL (IN)
  YESTERDAY        0.0
  MONTH TO DATE    0.0
  SINCE DEC 1      0.0
  SINCE JUL 1      0.0
  SNOW DEPTH       0

DEGREE DAYS
 HEATING
  YESTERDAY        0                         0      0        0
  MONTH TO DATE    0                        19    -19        9
  SINCE DEC 1      5                        69    -64       22
  SINCE JUL 1      5                        70    -65       22

 COOLING
  YESTERDAY       10                         7      3        1
  MONTH TO DATE  250                       169     81      142
  SINCE DEC 1    904                       551    353      717
  SINCE JAN 1    511                       334    177      318
..................................................................


WIND (MPH)
  HIGHEST WIND SPEED    15   HIGHEST WIND DIRECTION     N (20)
  HIGHEST GUST SPEED    20   HIGHEST GUST DIRECTION     N (20)
  AVERAGE WIND SPEED     9.2


SKY COVER
  POSSIBLE SUNSHINE  MM
  AVERAGE SKY COVER 0.1


WEATHER CONDITIONS
 THE FOLLOWING WEATHER WAS RECORDED YESTERDAY.
  NO SIGNIFICANT WEATHER WAS OBSERVED.


RELATIVE HUMIDITY (PERCENT)
 HIGHEST    90
 LOWEST     64
 AVERAGE    77

..........................................................


THE KEY WEST CLIMATE NORMALS FOR TODAY
                         NORMAL    RECORD    YEAR
 MAXIMUM TEMPERATURE (F)   77        84      1997
                                             1874
 MINIMUM TEMPERATURE (F)   67        46      1989


SUNRISE AND SUNSET
FEBRUARY 27 2017......SUNRISE   651 AM EST   SUNSET   629 PM EST
FEBRUARY 28 2017......SUNRISE   650 AM EST   SUNSET   629 PM EST


-  INDICATES NEGATIVE NUMBERS.
R  INDICATES RECORD WAS SET OR TIED.
MM INDICATES DATA IS MISSING.
T  INDICATES TRACE AMOUNT.

$$

BWC
