000
CDUS42 KKEY 240528
CLIEYW

CLIMATE REPORT
NATIONAL WEATHER SERVICE KEY WEST, FL
126 AM EDT THU APR 24 2014


...................................

...THE KEY WEST CLIMATE SUMMARY FOR APRIL 23 2014...

CLIMATE NORMAL PERIOD 1981 TO 2010
CLIMATE RECORD PERIOD 1871 TO 2014


WEATHER ITEM   OBSERVED TIME   RECORD YEAR NORMAL DEPARTURE LAST
                VALUE   (LST)  VALUE       VALUE  FROM      YEAR
                                                  NORMAL
..................................................................
TEMPERATURE (F)
 YESTERDAY
  MAXIMUM         80    339 PM  89    1874  82     -2       87
  MINIMUM         70    637 AM  62    1940  73     -3       76
  AVERAGE         75                        77     -2       82

PRECIPITATION (IN)
  YESTERDAY        0.00          2.37 1954   0.07  -0.07     0.00
  MONTH TO DATE    0.56                      1.64  -1.08     1.97
  SINCE MAR 1      4.34                      3.69   0.65     4.17
  SINCE JAN 1     11.94                      7.22   4.72     5.71

SNOWFALL (IN)
  YESTERDAY        0.0
  MONTH TO DATE    0.0
  SINCE MAR 1      0.0
  SINCE JUL 1      0.0
  SNOW DEPTH       0

DEGREE DAYS
 HEATING
  YESTERDAY        0                         0      0        0
  MONTH TO DATE    0                         0      0        0
  SINCE MAR 1      0                         7     -7       16
  SINCE JUL 1     22                        73    -51       28

 COOLING
  YESTERDAY       10                        12     -2       17
  MONTH TO DATE  279                       253     26      345
  SINCE MAR 1    556                       515     41      507
  SINCE JAN 1    982                       863    119     1041
..................................................................


WIND (MPH)
  HIGHEST WIND SPEED    12   HIGHEST WIND DIRECTION     N (340)
  HIGHEST GUST SPEED    15   HIGHEST GUST DIRECTION    NW (330)
  AVERAGE WIND SPEED     5.8


SKY COVER
  POSSIBLE SUNSHINE  MM
  AVERAGE SKY COVER 0.1


WEATHER CONDITIONS
 THE FOLLOWING WEATHER WAS RECORDED YESTERDAY.
  NO SIGNIFICANT WEATHER WAS OBSERVED.


RELATIVE HUMIDITY (PERCENT)
 HIGHEST    79
 LOWEST     58
 AVERAGE    69

..........................................................


THE KEY WEST CLIMATE NORMALS FOR TODAY
                         NORMAL    RECORD    YEAR
 MAXIMUM TEMPERATURE (F)   82        89      1991
 MINIMUM TEMPERATURE (F)   73        63      1998


SUNRISE AND SUNSET
APRIL 24 2014.........SUNRISE   657 AM EDT   SUNSET   753 PM EDT
APRIL 25 2014.........SUNRISE   657 AM EDT   SUNSET   754 PM EDT


-  INDICATES NEGATIVE NUMBERS.
R  INDICATES RECORD WAS SET OR TIED.
MM INDICATES DATA IS MISSING.
T  INDICATES TRACE AMOUNT.




$$
