000
CDUS42 KKEY 010529
CLIEYW

CLIMATE REPORT
NATIONAL WEATHER SERVICE KEY WEST, FL
127 AM EDT TUE SEP 1 2015


...................................

...THE KEY WEST CLIMATE SUMMARY FOR AUGUST 31 2015...

CLIMATE NORMAL PERIOD 1981 TO 2010
CLIMATE RECORD PERIOD 1871 TO 2015


WEATHER ITEM   OBSERVED TIME   RECORD YEAR NORMAL DEPARTURE LAST
                VALUE   (LST)  VALUE       VALUE  FROM      YEAR
                                                  NORMAL
..................................................................
TEMPERATURE (F)
 YESTERDAY
  MAXIMUM         89    258 PM  94    1956  89      0       90
                                      1952
                                      1878
  MINIMUM         81    536 AM  71    1916  79      2       77
                                      1896
                                      1893
  AVERAGE         85                        84      1       84

PRECIPITATION (IN)
  YESTERDAY        T             1.54 1872   0.20  -0.20     0.89
  MONTH TO DATE    6.77                      5.38   1.39     4.05
  SINCE JUN 1     10.08                     13.04  -2.96     9.29
  SINCE JAN 1     22.51                     23.67  -1.16    22.14

SNOWFALL (IN)
  YESTERDAY        0.0
  MONTH TO DATE    0.0
  SINCE JUN 1      0.0
  SINCE JUL 1      0.0
  SNOW DEPTH       0

DEGREE DAYS
 HEATING
  YESTERDAY        0                         0      0        0
  MONTH TO DATE    0                         0      0        0
  SINCE JUN 1      0                         0      0        0
  SINCE JUL 1      0                         0      0        0

 COOLING
  YESTERDAY       20                        19      1       19
  MONTH TO DATE  653                       604     49      673
  SINCE JUN 1   1876                      1759    117     1898
  SINCE JAN 1   3593                      3189    404     3520
..................................................................


WIND (MPH)
  HIGHEST WIND SPEED    17   HIGHEST WIND DIRECTION     S (180)
  HIGHEST GUST SPEED    21   HIGHEST GUST DIRECTION     S (180)
  AVERAGE WIND SPEED     9.2


SKY COVER
  POSSIBLE SUNSHINE  MM
  AVERAGE SKY COVER 0.2


WEATHER CONDITIONS
 THE FOLLOWING WEATHER WAS RECORDED YESTERDAY.
  LIGHT RAIN


RELATIVE HUMIDITY (PERCENT)
 HIGHEST    88
 LOWEST     63
 AVERAGE    76

..........................................................


THE KEY WEST CLIMATE NORMALS FOR TODAY
                         NORMAL    RECORD    YEAR
 MAXIMUM TEMPERATURE (F)   89        95      1956
 MINIMUM TEMPERATURE (F)   79        71      1933


SUNRISE AND SUNSET
SEPTEMBER  1 2015.....SUNRISE   708 AM EDT   SUNSET   746 PM EDT
SEPTEMBER  2 2015.....SUNRISE   708 AM EDT   SUNSET   745 PM EDT


-  INDICATES NEGATIVE NUMBERS.
R  INDICATES RECORD WAS SET OR TIED.
MM INDICATES DATA IS MISSING.
T  INDICATES TRACE AMOUNT.

$$

CLR
