000
CDUS42 KKEY 250551
CLIEYW


CLIMATE REPORT
NATIONAL WEATHER SERVICE KEY WEST, FL
1249 AM EST SAT NOV 25 2017


...................................

...THE KEY WEST CLIMATE SUMMARY FOR NOVEMBER 24 2017...

CLIMATE NORMAL PERIOD 1981 TO 2010
CLIMATE RECORD PERIOD 1871 TO 2017


WEATHER ITEM   OBSERVED TIME   RECORD YEAR NORMAL DEPARTURE LAST
               VALUE    (LST)  VALUE       VALUE  FROM      YEAR
                                                  NORMAL
..................................................................
TEMPERATURE (F)
 YESTERDAY
  MAXIMUM         80    304 PM  87    1957  79      1       81
                                      1948
  MINIMUM         73   1159 PM  51    1970  71      2       71
  AVERAGE         77                        75      2       76

PRECIPITATION (IN)
  YESTERDAY        0.00          2.59 1977   0.07  -0.07      T
  MONTH TO DATE    1.44                      1.83  -0.39     0.03
  SINCE SEP 1     16.53                     13.47   3.06    10.19
  SINCE JAN 1     36.77                     37.14  -0.37    35.53

SNOWFALL (IN)
  YESTERDAY        0.0
  MONTH TO DATE    0.0
  SINCE SEP 1      0.0
  SINCE JUL 1      0.0
  SNOW DEPTH       0

DEGREE DAYS
 HEATING
  YESTERDAY        0                         0      0        0
  MONTH TO DATE    0                         0      0        0
  SINCE SEP 1      0                         0      0        0
  SINCE JUL 1      0                         0      0        0

 COOLING
  YESTERDAY       12                        10      2       11
  MONTH TO DATE  310                       270     40      278
  SINCE SEP 1   1402                      1289    113     1372
  SINCE JAN 1   5033                      4478    555     4679
..................................................................


WIND (MPH)
  HIGHEST WIND SPEED    13   HIGHEST WIND DIRECTION     N (340)
  HIGHEST GUST SPEED    18   HIGHEST GUST DIRECTION    NW (320)
  AVERAGE WIND SPEED     8.6


SKY COVER
  POSSIBLE SUNSHINE  MM
  AVERAGE SKY COVER 0.3


WEATHER CONDITIONS
 THE FOLLOWING WEATHER WAS RECORDED YESTERDAY.
  HAZE


RELATIVE HUMIDITY (PERCENT)
 HIGHEST    87
 LOWEST     69
 AVERAGE    78

..........................................................


THE KEY WEST CLIMATE NORMALS FOR TODAY
                         NORMAL    RECORD    YEAR
 MAXIMUM TEMPERATURE (F)   79        88      1886
 MINIMUM TEMPERATURE (F)   70        50      1970


SUNRISE AND SUNSET
NOVEMBER 25 2017......SUNRISE   650 AM EST   SUNSET   538 PM EST
NOVEMBER 26 2017......SUNRISE   651 AM EST   SUNSET   538 PM EST


-  INDICATES NEGATIVE NUMBERS.
R  INDICATES RECORD WAS SET OR TIED.
MM INDICATES DATA IS MISSING.
T  INDICATES TRACE AMOUNT.


$$
