000
CDUS42 KKEY 240550
CLIEYW


CLIMATE REPORT
NATIONAL WEATHER SERVICE KEY WEST, FL
149 AM EDT MON JUL 24 2017


...................................

...THE KEY WEST CLIMATE SUMMARY FOR JULY 23 2017...

CLIMATE NORMAL PERIOD 1981 TO 2010
CLIMATE RECORD PERIOD 1871 TO 2017


WEATHER ITEM   OBSERVED TIME   RECORD YEAR NORMAL DEPARTURE LAST
                VALUE   (LST)  VALUE       VALUE  FROM      YEAR
                                                  NORMAL
..................................................................
TEMPERATURE (F)
 YESTERDAY
  MAXIMUM         91    210 PM  95    1957  90      1       89
  MINIMUM         84    553 AM  71    1921  80      4       79
                                      1887
  AVERAGE         88                        85      3       84

PRECIPITATION (IN)
  YESTERDAY        0.00          2.06 1900   0.12  -0.12     0.01
  MONTH TO DATE    2.22                      2.63  -0.41     2.87
  SINCE JUN 1      7.93                      6.74   1.19     4.01
  SINCE JAN 1     16.98                     17.37  -0.39    15.66

SNOWFALL (IN)
  YESTERDAY        0.0
  MONTH TO DATE    0.0
  SINCE JUN 1      0.0
  SINCE JUL 1      0.0
  SNOW DEPTH       0

DEGREE DAYS
 HEATING
  YESTERDAY        0                         0      0        0
  MONTH TO DATE    0                         0      0        0
  SINCE JUN 1      0                         0      0        0
  SINCE JUL 1      0                         0      0        0

 COOLING
  YESTERDAY       23                        20      3       19
  MONTH TO DATE  476                       448     28      473
  SINCE JUN 1   1052                       997     55     1044
  SINCE JAN 1   2807                      2427    380     2535
..................................................................


WIND (MPH)
  HIGHEST WIND SPEED    16   HIGHEST WIND DIRECTION     E (110)
  HIGHEST GUST SPEED    19   HIGHEST GUST DIRECTION    SE (120)
  AVERAGE WIND SPEED     9.8


SKY COVER
  POSSIBLE SUNSHINE  MM
  AVERAGE SKY COVER 0.1


WEATHER CONDITIONS
 THE FOLLOWING WEATHER WAS RECORDED YESTERDAY.
  NO SIGNIFICANT WEATHER WAS OBSERVED.


RELATIVE HUMIDITY (PERCENT)
 HIGHEST    75
 LOWEST     56
 AVERAGE    66

..........................................................


THE KEY WEST CLIMATE NORMALS FOR TODAY
                         NORMAL    RECORD    YEAR
 MAXIMUM TEMPERATURE (F)   90        95      1957
 MINIMUM TEMPERATURE (F)   80        70      1921


SUNRISE AND SUNSET
JULY 24 2017..........SUNRISE   652 AM EDT   SUNSET   815 PM EDT
JULY 25 2017..........SUNRISE   652 AM EDT   SUNSET   815 PM EDT


-  INDICATES NEGATIVE NUMBERS.
R  INDICATES RECORD WAS SET OR TIED.
MM INDICATES DATA IS MISSING.
T  INDICATES TRACE AMOUNT.




$$
