000
CDUS42 KKEY 062040
CLIEYW

CLIMATE REPORT
NATIONAL WEATHER SERVICE KEY WEST, FL
439 PM EDT FRI MAY 6 2016

...................................

...THE KEY WEST CLIMATE SUMMARY FOR MAY 6 2016...
VALID TODAY AS OF 0400 PM LOCAL TIME.

CLIMATE NORMAL PERIOD 1981 TO 2010
CLIMATE RECORD PERIOD 1871 TO 2016


WEATHER ITEM   OBSERVED TIME   RECORD YEAR NORMAL DEPARTURE LAST
                VALUE   (LST)  VALUE       VALUE  FROM      YEAR
                                                  NORMAL
..................................................................
TEMPERATURE (F)
 TODAY
  MAXIMUM         81    131 PM  89    1991  84     -3       85
                                      1978
                                      1956
  MINIMUM         68    707 AM  67    1992  74     -6       71
                                      1889
  AVERAGE         75                        79     -4       78

PRECIPITATION (IN)
  TODAY            0.18          1.49 1972   0.06   0.12     0.00
  MONTH TO DATE    0.51                      0.32   0.19     0.03
  SINCE MAR 1      2.21                      4.42  -2.21     8.11
  SINCE JAN 1      9.29                      7.95   1.34    11.34

SNOWFALL (IN)
  TODAY            0.0
  MONTH TO DATE    0.0
  SINCE MAR 1      0.0
  SINCE JUL 1      0.0
  SNOW DEPTH       0

DEGREE DAYS
 HEATING
  TODAY            0                         0      0        0
  MONTH TO DATE    0                         0      0        0
  SINCE MAR 1      0                         7     -7        0
  SINCE JUL 1     24                        73    -49       27

 COOLING
  TODAY           10                        14     -4       13
  MONTH TO DATE   81                        83     -2       76
  SINCE MAR 1    774                       689     85      920
  SINCE JAN 1   1102                      1037     65     1278
..................................................................


WIND (MPH)
  HIGHEST WIND SPEED    15   HIGHEST WIND DIRECTION     N (340)
  HIGHEST GUST SPEED    22   HIGHEST GUST DIRECTION    NW (330)
  AVERAGE WIND SPEED     8.1


SKY COVER
  POSSIBLE SUNSHINE  MM
  AVERAGE SKY COVER 0.2


WEATHER CONDITIONS
 THE FOLLOWING WEATHER WAS RECORDED TODAY.
  HEAVY RAIN
  RAIN
  LIGHT RAIN


RELATIVE HUMIDITY (PERCENT)
 HIGHEST    73
 LOWEST     58
 AVERAGE    66

..........................................................


THE KEY WEST CLIMATE NORMALS FOR TOMORROW
                         NORMAL    RECORD    YEAR
 MAXIMUM TEMPERATURE (F)   84        89      1956
                                             1873
 MINIMUM TEMPERATURE (F)   74        66      1954
                                             1925


SUNRISE AND SUNSET
MAY  6 2016...........SUNRISE   648 AM EDT   SUNSET   759 PM EDT
MAY  7 2016...........SUNRISE   648 AM EDT   SUNSET   800 PM EDT


-  INDICATES NEGATIVE NUMBERS.
R  INDICATES RECORD WAS SET OR TIED.
MM INDICATES DATA IS MISSING.
T  INDICATES TRACE AMOUNT.




$$
