000
CDUS42 KKEY 250530
CLIEYW


CLIMATE REPORT
NATIONAL WEATHER SERVICE KEY WEST, FL
128 AM EDT TUE APR 25 2017


...................................

...THE KEY WEST CLIMATE SUMMARY FOR APRIL 24 2017...

CLIMATE NORMAL PERIOD 1981 TO 2010
CLIMATE RECORD PERIOD 1871 TO 2017


WEATHER ITEM   OBSERVED TIME   RECORD YEAR NORMAL DEPARTURE LAST
                VALUE   (LST)  VALUE       VALUE  FROM      YEAR
                                                  NORMAL
..................................................................
TEMPERATURE (F)
 YESTERDAY
  MAXIMUM         82   1056 AM  89    2015  82      0       82
                                      1991
  MINIMUM         74   1159 PM  63    1998  73      1       70
  AVERAGE         78                        78      0       76

PRECIPITATION (IN)
  YESTERDAY        0.14          2.70 1979   0.07   0.07     0.00
  MONTH TO DATE    3.88                      1.71   2.17     1.40
  SINCE MAR 1      4.81                      3.76   1.05     1.70
  SINCE JAN 1      7.86                      7.29   0.57     8.78

SNOWFALL (IN)
  YESTERDAY        0.0
  MONTH TO DATE    0.0
  SINCE MAR 1      0.0
  SINCE JUL 1      0.0
  SNOW DEPTH       0

DEGREE DAYS
 HEATING
  YESTERDAY        0                         0      0        0
  MONTH TO DATE    0                         0      0        0
  SINCE MAR 1      0                         7     -7        0
  SINCE JUL 1      5                        73    -68       24

 COOLING
  YESTERDAY       13                        12      1       11
  MONTH TO DATE  297                       265     32      280
  SINCE MAR 1    603                       527     76      605
  SINCE JAN 1   1143                       875    268      933
..................................................................


WIND (MPH)
  HIGHEST WIND SPEED    20   HIGHEST WIND DIRECTION    NW (310)
  HIGHEST GUST SPEED    28   HIGHEST GUST DIRECTION    NW (300)
  AVERAGE WIND SPEED    11.2


SKY COVER
  POSSIBLE SUNSHINE  MM
  AVERAGE SKY COVER 0.4


WEATHER CONDITIONS
 THE FOLLOWING WEATHER WAS RECORDED YESTERDAY.
  HEAVY RAIN
  LIGHT RAIN
  FOG


RELATIVE HUMIDITY (PERCENT)
 HIGHEST    87
 LOWEST     69
 AVERAGE    78

..........................................................


THE KEY WEST CLIMATE NORMALS FOR TODAY
                         NORMAL    RECORD    YEAR
 MAXIMUM TEMPERATURE (F)   82        90      1991
 MINIMUM TEMPERATURE (F)   73        64      2012


SUNRISE AND SUNSET
APRIL 25 2017.........SUNRISE   656 AM EDT   SUNSET   754 PM EDT
APRIL 26 2017.........SUNRISE   656 AM EDT   SUNSET   754 PM EDT


-  INDICATES NEGATIVE NUMBERS.
R  INDICATES RECORD WAS SET OR TIED.
MM INDICATES DATA IS MISSING.
T  INDICATES TRACE AMOUNT.




$$
