000
CDUS42 KKEY 240548
CLIEYW

CLIMATE REPORT
NATIONAL WEATHER SERVICE KEY WEST, FL
146 AM EDT TUE MAY 24 2016


...................................

...THE KEY WEST CLIMATE SUMMARY FOR MAY 23 2016...

CLIMATE NORMAL PERIOD 1981 TO 2010
CLIMATE RECORD PERIOD 1871 TO 2016


WEATHER ITEM   OBSERVED TIME   RECORD YEAR NORMAL DEPARTURE LAST
                VALUE   (LST)  VALUE       VALUE  FROM      YEAR
                                                  NORMAL
..................................................................
TEMPERATURE (F)
 YESTERDAY
  MAXIMUM         88    409 PM  92    1873  86      2       88
  MINIMUM         75    537 AM  69    1940  77     -2       81
  AVERAGE         82                        81      1       85

PRECIPITATION (IN)
  YESTERDAY        T             1.26 1946   0.13  -0.13     0.00
  MONTH TO DATE    2.15                      1.92   0.23     1.07
  SINCE MAR 1      3.85                      6.02  -2.17     9.15
  SINCE JAN 1     10.93                      9.55   1.38    12.38

SNOWFALL (IN)
  YESTERDAY        0.0
  MONTH TO DATE    0.0
  SINCE MAR 1      0.0
  SINCE JUL 1      0.0
  SNOW DEPTH       0

DEGREE DAYS
 HEATING
  YESTERDAY        0                         0      0        0
  MONTH TO DATE    0                         0      0        0
  SINCE MAR 1      0                         7     -7        0
  SINCE JUL 1     24                        73    -49       27

 COOLING
  YESTERDAY       17                        16      1       20
  MONTH TO DATE  334                       342     -8      371
  SINCE MAR 1   1027                       948     79     1215
  SINCE JAN 1   1355                      1296     59     1573
..................................................................


WIND (MPH)
  HIGHEST WIND SPEED    12   HIGHEST WIND DIRECTION     E (110)
  HIGHEST GUST SPEED    16   HIGHEST GUST DIRECTION     N (20)
  AVERAGE WIND SPEED     4.7


SKY COVER
  POSSIBLE SUNSHINE  MM
  AVERAGE SKY COVER 0.2


WEATHER CONDITIONS
 THE FOLLOWING WEATHER WAS RECORDED YESTERDAY.
  THUNDERSTORM
  LIGHT RAIN


RELATIVE HUMIDITY (PERCENT)
 HIGHEST   100
 LOWEST     63
 AVERAGE    82

..........................................................


THE KEY WEST CLIMATE NORMALS FOR TODAY
                         NORMAL    RECORD    YEAR
 MAXIMUM TEMPERATURE (F)   86        92      1873
 MINIMUM TEMPERATURE (F)   77        68      1900


SUNRISE AND SUNSET
MAY 24 2016...........SUNRISE   640 AM EDT   SUNSET   808 PM EDT
MAY 25 2016...........SUNRISE   639 AM EDT   SUNSET   809 PM EDT


-  INDICATES NEGATIVE NUMBERS.
R  INDICATES RECORD WAS SET OR TIED.
MM INDICATES DATA IS MISSING.
T  INDICATES TRACE AMOUNT.




$$
