000
CDAK49 PAFG 220939
CLIFAI

CLIMATE REPORT
NATIONAL WEATHER SERVICE FAIRBANKS AK
1239 AM AKST SUN JAN 22 2017

...................................

...THE FAIRBANKS AK CLIMATE SUMMARY FOR JANUARY 21 2017...

CLIMATE NORMAL PERIOD 1981 TO 2010
CLIMATE RECORD PERIOD 1904 TO 2017


WEATHER ITEM   OBSERVED TIME   RECORD YEAR NORMAL DEPARTURE LAST
                VALUE   (LST)  VALUE       VALUE  FROM      YEAR
                                                  NORMAL
..................................................................
TEMPERATURE (F)
 YESTERDAY
  MAXIMUM         -3   1207 AM  47    1961   1     -4        0
  MINIMUM        -22    245 PM -61    1906 -17     -5      -13
  AVERAGE        -12                        -8     -4       -6

PRECIPITATION (IN)
  YESTERDAY        0.03          0.53 1929   0.02   0.01     0.00
  MONTH TO DATE    0.86                      0.41   0.45      T
  SINCE DEC 1      2.82                      1.05   1.77     0.07
  SINCE JAN 1      0.86                      0.41   0.45      T

SNOWFALL (IN)
  YESTERDAY        0.4           8.2  1933   0.3    0.1      0.0
  MONTH TO DATE   14.4                       7.3    7.1      0.6
  SINCE DEC 1     47.3                      19.4   27.9      1.7
  SINCE JUL 1     52.5                      45.2    7.3     51.8
  SNOW DEPTH      21

DEGREE DAYS
 HEATING
  YESTERDAY       77                        73      4       71
  MONTH TO DATE 1611                      1537     74     1308
  SINCE DEC 1   3877                      3678    199     3380
  SINCE JUL 1   7647                      7809   -162     7168

 COOLING
  YESTERDAY        0                         0      0        0
  MONTH TO DATE    0                         0      0        0
  SINCE DEC 1      0                         0      0        0
  SINCE JAN 1      0                         0      0        0
..................................................................


WIND (MPH)
  HIGHEST GUST SPEED    13   HIGHEST GUST DIRECTION    SW (220)


SKY COVER
  AVERAGE SKY COVER 0.9


WEATHER CONDITIONS
 THE FOLLOWING WEATHER WAS RECORDED YESTERDAY.
  LIGHT SNOW
  FOG


RELATIVE HUMIDITY (PERCENT)
 HIGHEST    86
 LOWEST     72
 AVERAGE    79

..........................................................


THE FAIRBANKS AK CLIMATE NORMALS FOR TODAY
                         NORMAL    RECORD    YEAR
 MAXIMUM TEMPERATURE (F)    1        37      2008
                                             1962
 MINIMUM TEMPERATURE (F)  -17       -60      1906


SUNRISE AND SUNSET
JANUARY 22 2017..........SUNRISE  1006 AM AKST   SUNSET  401 PM AKST
JANUARY 23 2017..........SUNRISE  1003 AM AKST   SUNSET  404 PM AKST


-  INDICATES NEGATIVE NUMBERS.
R  INDICATES RECORD WAS SET OR TIED.
MM INDICATES DATA IS MISSING.
T  INDICATES TRACE AMOUNT.

&&

SNOW DEPTH IS MEASURED AT 3AM AKST/4AM AKDT

----------------------------
AVAILABLE DAYLIGHT

AMOUNT OF DAYLIGHT TODAY  (HOUR:MIN)........5:55
GAIN SINCE YESTERDAY........................7 MINUTES
----------------------------

$$
SDB JAN 17
