000
CDAK49 PAFG 120933
CLIFAI

CLIMATE REPORT
NATIONAL WEATHER SERVICE FAIRBANKS AK
133 AM AKDT SAT JUL 12 2014

...................................

...THE FAIRBANKS AK CLIMATE SUMMARY FOR JULY 11 2014...

CLIMATE NORMAL PERIOD 1981 TO 2010
CLIMATE RECORD PERIOD 1904 TO 2014


WEATHER ITEM   OBSERVED TIME   RECORD YEAR NORMAL DEPARTURE LAST
                VALUE   (LST)  VALUE       VALUE  FROM      YEAR
                                                  NORMAL
..................................................................
TEMPERATURE (F)
 YESTERDAY
  MAXIMUM         71    738 PM  94    1975  74     -3       69
  MINIMUM         58   1159 PM  30    1905  53      5       52
  AVERAGE         65                        63      2       61

PRECIPITATION (IN)
  YESTERDAY        0.01          1.24 1990   0.06  -0.05     0.00
  MONTH TO DATE    4.50                      0.69   3.81     0.40
  SINCE JUN 1      8.06                      2.06   6.00     0.83
  SINCE JAN 1      9.15                      4.22   4.93     3.17

SNOWFALL (IN)
  YESTERDAY        0.0           0.0  2002   0.0    0.0      0.0
                                      2001
                                      2000
  MONTH TO DATE    0.0                       0.0    0.0      0.0
  SINCE JUN 1      0.0                       0.0    0.0      0.0
  SINCE JUL 1      0.0                       0.0    0.0      0.0
  SNOW DEPTH       0

DEGREE DAYS
 HEATING
  YESTERDAY        0                         3     -3        4
  MONTH TO DATE   15                        33    -18       50
  SINCE JUN 1    207                       193     14      121
  SINCE JUL 1     15                        33    -18       50

 COOLING
  YESTERDAY        0                         1     -1        0
  MONTH TO DATE   19                        15      4        5
  SINCE JUN 1     20                        38    -18      140
  SINCE JAN 1     20                        39    -19      153
..................................................................


WIND (MPH)
  HIGHEST GUST SPEED    11   HIGHEST GUST DIRECTION    SE (140)


SKY COVER
  AVERAGE SKY COVER 0.9


WEATHER CONDITIONS
 THE FOLLOWING WEATHER WAS RECORDED YESTERDAY.
  LIGHT RAIN


RELATIVE HUMIDITY (PERCENT)
 HIGHEST    84
 LOWEST     53
 AVERAGE    69

..........................................................


THE FAIRBANKS AK CLIMATE NORMALS FOR TODAY
                         NORMAL    RECORD    YEAR
 MAXIMUM TEMPERATURE (F)   74        89      1940
 MINIMUM TEMPERATURE (F)   53        33      1922


SUNRISE AND SUNSET
JULY 12 2014..........SUNRISE  344 AM AKDT   SUNSET  1208 AM AKDT
JULY 13 2014..........SUNRISE  348 AM AKDT   SUNSET  1205 AM AKDT


-  INDICATES NEGATIVE NUMBERS.
R  INDICATES RECORD WAS SET OR TIED.
MM INDICATES DATA IS MISSING.
T  INDICATES TRACE AMOUNT.

&&

SNOW DEPTH IS MEASURED AT 3AM AKST/4AM AKDT

----------------------------
AVAILABLE DAYLIGHT

AMOUNT OF DAYLIGHT TODAY  (HOUR:MIN)........20:24
LOSS SINCE YESTERDAY........................6 MINUTES
----------------------------

$$
EWP JUL 14
