000
CDAK49 PAFG 180038
CLIFAI

CLIMATE REPORT
NATIONAL WEATHER SERVICE FAIRBANKS AK
338 PM AKST SUN DEC 17 2017

...................................

...THE FAIRBANKS AK CLIMATE SUMMARY FOR DECEMBER 17 2017...
VALID TODAY AS OF 0300 PM LOCAL TIME.

CLIMATE NORMAL PERIOD 1981 TO 2010
CLIMATE RECORD PERIOD 1904 TO 2017


WEATHER ITEM   OBSERVED TIME   RECORD YEAR NORMAL DEPARTURE LAST
                VALUE   (LST)  VALUE       VALUE  FROM      YEAR
                                                  NORMAL
..................................................................
TEMPERATURE (F)
 TODAY
  MAXIMUM         23   1124 AM  38    1909   5     18       10
  MINIMUM         14   1200 AM -52    1933 -11     25        0
                                      1917
  AVERAGE         19                        -4     23        5

PRECIPITATION (IN)
  TODAY            0.00          0.86 1984   0.02  -0.02     0.21
  MONTH TO DATE    0.14                      0.33  -0.19     0.68
  SINCE DEC 1      0.14                      0.33  -0.19     0.68
  SINCE JAN 1     14.23                     10.50   3.73    14.78

SNOWFALL (IN)
  TODAY            0.0          11.6  1984   0.4   -0.4      5.2
  MONTH TO DATE    2.3                       6.5   -4.2     12.8
  SINCE DEC 1      2.3                       6.5   -4.2     12.8
  SINCE JUL 1     32.1                      32.3   -0.2     18.0
  SNOW DEPTH      11

DEGREE DAYS
 HEATING
  TODAY           46                        69    -23       60
  MONTH TO DATE  803                      1157   -354     1383
  SINCE DEC 1    803                      1157   -354     1383
  SINCE JUL 1   4368                      5288   -920     5153

 COOLING
  TODAY            0                         0      0        0
  MONTH TO DATE    0                         0      0        0
  SINCE DEC 1      0                         0      0        0
  SINCE JAN 1    104                        61     43       76
..................................................................


WIND (MPH)
  HIGHEST GUST SPEED     6   HIGHEST GUST DIRECTION     E (80)


SKY COVER
  AVERAGE SKY COVER 0.9


WEATHER CONDITIONS
 THE FOLLOWING WEATHER WAS RECORDED TODAY.
  LT FREEZING RAIN
  SNOW
  LIGHT SNOW
  FOG


RELATIVE HUMIDITY (PERCENT)
 HIGHEST   100
 LOWEST     91
 AVERAGE    96

..........................................................


THE FAIRBANKS AK CLIMATE NORMALS FOR TOMORROW
                         NORMAL    RECORD    YEAR
 MAXIMUM TEMPERATURE (F)    5        42      1935
 MINIMUM TEMPERATURE (F)  -13       -54      1933


SUNRISE AND SUNSET
DECEMBER 17 2017......SUNRISE  1055 AM AKST  SUNSET   240 PM AKST
DECEMBER 18 2017......SUNRISE  1056 AM AKST  SUNSET   240 PM AKST


-  INDICATES NEGATIVE NUMBERS.
R  INDICATES RECORD WAS SET OR TIED.
MM INDICATES DATA IS MISSING.
T  INDICATES TRACE AMOUNT.

&&

SNOW DEPTH IS MEASURED AT 3AM AKST/4AM AKDT

----------------------------
AVAILABLE DAYLIGHT

AMOUNT OF DAYLIGHT TODAY  (HOUR:MIN)........03:44
LOSS SINCE YESTERDAY........................1 MINUTE
----------------------------

$$
AY DEC 17
