000
CDAK49 PAFG 260931
CLIFAI

CLIMATE REPORT
NATIONAL WEATHER SERVICE FAIRBANKS AK
131 AM AKDT TUE MAY 26 2015

...................................

...THE FAIRBANKS AK CLIMATE SUMMARY FOR MAY 25 2015...

CLIMATE NORMAL PERIOD 1981 TO 2010
CLIMATE RECORD PERIOD 1904 TO 2015


WEATHER ITEM   OBSERVED TIME   RECORD YEAR NORMAL DEPARTURE LAST
                VALUE   (LST)  VALUE       VALUE  FROM      YEAR
                                                  NORMAL
..................................................................
TEMPERATURE (F)
 YESTERDAY
  MAXIMUM         70    729 PM  87    1960  65      5       59
  MINIMUM         51    546 AM  29    1905  41     10       46
  AVERAGE         61                        53      8       53

PRECIPITATION (IN)
  YESTERDAY        0.01          0.52 2012   0.03  -0.02      T
  MONTH TO DATE    0.18                      0.46  -0.28     0.04
  SINCE MAR 1      0.83                      1.02  -0.19     0.45
  SINCE JAN 1      1.46                      2.02  -0.56     1.07

SNOWFALL (IN)
  YESTERDAY        0.0           0.0  2001   0.0    0.0      0.0
                                      2000
  MONTH TO DATE    0.0                       0.9   -0.9       T
  SINCE MAR 1     10.2                       8.7    1.5      6.0
  SINCE JUL 1     43.8                      65.0  -21.2     48.9
  SNOW DEPTH       0

DEGREE DAYS
 HEATING
  YESTERDAY        4                        12     -8       12
  MONTH TO DATE  270                       421   -151      374
  SINCE MAR 1   2638                      3055   -417     2875
  SINCE JUL 1  12105                     13445  -1340    12267

 COOLING
  YESTERDAY        0                         0      0        0
  MONTH TO DATE    2                         0      2        0
  SINCE MAR 1      2                         0      2        0
  SINCE JAN 1      2                         0      2        0
..................................................................


WIND (MPH)
  HIGHEST GUST SPEED    16   HIGHEST GUST DIRECTION    SW (240)


SKY COVER
  AVERAGE SKY COVER 0.8


WEATHER CONDITIONS
 THE FOLLOWING WEATHER WAS RECORDED YESTERDAY.
  LIGHT RAIN


RELATIVE HUMIDITY (PERCENT)
 HIGHEST    77
 LOWEST     33
 AVERAGE    55

..........................................................


THE FAIRBANKS AK CLIMATE NORMALS FOR TODAY
                         NORMAL    RECORD    YEAR
 MAXIMUM TEMPERATURE (F)   65        80      2011
                                             2010
                                             2002
 MINIMUM TEMPERATURE (F)   42        30      1920


SUNRISE AND SUNSET
MAY 26 2015..........SUNRISE  352 AM AKDT   SUNSET  1148 PM AKDT
MAY 27 2015..........SUNRISE  349 AM AKDT   SUNSET  1152 PM AKDT


-  INDICATES NEGATIVE NUMBERS.
R  INDICATES RECORD WAS SET OR TIED.
MM INDICATES DATA IS MISSING.
T  INDICATES TRACE AMOUNT.

&&

SNOW DEPTH IS MEASURED AT 3AM AKST/4AM AKDT

----------------------------
AVAILABLE DAYLIGHT

AMOUNT OF DAYLIGHT TODAY  (HOUR:MIN)........19:56
GAIN SINCE YESTERDAY........................7 MINUTES
----------------------------

$$
SDB MAY 15
