000
CDAK49 PAFG 230954
CLIFAI

CLIMATE REPORT
NATIONAL WEATHER SERVICE FAIRBANKS AK
154 AM AKDT FRI JUN 23 2017

...................................

...THE FAIRBANKS AK CLIMATE SUMMARY FOR JUNE 22 2017...

CLIMATE NORMAL PERIOD 1981 TO 2010
CLIMATE RECORD PERIOD 1904 TO 2017


WEATHER ITEM   OBSERVED TIME   RECORD YEAR NORMAL DEPARTURE LAST
                VALUE   (LST)  VALUE       VALUE  FROM      YEAR
                                                  NORMAL
..................................................................
TEMPERATURE (F)
 YESTERDAY
  MAXIMUM         78    527 PM  92    1987  74      4       72
  MINIMUM         53    303 AM  35    1920  52      1       53
  AVERAGE         66                        62      4       63

PRECIPITATION (IN)
  YESTERDAY        0.01          0.78 1949   0.05  -0.04     0.00
  MONTH TO DATE    1.67                      0.91   0.76     2.38
  SINCE JUN 1      1.67                      0.91   0.76     2.38
  SINCE JAN 1      4.72                      3.07   1.65     4.27

SNOWFALL (IN)
  YESTERDAY        0.0           0.0  2002   0.0    0.0      0.0
                                      2001
                                      2000
  MONTH TO DATE    0.0                       0.0    0.0      0.0
  SINCE JUN 1      0.0                       0.0    0.0      0.0
  SINCE JUL 1     83.1                      65.0   18.1     60.0
  SNOW DEPTH       0

DEGREE DAYS
 HEATING
  YESTERDAY        0                         4     -4        2
  MONTH TO DATE   87                       134    -47      152
  SINCE JUN 1     87                       134    -47      152
  SINCE JUL 1  13641                     13643     -2    11980

 COOLING
  YESTERDAY        1                         1      0        0
  MONTH TO DATE   28                         9     19        7
  SINCE JUN 1     28                         9     19        7
  SINCE JAN 1     28                        10     18       13
..................................................................


WIND (MPH)
  HIGHEST GUST SPEED    25   HIGHEST GUST DIRECTION    NW (320)


SKY COVER
  AVERAGE SKY COVER 0.6


WEATHER CONDITIONS
 THE FOLLOWING WEATHER WAS RECORDED YESTERDAY.
  LIGHT RAIN


RELATIVE HUMIDITY (PERCENT)
 HIGHEST    86
 LOWEST     35
 AVERAGE    61

..........................................................


THE FAIRBANKS AK CLIMATE NORMALS FOR TODAY
                         NORMAL    RECORD    YEAR
 MAXIMUM TEMPERATURE (F)   74        90      1916
 MINIMUM TEMPERATURE (F)   52        38      1947


SUNRISE AND SUNSET
JUNE 23 2017..........SUNRISE  300 AM AKDT   SUNSET  1247 AM AKDT
JUNE 24 2017..........SUNRISE  301 AM AKDT   SUNSET  1246 AM AKDT


-  INDICATES NEGATIVE NUMBERS.
R  INDICATES RECORD WAS SET OR TIED.
MM INDICATES DATA IS MISSING.
T  INDICATES TRACE AMOUNT.

&&

SNOW DEPTH IS MEASURED AT 3AM AKST/4AM AKDT

----------------------------
AVAILABLE DAYLIGHT

AMOUNT OF DAYLIGHT TODAY  (HOUR:MIN)........21:47
GAIN SINCE YESTERDAY........................0 MINUTES
----------------------------

$$
CCC JUN 17
