000
CDAK49 PAFG 290052
CLIFAI

CLIMATE REPORT
NATIONAL WEATHER SERVICE FAIRBANKS AK
452 PM AKDT FRI APR 28 2017

...................................

...THE FAIRBANKS AK CLIMATE SUMMARY FOR APRIL 28 2017...
VALID TODAY AS OF 0400 PM LOCAL TIME.

CLIMATE NORMAL PERIOD 1981 TO 2010
CLIMATE RECORD PERIOD 1904 TO 2017


WEATHER ITEM   OBSERVED TIME   RECORD YEAR NORMAL DEPARTURE LAST
                VALUE   (LST)  VALUE       VALUE  FROM      YEAR
                                                  NORMAL
..................................................................
TEMPERATURE (F)
 TODAY
  MAXIMUM         54    259 PM  69    1953  53      1       61
  MINIMUM         29    333 AM   2    2013  30     -1       37
  AVERAGE         42                        41      1       49

PRECIPITATION (IN)
  TODAY            0.00          0.40 2002   0.02  -0.02     0.00
  MONTH TO DATE    0.09                      0.28  -0.19     0.52
  SINCE MAR 1      0.26                      0.53  -0.27     1.05
  SINCE JAN 1      2.46                      1.53   0.93     1.11

SNOWFALL (IN)
  TODAY            0.0           1.1  1934   0.1   -0.1      0.0
  MONTH TO DATE    1.2                       2.8   -1.6      3.7
  SINCE MAR 1      4.7                       7.7   -3.0      7.4
  SINCE JUL 1     83.1                      64.0   19.1     60.0
  SNOW DEPTH       T

DEGREE DAYS
 HEATING
  TODAY           23                        24     -1       16
  MONTH TO DATE  817                       928   -111      632
  SINCE MAR 1   2916                      2588    328     2028
  SINCE JUL 1  13046                     12978     68    11434

 COOLING
  TODAY            0                         0      0        0
  MONTH TO DATE    0                         0      0        0
  SINCE MAR 1      0                         0      0        0
  SINCE JAN 1      0                         0      0        0
..................................................................


WIND (MPH)
  HIGHEST GUST SPEED    13   HIGHEST GUST DIRECTION     S (200)


SKY COVER
  AVERAGE SKY COVER 0.7


WEATHER CONDITIONS
 THE FOLLOWING WEATHER WAS RECORDED TODAY.
  NO SIGNIFICANT WEATHER WAS OBSERVED.


RELATIVE HUMIDITY (PERCENT)
 HIGHEST    85
 LOWEST     41
 AVERAGE    63

..........................................................


THE FAIRBANKS AK CLIMATE NORMALS FOR TOMORROW
                         NORMAL    RECORD    YEAR
 MAXIMUM TEMPERATURE (F)   53        74      2009
 MINIMUM TEMPERATURE (F)   30        13      1927
                                             1918


SUNRISE AND SUNSET
APRIL 28 2017..........SUNRISE  528 AM AKDT   SUNSET  1012 PM AKDT
APRIL 29 2017..........SUNRISE  524 AM AKDT   SUNSET  1016 PM AKDT


-  INDICATES NEGATIVE NUMBERS.
R  INDICATES RECORD WAS SET OR TIED.
MM INDICATES DATA IS MISSING.
T  INDICATES TRACE AMOUNT.

&&

SNOW DEPTH IS MEASURED AT 3AM AKST/4AM AKDT

----------------------------
AVAILABLE DAYLIGHT

AMOUNT OF DAYLIGHT TODAY  (HOUR:MIN)........16:44
GAIN SINCE YESTERDAY........................6 MINUTES
----------------------------

$$
CCC APR 17
