000
CDAK49 PAFG 260938
CLIFAI

CLIMATE REPORT
NATIONAL WEATHER SERVICE FAIRBANKS AK
138 AM AKDT THU MAR 26 2015

...................................

...THE FAIRBANKS AK CLIMATE SUMMARY FOR MARCH 25 2015...

CLIMATE NORMAL PERIOD 1981 TO 2010
CLIMATE RECORD PERIOD 1904 TO 2015


WEATHER ITEM   OBSERVED TIME   RECORD YEAR NORMAL DEPARTURE LAST
                VALUE   (LST)  VALUE       VALUE  FROM      YEAR
                                                  NORMAL
..................................................................
TEMPERATURE (F)
 YESTERDAY
  MAXIMUM         47    401 PM  50    1999  30     17       43
  MINIMUM          5    700 AM -39    1935   3      2        5
  AVERAGE         26                        16     10       24

PRECIPITATION (IN)
  YESTERDAY        0.00          0.97 1991   0.01  -0.01     0.00
  MONTH TO DATE    0.49                      0.21   0.28     0.21
  SINCE MAR 1      0.49                      0.21   0.28     0.21
  SINCE JAN 1      1.12                      1.21  -0.09     0.83

SNOWFALL (IN)
  YESTERDAY        0.0          12.6  1963   0.2   -0.2      0.0
  MONTH TO DATE    8.1                       4.1    4.0      3.1
  SINCE MAR 1      8.1                       4.1    4.0      3.1
  SINCE JUL 1     41.7                      60.4  -18.7     46.0
  SNOW DEPTH      16

DEGREE DAYS
 HEATING
  YESTERDAY       39                        49    -10       41
  MONTH TO DATE 1335                      1384    -49     1312
  SINCE MAR 1   1335                      1384    -49     1312
  SINCE JUL 1  10802                     11774   -972    10704

 COOLING
  YESTERDAY        0                         0      0        0
  MONTH TO DATE    0                         0      0        0
  SINCE MAR 1      0                         0      0        0
  SINCE JAN 1      0                         0      0        0
..................................................................


WIND (MPH)
  HIGHEST GUST SPEED    11   HIGHEST GUST DIRECTION    NE (60)


SKY COVER
  AVERAGE SKY COVER 0.4


WEATHER CONDITIONS
 THE FOLLOWING WEATHER WAS RECORDED YESTERDAY.
  NO SIGNIFICANT WEATHER WAS OBSERVED.


RELATIVE HUMIDITY (PERCENT)
 HIGHEST    88
 LOWEST     25
 AVERAGE    57

..........................................................


THE FAIRBANKS AK CLIMATE NORMALS FOR TODAY
                         NORMAL    RECORD    YEAR
 MAXIMUM TEMPERATURE (F)   31        48      1970
 MINIMUM TEMPERATURE (F)    3       -35      1925


SUNRISE AND SUNSET
MARCH 26 2015..........SUNRISE  731 AM AKDT   SUNSET  826 PM AKDT
MARCH 27 2015..........SUNRISE  727 AM AKDT   SUNSET  829 PM AKDT


-  INDICATES NEGATIVE NUMBERS.
R  INDICATES RECORD WAS SET OR TIED.
MM INDICATES DATA IS MISSING.
T  INDICATES TRACE AMOUNT.

&&

SNOW DEPTH IS MEASURED AT 3AM AKST/4AM AKDT

----------------------------
AVAILABLE DAYLIGHT

AMOUNT OF DAYLIGHT TODAY  (HOUR:MIN)........12:55
GAIN SINCE YESTERDAY........................7 MINUTES
----------------------------

$$
CCC MAR 15
