000
CDAK49 PAFG 200934
CLIFAI

CLIMATE REPORT
NATIONAL WEATHER SERVICE FAIRBANKS AK
134 AM AKDT SAT SEP 20 2014

...................................

...THE FAIRBANKS AK CLIMATE SUMMARY FOR SEPTEMBER 19 2014...

CLIMATE NORMAL PERIOD 1981 TO 2010
CLIMATE RECORD PERIOD 1904 TO 2014


WEATHER ITEM   OBSERVED TIME   RECORD YEAR NORMAL DEPARTURE LAST
                VALUE   (LST)  VALUE       VALUE  FROM      YEAR
                                                  NORMAL
..................................................................
TEMPERATURE (F)
 YESTERDAY
  MAXIMUM         63    313 PM  73    1995  53     10       41
  MINIMUM         37    709 AM  12    1939  34      3       28
  AVERAGE         50                        44      6       35

PRECIPITATION (IN)
  YESTERDAY        T             0.68 1993   0.03  -0.03     0.00
  MONTH TO DATE    2.24                      0.77   1.47     1.66
  SINCE SEP 1      2.24                      0.77   1.47     1.66
  SINCE JAN 1     14.96                      8.34   6.62     7.46

SNOWFALL (IN)
  YESTERDAY        0.0           1.4  1948   0.1   -0.1      0.0
  MONTH TO DATE    0.0                       0.7   -0.7      0.6
  SINCE SEP 1      0.0                       0.7   -0.7      0.6
  SINCE JUL 1      0.0                       0.7   -0.7      0.6
  SNOW DEPTH       0

DEGREE DAYS
 HEATING
  YESTERDAY       15                        22     -7       30
  MONTH TO DATE  260                       332    -72      331
  SINCE SEP 1    260                       332    -72      331
  SINCE JUL 1    581                       721   -140      590

 COOLING
  YESTERDAY        0                         0      0        0
  MONTH TO DATE    0                         0      0        0
  SINCE SEP 1      0                         0      0        0
  SINCE JAN 1     27                        61    -34      226
..................................................................


WIND (MPH)
  HIGHEST GUST SPEED     9   HIGHEST GUST DIRECTION    NE (30)


SKY COVER
  AVERAGE SKY COVER 0.6


WEATHER CONDITIONS
 THE FOLLOWING WEATHER WAS RECORDED YESTERDAY.
  LIGHT RAIN


RELATIVE HUMIDITY (PERCENT)
 HIGHEST    85
 LOWEST     36
 AVERAGE    61

..........................................................


THE FAIRBANKS AK CLIMATE NORMALS FOR TODAY
                         NORMAL    RECORD    YEAR
 MAXIMUM TEMPERATURE (F)   53        73      1995
 MINIMUM TEMPERATURE (F)   33        14      1947


SUNRISE AND SUNSET
SEPTEMBER 20 2014..........SUNRISE  729 AM AKDT   SUNSET  759 PM AKDT
SEPTEMBER 21 2014..........SUNRISE  732 AM AKDT   SUNSET  756 PM AKDT


-  INDICATES NEGATIVE NUMBERS.
R  INDICATES RECORD WAS SET OR TIED.
MM INDICATES DATA IS MISSING.
T  INDICATES TRACE AMOUNT.

&&

SNOW DEPTH IS MEASURED AT 3AM AKST/4AM AKDT

----------------------------
AVAILABLE DAYLIGHT

AMOUNT OF DAYLIGHT TODAY  (HOUR:MIN)........12:30
LOSS SINCE YESTERDAY........................7 MINUTES
----------------------------

$$
CCC SEP 14
