000
CDUS43 KFGF 170735 CCA
CLIFAR

CLIMATE REPORT...CORRECTION
NATIONAL WEATHER SERVICE EASTERN NORTH DAKOTA/GRAND FORKS
128 AM CST TUE JAN 17 2017

CORRECTION FOR SNOW DEPTH

...................................

...THE FARGO HECTOR INTL AP ND CLIMATE SUMMARY FOR JANUARY 16 2017...

CLIMATE NORMAL PERIOD 1981 TO 2010
CLIMATE RECORD PERIOD 1881 TO 2017


WEATHER ITEM   OBSERVED TIME   RECORD YEAR NORMAL DEPARTURE LAST
                VALUE   (LST)  VALUE       VALUE  FROM      YEAR
                                                  NORMAL
..................................................................
TEMPERATURE (F)
 YESTERDAY
  MAXIMUM         22    159 PM  47    1942  18      4       -5
  MINIMUM          5   1159 PM -35    1977   0      5      -19
  AVERAGE         14                         9      5      -12

PRECIPITATION (IN)
  YESTERDAY        0.00          0.52 1889   0.03  -0.03      T
  MONTH TO DATE    0.92                      0.40   0.52     0.59
  SINCE DEC 1      2.19                      1.23   0.96     1.23
  SINCE JAN 1      0.92                      0.40   0.52     0.59

SNOWFALL (IN)
  YESTERDAY        0.0           4.6  1994   0.4   -0.4       T
  MONTH TO DATE   12.9                       6.3    6.6      7.7
  SINCE DEC 1     21.2                      17.5    3.7     15.4
  SINCE JUL 1     24.9                      26.1   -1.2     18.3
  SNOW DEPTH       9

DEGREE DAYS
 HEATING
  YESTERDAY       51                        56     -5       77
  MONTH TO DATE 1006                       892    114      890
  SINCE DEC 1   2516                      2470     46     2180
  SINCE JUL 1   3821                      4432   -611     3621

 COOLING
  YESTERDAY        0                         0      0        0
  MONTH TO DATE    0                         0      0        0
  SINCE DEC 1      0                         0      0        0
  SINCE JAN 1      0                         0      0        0
..................................................................


WIND (MPH)
  HIGHEST WIND SPEED    13   HIGHEST WIND DIRECTION     S (190)
  HIGHEST GUST SPEED    13   HIGHEST GUST DIRECTION     S (180)
  AVERAGE WIND SPEED     5.8


SKY COVER
  POSSIBLE SUNSHINE  MM
  AVERAGE SKY COVER 0.0


WEATHER CONDITIONS
 THE FOLLOWING WEATHER WAS RECORDED YESTERDAY.
  FOG


RELATIVE HUMIDITY (PERCENT)
 HIGHEST    92          1200 AM
 LOWEST     62           300 PM
 AVERAGE    77

..........................................................


THE FARGO HECTOR INTL AP ND CLIMATE NORMALS FOR TODAY
                         NORMAL    RECORD    YEAR
 MAXIMUM TEMPERATURE (F)   18        43      1926
                                             1884
 MINIMUM TEMPERATURE (F)   -1       -32      1977


SUNRISE AND SUNSET
JANUARY 17 2017.......SUNRISE   807 AM CST   SUNSET   509 PM CST
JANUARY 18 2017.......SUNRISE   806 AM CST   SUNSET   510 PM CST


-  INDICATES NEGATIVE NUMBERS.
R  INDICATES RECORD WAS SET OR TIED.
MM INDICATES DATA IS MISSING.
T  INDICATES TRACE AMOUNT.




$$
