000
CDUS43 KFGF 200634
CLIFAR


CLIMATE REPORT
NATIONAL WEATHER SERVICE EASTERN NORTH DAKOTA/GRAND FORKS
1232 AM CST SAT DEC 20 2014


...................................

...THE FARGO HECTOR INTL AP ND CLIMATE SUMMARY FOR DECEMBER 19 2014...

CLIMATE NORMAL PERIOD 1981 TO 2010
CLIMATE RECORD PERIOD 1881 TO 2014


WEATHER ITEM   OBSERVED TIME   RECORD YEAR NORMAL DEPARTURE LAST
                VALUE   (LST)  VALUE       VALUE  FROM      YEAR
                                                  NORMAL
..................................................................
TEMPERATURE (F)
 YESTERDAY
  MAXIMUM         32   1159 PM  46    1923  21     11        2
                                      1894
  MINIMUM         22    226 AM -32    1883   5     17       -5
  AVERAGE         27                        13     14       -1

PRECIPITATION (IN)
  YESTERDAY        0.01          0.29 1990   0.03  -0.02     0.04
  MONTH TO DATE    0.08                      0.50  -0.42     1.00
  SINCE DEC 1      0.08                      0.50  -0.42     1.00
  SINCE JAN 1     20.03                     22.28  -2.25    31.89

SNOWFALL (IN)
  YESTERDAY        0.2           3.6  1990   0.3   -0.1      0.5
  MONTH TO DATE    0.6                       6.5   -5.9     12.8
  SINCE DEC 1      0.6                       6.5   -5.9     12.8
  SINCE JUL 1      4.2                      15.1  -10.9     13.1
  SNOW DEPTH       T

DEGREE DAYS
 HEATING
  YESTERDAY       38                        52    -14       66
  MONTH TO DATE  815                       932   -117     1125
  SINCE DEC 1    815                       932   -117     1125
  SINCE JUL 1   2772                      2894   -122     2966

 COOLING
  YESTERDAY        0                         0      0        0
  MONTH TO DATE    0                         0      0        0
  SINCE DEC 1      0                         0      0        0
  SINCE JAN 1    544                       551     -7      699
..................................................................


WIND (MPH)
  HIGHEST WIND SPEED    18   HIGHEST WIND DIRECTION     S (160)
  HIGHEST GUST SPEED    23   HIGHEST GUST DIRECTION     S (160)
  AVERAGE WIND SPEED    12.9


SKY COVER
  POSSIBLE SUNSHINE  MM
  AVERAGE SKY COVER 1.0


WEATHER CONDITIONS
 THE FOLLOWING WEATHER WAS RECORDED YESTERDAY.
  LIGHT SNOW
  FOG
  HAZE


RELATIVE HUMIDITY (PERCENT)
 HIGHEST    92          1000 AM
 LOWEST     84          1200 AM
 AVERAGE    88

..........................................................


THE FARGO HECTOR INTL AP ND CLIMATE NORMALS FOR TODAY
                         NORMAL    RECORD    YEAR
 MAXIMUM TEMPERATURE (F)   21        46      1890
 MINIMUM TEMPERATURE (F)    4       -28      1916


SUNRISE AND SUNSET
DECEMBER 20 2014......SUNRISE   809 AM CST   SUNSET   441 PM CST
DECEMBER 21 2014......SUNRISE   810 AM CST   SUNSET   441 PM CST


-  INDICATES NEGATIVE NUMBERS.
R  INDICATES RECORD WAS SET OR TIED.
MM INDICATES DATA IS MISSING.
T  INDICATES TRACE AMOUNT.




$$
