000
CDUS43 KFGF 260637
CLIFAR


CLIMATE REPORT
NATIONAL WEATHER SERVICE EASTERN NORTH DAKOTA/GRAND FORKS
137 AM CDT TUE MAY 26 2015


...................................

...THE FARGO HECTOR INTL AP ND CLIMATE SUMMARY FOR MAY 25 2015...

CLIMATE NORMAL PERIOD 1981 TO 2010
CLIMATE RECORD PERIOD 1881 TO 2015


WEATHER ITEM   OBSERVED TIME   RECORD YEAR NORMAL DEPARTURE LAST
                VALUE   (LST)  VALUE       VALUE  FROM      YEAR
                                                  NORMAL
..................................................................
TEMPERATURE (F)
 YESTERDAY
  MAXIMUM         66    439 PM  92    1959  72     -6       87
  MINIMUM         51   1153 PM  30    1983  48      3       61
                                      1891
  AVERAGE         59                        60     -1       74

PRECIPITATION (IN)
  YESTERDAY        0.32          1.28 1906   0.10   0.22     0.13
  MONTH TO DATE    6.14                      2.20   3.94     1.63
  SINCE MAR 1      7.42                      4.89   2.53     5.78
  SINCE JAN 1      8.39                      6.20   2.19     6.66

SNOWFALL (IN)
  YESTERDAY        0.0          MM      MM   0.0    0.0      0.0
  MONTH TO DATE    T                         0.0    0.0      0.0
  SINCE MAR 1      0.4                      12.4  -12.0      7.3
  SINCE JUL 1     16.0                      50.4  -34.4     34.9
  SNOW DEPTH       0

DEGREE DAYS
 HEATING
  YESTERDAY        6                         6      0        0
  MONTH TO DATE  275                       239     36      323
  SINCE MAR 1   1772                      2017   -245     2372
  SINCE JUL 1   8188                      8695   -507     9649

 COOLING
  YESTERDAY        0                         1     -1        9
  MONTH TO DATE    4                        21    -17       24
  SINCE MAR 1      4                        24    -20       24
  SINCE JAN 1      4                        24    -20       24
..................................................................


WIND (MPH)
  HIGHEST WIND SPEED    21   HIGHEST WIND DIRECTION    NE (50)
  HIGHEST GUST SPEED    25   HIGHEST GUST DIRECTION    NE (40)
  AVERAGE WIND SPEED     7.8


SKY COVER
  POSSIBLE SUNSHINE  MM
  AVERAGE SKY COVER 0.8


WEATHER CONDITIONS
 THE FOLLOWING WEATHER WAS RECORDED YESTERDAY.
  RAIN
  LIGHT RAIN
  FOG


RELATIVE HUMIDITY (PERCENT)
 HIGHEST    96          1100 PM
 LOWEST     63           300 PM
 AVERAGE    80

..........................................................


THE FARGO HECTOR INTL AP ND CLIMATE NORMALS FOR TODAY
                         NORMAL    RECORD    YEAR
 MAXIMUM TEMPERATURE (F)   72        93      1931
                                             1911
 MINIMUM TEMPERATURE (F)   49        29      1970


SUNRISE AND SUNSET
MAY 26 2015...........SUNRISE   541 AM CDT   SUNSET   908 PM CDT
MAY 27 2015...........SUNRISE   540 AM CDT   SUNSET   909 PM CDT


-  INDICATES NEGATIVE NUMBERS.
R  INDICATES RECORD WAS SET OR TIED.
MM INDICATES DATA IS MISSING.
T  INDICATES TRACE AMOUNT.




$$
