000
CDUS43 KFGF 060720
CLIFAR


CLIMATE REPORT
NATIONAL WEATHER SERVICE EASTERN NORTH DAKOTA/GRAND FORKS
219 AM CDT MON JUL 6 2015


...................................

...THE FARGO HECTOR INTL AP ND CLIMATE SUMMARY FOR JULY 5 2015...

CLIMATE NORMAL PERIOD 1981 TO 2010
CLIMATE RECORD PERIOD 1881 TO 2015


WEATHER ITEM   OBSERVED TIME   RECORD YEAR NORMAL DEPARTURE LAST
                VALUE   (LST)  VALUE       VALUE  FROM      YEAR
                                                  NORMAL
..................................................................
TEMPERATURE (F)
 YESTERDAY
  MAXIMUM         85    248 PM 106    1988  82      3       93
  MINIMUM         67   1159 PM  40    1983  59      8       67
  AVERAGE         76                        70      6       80

PRECIPITATION (IN)
  YESTERDAY        0.00          2.94 1925   0.11  -0.11     0.06
  MONTH TO DATE    0.00                      0.57  -0.57     0.34
  SINCE JUN 1      2.75                      4.47  -1.72     6.03
  SINCE JAN 1     12.85                     11.28   1.57    13.05

SNOWFALL (IN)
  YESTERDAY        0.0           0.0    MM   0.0    0.0      0.0
  MONTH TO DATE    0.0                       0.0    0.0      0.0
  SINCE JUN 1      0.0                       0.0    0.0      0.0
  SINCE JUL 1      0.0                       0.0    0.0      0.0
  SNOW DEPTH       0

DEGREE DAYS
 HEATING
  YESTERDAY        0                         1     -1        0
  MONTH TO DATE    0                         5     -5       10
  SINCE JUN 1     23                        78    -55       40
  SINCE JUL 1      0                         5     -5       10

 COOLING
  YESTERDAY       11                         6      5       15
  MONTH TO DATE   36                        30      6       23
  SINCE JUN 1    132                       137     -5      125
  SINCE JAN 1    147                       168    -21      204
..................................................................


WIND (MPH)
  HIGHEST WIND SPEED    22   HIGHEST WIND DIRECTION    NW (330)
  HIGHEST GUST SPEED    28   HIGHEST GUST DIRECTION     S (160)
  AVERAGE WIND SPEED    12.4


SKY COVER
  POSSIBLE SUNSHINE  MM
  AVERAGE SKY COVER 0.2


WEATHER CONDITIONS
 THE FOLLOWING WEATHER WAS RECORDED YESTERDAY.
  FOG
  HAZE


RELATIVE HUMIDITY (PERCENT)
 HIGHEST    84           600 AM
 LOWEST     61          1100 AM
 AVERAGE    73

..........................................................


THE FARGO HECTOR INTL AP ND CLIMATE NORMALS FOR TODAY
                         NORMAL    RECORD    YEAR
 MAXIMUM TEMPERATURE (F)   82       114      1936
 MINIMUM TEMPERATURE (F)   59        42      1997


SUNRISE AND SUNSET
JULY  6 2015..........SUNRISE   540 AM CDT   SUNSET   924 PM CDT
JULY  7 2015..........SUNRISE   541 AM CDT   SUNSET   923 PM CDT


-  INDICATES NEGATIVE NUMBERS.
R  INDICATES RECORD WAS SET OR TIED.
MM INDICATES DATA IS MISSING.
T  INDICATES TRACE AMOUNT.




$$
