575
CDUS43 KFGF 140641
CLIFAR


CLIMATE REPORT
NATIONAL WEATHER SERVICE EASTERN NORTH DAKOTA/GRAND FORKS
1239 AM CST SUN FEB 14 2016


...................................

...THE FARGO HECTOR INTL AP ND CLIMATE SUMMARY FOR FEBRUARY 13 2016...

CLIMATE NORMAL PERIOD 1981 TO 2010
CLIMATE RECORD PERIOD 1881 TO 2016


WEATHER ITEM   OBSERVED TIME   RECORD YEAR NORMAL DEPARTURE LAST
                VALUE   (LST)  VALUE       VALUE  FROM      YEAR
                                                  NORMAL
..................................................................
TEMPERATURE (F)
 YESTERDAY
  MAXIMUM         15    913 PM  50    1983  23     -8       19
  MINIMUM         -8    305 AM -30    1916   5    -13        6
  AVERAGE          4                        14    -10       13

PRECIPITATION (IN)
  YESTERDAY        T             1.10 1915   0.02  -0.02      T
  MONTH TO DATE    0.20                      0.22  -0.02     0.42
  SINCE DEC 1      1.53                      1.75  -0.22     1.07
  SINCE JAN 1      0.89                      0.92  -0.03     0.82

SNOWFALL (IN)
  YESTERDAY        T             9.0  1897   0.2   -0.2       T
  MONTH TO DATE    4.0                       2.9    1.1      4.3
  SINCE DEC 1     20.1                      25.3   -5.2      8.2
  SINCE JUL 1     23.0                      33.9  -10.9     11.8
  SNOW DEPTH       3

DEGREE DAYS
 HEATING
  YESTERDAY       61                        51     10       52
  MONTH TO DATE  629                       690    -61      678
  SINCE DEC 1   3516                      3996   -480     3540
  SINCE JUL 1   4957                      5958  -1001     5497

 COOLING
  YESTERDAY        0                         0      0        0
  MONTH TO DATE    0                         0      0        0
  SINCE DEC 1      0                         0      0        0
  SINCE JAN 1      0                         0      0        0
..................................................................


WIND (MPH)
  HIGHEST WIND SPEED    26   HIGHEST WIND DIRECTION     S (160)
  HIGHEST GUST SPEED    35   HIGHEST GUST DIRECTION    SE (150)
  AVERAGE WIND SPEED    12.7


SKY COVER
  POSSIBLE SUNSHINE  MM
  AVERAGE SKY COVER 0.4


WEATHER CONDITIONS
 THE FOLLOWING WEATHER WAS RECORDED YESTERDAY.
  NO SIGNIFICANT WEATHER WAS OBSERVED.


RELATIVE HUMIDITY (PERCENT)
 HIGHEST    83           400 AM
 LOWEST     51           900 PM
 AVERAGE    67

..........................................................


THE FARGO HECTOR INTL AP ND CLIMATE NORMALS FOR TODAY
                         NORMAL    RECORD    YEAR
 MAXIMUM TEMPERATURE (F)   23        43      2002
                                             1931
 MINIMUM TEMPERATURE (F)    5       -33      1881


SUNRISE AND SUNSET
FEBRUARY 14 2016......SUNRISE   734 AM CST   SUNSET   550 PM CST
FEBRUARY 15 2016......SUNRISE   732 AM CST   SUNSET   551 PM CST


-  INDICATES NEGATIVE NUMBERS.
R  INDICATES RECORD WAS SET OR TIED.
MM INDICATES DATA IS MISSING.
T  INDICATES TRACE AMOUNT.




$$
