000
CDUS43 KFGF 220647
CLIFAR


CLIMATE REPORT
NATIONAL WEATHER SERVICE EASTERN NORTH DAKOTA/GRAND FORKS
145 AM CDT FRI AUG 22 2014


...................................

...THE FARGO HECTOR INTL AP ND CLIMATE SUMMARY FOR AUGUST 21 2014...

CLIMATE NORMAL PERIOD 1981 TO 2010
CLIMATE RECORD PERIOD 1881 TO 2014


WEATHER ITEM   OBSERVED TIME   RECORD YEAR NORMAL DEPARTURE LAST
                VALUE   (LST)  VALUE       VALUE  FROM      YEAR
                                                  NORMAL
..................................................................
TEMPERATURE (F)
 YESTERDAY
  MAXIMUM         79   1213 PM 103    1947  81     -2       85
  MINIMUM         64   1157 PM  40    1920  57      7       61
  AVERAGE         72                        69      3       73

PRECIPITATION (IN)
  YESTERDAY        0.02          1.51 1964   0.09  -0.07     0.00
  MONTH TO DATE    1.21                      1.61  -0.40     0.25
  SINCE JUN 1      8.54                      8.30   0.24     8.88
  SINCE JAN 1     15.56                     15.11   0.45    21.78

SNOWFALL (IN)
  YESTERDAY        0.0           0.0    MM   0.0    0.0      0.0
  MONTH TO DATE    0.0                       0.0    0.0      0.0
  SINCE JUN 1      0.0                       0.0    0.0      0.0
  SINCE JUL 1      0.0                       0.0    0.0      0.0
  SNOW DEPTH       0

DEGREE DAYS
 HEATING
  YESTERDAY        0                         1     -1        0
  MONTH TO DATE    0                        17    -17       17
  SINCE JUN 1     50                       106    -56       96
  SINCE JUL 1     20                        33    -13       34

 COOLING
  YESTERDAY        7                         5      2        8
  MONTH TO DATE  131                       127      4       79
  SINCE JUN 1    396                       436    -40      458
  SINCE JAN 1    475                       467      8      487
..................................................................


WIND (MPH)
  HIGHEST WIND SPEED    20   HIGHEST WIND DIRECTION     E (110)
  HIGHEST GUST SPEED    25   HIGHEST GUST DIRECTION     E (110)
  AVERAGE WIND SPEED     5.4


SKY COVER
  POSSIBLE SUNSHINE  MM
  AVERAGE SKY COVER 0.7


WEATHER CONDITIONS
 THE FOLLOWING WEATHER WAS RECORDED YESTERDAY.
  LIGHT RAIN
  FOG
  FOG W/VISIBILITY <= 1/4 MILE


RELATIVE HUMIDITY (PERCENT)
 HIGHEST    93          1000 PM
 LOWEST     71           100 PM
 AVERAGE    82

..........................................................


THE FARGO HECTOR INTL AP ND CLIMATE NORMALS FOR TODAY
                         NORMAL    RECORD    YEAR
 MAXIMUM TEMPERATURE (F)   80       101      1947
 MINIMUM TEMPERATURE (F)   56        36      1890


SUNRISE AND SUNSET
AUGUST 22 2014........SUNRISE   634 AM CDT   SUNSET   825 PM CDT
AUGUST 23 2014........SUNRISE   635 AM CDT   SUNSET   824 PM CDT


-  INDICATES NEGATIVE NUMBERS.
R  INDICATES RECORD WAS SET OR TIED.
MM INDICATES DATA IS MISSING.
T  INDICATES TRACE AMOUNT.




$$
