000
CDUS43 KFGF 180719
CLIFAR


CLIMATE REPORT
NATIONAL WEATHER SERVICE EASTERN NORTH DAKOTA/GRAND FORKS
119 AM CST THU JAN 18 2018


...................................

...THE FARGO HECTOR INTL AP ND CLIMATE SUMMARY FOR JANUARY 17 2018...

CLIMATE NORMAL PERIOD 1981 TO 2010
CLIMATE RECORD PERIOD 1881 TO 2018


WEATHER ITEM   OBSERVED TIME   RECORD YEAR NORMAL DEPARTURE LAST
                VALUE   (LST)  VALUE       VALUE  FROM      YEAR
                                                  NORMAL
..................................................................
TEMPERATURE (F)
 YESTERDAY
  MAXIMUM         32    825 PM  43    1926  18     14       26
                                      1884
  MINIMUM          4    147 AM -32    1977  -1      5        1
  AVERAGE         18                         9      9       14

PRECIPITATION (IN)
  YESTERDAY        0.00          1.06 1906   0.02  -0.02     0.00
  MONTH TO DATE    0.21                      0.42  -0.21     0.92
  SINCE DEC 1      0.98                      1.25  -0.27     2.19
  SINCE JAN 1      0.21                      0.42  -0.21     0.92

SNOWFALL (IN)
  YESTERDAY        0.0          14.0  1996   0.4   -0.4      0.0
  MONTH TO DATE    3.6                       6.7   -3.1     12.9
  SINCE DEC 1     11.6                      17.9   -6.3     21.2
  SINCE JUL 1     15.3                      26.5  -11.2     24.9
  SNOW DEPTH       4

DEGREE DAYS
 HEATING
  YESTERDAY       47                        56     -9       51
  MONTH TO DATE 1034                       948     86     1057
  SINCE DEC 1   2615                      2526     89     2567
  SINCE JUL 1   4413                      4488    -75     3872

 COOLING
  YESTERDAY        0                         0      0        0
  MONTH TO DATE    0                         0      0        0
  SINCE DEC 1      0                         0      0        0
  SINCE JAN 1      0                         0      0        0
..................................................................


WIND (MPH)
  HIGHEST WIND SPEED    21   HIGHEST WIND DIRECTION    SW (240)
  HIGHEST GUST SPEED    29   HIGHEST GUST DIRECTION    SW (230)
  AVERAGE WIND SPEED    16.0


SKY COVER
  POSSIBLE SUNSHINE  MM
  AVERAGE SKY COVER 0.0


WEATHER CONDITIONS
 THE FOLLOWING WEATHER WAS RECORDED YESTERDAY.
  NO SIGNIFICANT WEATHER WAS OBSERVED.


RELATIVE HUMIDITY (PERCENT)
 HIGHEST    80           900 AM
 LOWEST     62          1200 PM
 AVERAGE    71

..........................................................


THE FARGO HECTOR INTL AP ND CLIMATE NORMALS FOR TODAY
                         NORMAL    RECORD    YEAR
 MAXIMUM TEMPERATURE (F)   18        48      1908
 MINIMUM TEMPERATURE (F)   -1       -42      1887


SUNRISE AND SUNSET
JANUARY 18 2018.......SUNRISE   806 AM CST   SUNSET   510 PM CST
JANUARY 19 2018.......SUNRISE   805 AM CST   SUNSET   511 PM CST


-  INDICATES NEGATIVE NUMBERS.
R  INDICATES RECORD WAS SET OR TIED.
MM INDICATES DATA IS MISSING.
T  INDICATES TRACE AMOUNT.




$$
