000
CDUS43 KFGF 260646
CLIFAR


CLIMATE REPORT
NATIONAL WEATHER SERVICE EASTERN NORTH DAKOTA/GRAND FORKS
145 AM CDT MON SEP 26 2016


...................................

...THE FARGO HECTOR INTL AP ND CLIMATE SUMMARY FOR SEPTEMBER 25 2016...
VALID TODAY AS OF 0100 AM LOCAL TIME.

CLIMATE NORMAL PERIOD 1981 TO 2010
CLIMATE RECORD PERIOD 1881 TO 2016


WEATHER ITEM   OBSERVED TIME   RECORD YEAR NORMAL DEPARTURE LAST
                VALUE   (LST)  VALUE       VALUE  FROM      YEAR
                                                  NORMAL
..................................................................
TEMPERATURE (F)
 TODAY
  MAXIMUM         68   1231 AM  92    1885  66      2       81
  MINIMUM         54   1159 PM  22    1965  43     11       58
  AVERAGE         61                        55      6       70

PRECIPITATION (IN)
  TODAY            T             1.72 1901   0.08  -0.08     0.00
  MONTH TO DATE    2.60                      2.19   0.41     1.23
  SINCE SEP 1      2.60                      2.19   0.41     1.23
  SINCE JAN 1     18.07                     18.25  -0.18    18.15

SNOWFALL (IN)
  TODAY            0.0           2.0  1912   0.0    0.0      0.0
  MONTH TO DATE    0.0                       0.0    0.0      0.0
  SINCE SEP 1      0.0                       0.0    0.0      0.0
  SINCE JUL 1      0.0                       0.0    0.0      0.0
  SNOW DEPTH       0

DEGREE DAYS
 HEATING
  TODAY            4                        11     -7        0
  MONTH TO DATE   62                       161    -99       72
  SINCE SEP 1     62                       161    -99       72
  SINCE JUL 1     79                       211   -132      116

 COOLING
  TODAY            0                         1     -1        5
  MONTH TO DATE   50                        43      7      112
  SINCE SEP 1     50                        43      7      112
  SINCE JAN 1    653                       548    105      654
..................................................................


WIND (MPH)
  HIGHEST WIND SPEED    35   HIGHEST WIND DIRECTION     W (290)
  HIGHEST GUST SPEED    41   HIGHEST GUST DIRECTION    NW (300)
  AVERAGE WIND SPEED    16.6


SKY COVER
  POSSIBLE SUNSHINE  MM
  AVERAGE SKY COVER 0.7


WEATHER CONDITIONS
 THE FOLLOWING WEATHER WAS RECORDED TODAY.
  LIGHT RAIN


RELATIVE HUMIDITY (PERCENT)
 HIGHEST    93           100 AM
 LOWEST     60           200 PM
 AVERAGE    77

..........................................................


THE FARGO HECTOR INTL AP ND CLIMATE NORMALS FOR TOMORROW
                         NORMAL    RECORD    YEAR
 MAXIMUM TEMPERATURE (F)   66        90      1979
                                             1974
 MINIMUM TEMPERATURE (F)   43        19      1965


SUNRISE AND SUNSET
SEPTEMBER 25 2016.....SUNRISE   719 AM CDT   SUNSET   718 PM CDT
SEPTEMBER 26 2016.....SUNRISE   720 AM CDT   SUNSET   716 PM CDT


-  INDICATES NEGATIVE NUMBERS.
R  INDICATES RECORD WAS SET OR TIED.
MM INDICATES DATA IS MISSING.
T  INDICATES TRACE AMOUNT.




$$
