000
CDUS43 KFGF 300632
CLIFAR


CLIMATE REPORT
NATIONAL WEATHER SERVICE EASTERN NORTH DAKOTA/GRAND FORKS
131 AM CDT TUE SEP 30 2014


...................................

...THE FARGO HECTOR INTL AP ND CLIMATE SUMMARY FOR SEPTEMBER 29 2014...

CLIMATE NORMAL PERIOD 1981 TO 2010
CLIMATE RECORD PERIOD 1881 TO 2014


WEATHER ITEM   OBSERVED TIME   RECORD YEAR NORMAL DEPARTURE LAST
                VALUE   (LST)  VALUE       VALUE  FROM      YEAR
                                                  NORMAL
..................................................................
TEMPERATURE (F)
 YESTERDAY
  MAXIMUM         65    411 PM  96    1897  65      0       78
  MINIMUM         47   1159 PM  22    1899  42      5       45
  AVERAGE         56                        53      3       62

PRECIPITATION (IN)
  YESTERDAY        0.03          1.55 1995   0.08  -0.05     0.00
  MONTH TO DATE    2.43                      2.49  -0.06     4.39
  SINCE SEP 1      2.43                      2.49  -0.06     4.39
  SINCE JAN 1     18.89                     18.55   0.34    26.31

SNOWFALL (IN)
  YESTERDAY        0.0          MM      MM   0.0    0.0      0.0
  MONTH TO DATE    0.0                       0.0    0.0      0.0
  SINCE SEP 1      0.0                       0.0    0.0      0.0
  SINCE JUL 1      0.0                       0.0    0.0      0.0
  SNOW DEPTH       0

DEGREE DAYS
 HEATING
  YESTERDAY        9                        12     -3        3
  MONTH TO DATE  148                       207    -59       89
  SINCE SEP 1    148                       207    -59       89
  SINCE JUL 1    180                       257    -77      123

 COOLING
  YESTERDAY        0                         0      0        0
  MONTH TO DATE   43                        43      0       81
  SINCE SEP 1     43                        43      0       81
  SINCE JAN 1    544                       548     -4      699
..................................................................


WIND (MPH)
  HIGHEST WIND SPEED    18   HIGHEST WIND DIRECTION     N (10)
  HIGHEST GUST SPEED    23   HIGHEST GUST DIRECTION     N (20)
  AVERAGE WIND SPEED     9.9


SKY COVER
  POSSIBLE SUNSHINE  MM
  AVERAGE SKY COVER 0.6


WEATHER CONDITIONS
 THE FOLLOWING WEATHER WAS RECORDED YESTERDAY.
  LIGHT RAIN
  FOG


RELATIVE HUMIDITY (PERCENT)
 HIGHEST    96          1200 AM
 LOWEST     52           400 PM
 AVERAGE    74

..........................................................


THE FARGO HECTOR INTL AP ND CLIMATE NORMALS FOR TODAY
                         NORMAL    RECORD    YEAR
 MAXIMUM TEMPERATURE (F)   64        90      1976
 MINIMUM TEMPERATURE (F)   41        17      1883


SUNRISE AND SUNSET
SEPTEMBER 30 2014.....SUNRISE   725 AM CDT   SUNSET   709 PM CDT
OCTOBER  1 2014.......SUNRISE   726 AM CDT   SUNSET   707 PM CDT


-  INDICATES NEGATIVE NUMBERS.
R  INDICATES RECORD WAS SET OR TIED.
MM INDICATES DATA IS MISSING.
T  INDICATES TRACE AMOUNT.




$$
