000
CDUS43 KFGF 220634
CLIFAR


CLIMATE REPORT
NATIONAL WEATHER SERVICE EASTERN NORTH DAKOTA/GRAND FORKS
133 AM CDT FRI SEP 22 2017


...................................

...THE FARGO HECTOR INTL AP ND CLIMATE SUMMARY FOR SEPTEMBER 21 2017...

CLIMATE NORMAL PERIOD 1981 TO 2010
CLIMATE RECORD PERIOD 1881 TO 2017


WEATHER ITEM   OBSERVED TIME   RECORD YEAR NORMAL DEPARTURE LAST
                VALUE   (LST)  VALUE       VALUE  FROM      YEAR
                                                  NORMAL
..................................................................
TEMPERATURE (F)
 YESTERDAY
  MAXIMUM         82    339 PM  96    1937  68     14       76
  MINIMUM         55    141 AM  24    1882  45     10       48
  AVERAGE         69                        57     12       62

PRECIPITATION (IN)
  YESTERDAY        0.00          0.99 1883   0.08  -0.08     0.00
  MONTH TO DATE    0.99                      1.90  -0.91     2.27
  SINCE SEP 1      0.99                      1.90  -0.91     2.27
  SINCE JAN 1     11.49                     17.96  -6.47    17.74

SNOWFALL (IN)
  YESTERDAY        0.0           T    2007   0.0    0.0      0.0
                                      1995
                                      1983
  MONTH TO DATE    0.0                       0.0    0.0      0.0
  SINCE SEP 1      0.0                       0.0    0.0      0.0
  SINCE JUL 1      0.0                       0.0    0.0      0.0
  SNOW DEPTH       0

DEGREE DAYS
 HEATING
  YESTERDAY        0                         9     -9        3
  MONTH TO DATE   68                       121    -53       52
  SINCE SEP 1     68                       121    -53       52
  SINCE JUL 1     84                       171    -87       69

 COOLING
  YESTERDAY        4                         1      3        0
  MONTH TO DATE   61                        39     22       42
  SINCE SEP 1     61                        39     22       42
  SINCE JAN 1    508                       544    -36      645
..................................................................


WIND (MPH)
  HIGHEST WIND SPEED    25   HIGHEST WIND DIRECTION     S (160)
  HIGHEST GUST SPEED    36   HIGHEST GUST DIRECTION     S (160)
  AVERAGE WIND SPEED    13.8


SKY COVER
  POSSIBLE SUNSHINE  MM
  AVERAGE SKY COVER 0.2


WEATHER CONDITIONS
 THE FOLLOWING WEATHER WAS RECORDED YESTERDAY.
  NO SIGNIFICANT WEATHER WAS OBSERVED.


RELATIVE HUMIDITY (PERCENT)
 HIGHEST    84          1100 PM
 LOWEST     26           200 PM
 AVERAGE    55

..........................................................


THE FARGO HECTOR INTL AP ND CLIMATE NORMALS FOR TODAY
                         NORMAL    RECORD    YEAR
 MAXIMUM TEMPERATURE (F)   68       101      1936
 MINIMUM TEMPERATURE (F)   45        23      1995
                                             1974


SUNRISE AND SUNSET
SEPTEMBER 22 2017.....SUNRISE   714 AM CDT   SUNSET   724 PM CDT
SEPTEMBER 23 2017.....SUNRISE   716 AM CDT   SUNSET   722 PM CDT


-  INDICATES NEGATIVE NUMBERS.
R  INDICATES RECORD WAS SET OR TIED.
MM INDICATES DATA IS MISSING.
T  INDICATES TRACE AMOUNT.




$$
