000
CDUS43 KFGF 300644
CLIFAR


CLIMATE REPORT
NATIONAL WEATHER SERVICE EASTERN NORTH DAKOTA/GRAND FORKS
141 AM CDT MON MAY 30 2016


...................................

...THE FARGO HECTOR INTL AP ND CLIMATE SUMMARY FOR MAY 29 2016...

CLIMATE NORMAL PERIOD 1981 TO 2010
CLIMATE RECORD PERIOD 1881 TO 2016


WEATHER ITEM   OBSERVED TIME   RECORD YEAR NORMAL DEPARTURE LAST
                VALUE   (LST)  VALUE       VALUE  FROM      YEAR
                                                  NORMAL
..................................................................
TEMPERATURE (F)
 YESTERDAY
  MAXIMUM         79    504 PM  95    2010  73      6       63
                                      1939
  MINIMUM         56   1117 PM  32    1961  50      6       43
                                      1889
  AVERAGE         68                        61      7       53

PRECIPITATION (IN)
  YESTERDAY        0.01          3.77 2013   0.10  -0.09     0.79
  MONTH TO DATE    1.25                      2.60  -1.35     7.85
  SINCE MAR 1      4.32                      5.29  -0.97     9.13
  SINCE JAN 1      5.31                      6.60  -1.29    10.10

SNOWFALL (IN)
  YESTERDAY        0.0          MM      MM   0.0    0.0      0.0
  MONTH TO DATE    T                         0.0    0.0       T
  SINCE MAR 1      3.1                      12.4   -9.3      0.4
  SINCE JUL 1     27.4                      50.4  -23.0     16.0
  SNOW DEPTH       0

DEGREE DAYS
 HEATING
  YESTERDAY        0                         5     -5       12
  MONTH TO DATE  174                       262    -88      289
  SINCE MAR 1   1620                      2040   -420     1786
  SINCE JUL 1   7143                      8718  -1575     8202

 COOLING
  YESTERDAY        3                         2      1        0
  MONTH TO DATE   42                        26     16       15
  SINCE MAR 1     42                        29     13       15
  SINCE JAN 1     42                        29     13       15
..................................................................


WIND (MPH)
  HIGHEST WIND SPEED    24   HIGHEST WIND DIRECTION     W (280)
  HIGHEST GUST SPEED    29   HIGHEST GUST DIRECTION     W (270)
  AVERAGE WIND SPEED     7.6


SKY COVER
  POSSIBLE SUNSHINE  MM
  AVERAGE SKY COVER 0.5


WEATHER CONDITIONS
 THE FOLLOWING WEATHER WAS RECORDED YESTERDAY.
  FOG


RELATIVE HUMIDITY (PERCENT)
 HIGHEST    93           400 AM
 LOWEST     28           500 PM
 AVERAGE    61

..........................................................


THE FARGO HECTOR INTL AP ND CLIMATE NORMALS FOR TODAY
                         NORMAL    RECORD    YEAR
 MAXIMUM TEMPERATURE (F)   73       104      1934
 MINIMUM TEMPERATURE (F)   50        29      1947


SUNRISE AND SUNSET
MAY 30 2016...........SUNRISE   537 AM CDT   SUNSET   913 PM CDT
MAY 31 2016...........SUNRISE   537 AM CDT   SUNSET   914 PM CDT


-  INDICATES NEGATIVE NUMBERS.
R  INDICATES RECORD WAS SET OR TIED.
MM INDICATES DATA IS MISSING.
T  INDICATES TRACE AMOUNT.




$$
