000
CDUS43 KFGF 280645
CLIFAR


CLIMATE REPORT
NATIONAL WEATHER SERVICE EASTERN NORTH DAKOTA/GRAND FORKS
1242 AM CST TUE FEB 28 2017


...................................

...THE FARGO HECTOR INTL AP ND CLIMATE SUMMARY FOR FEBRUARY 27 2017...

CLIMATE NORMAL PERIOD 1981 TO 2010
CLIMATE RECORD PERIOD 1881 TO 2017


WEATHER ITEM   OBSERVED TIME   RECORD YEAR NORMAL DEPARTURE LAST
                VALUE   (LST)  VALUE       VALUE  FROM      YEAR
                                                  NORMAL
..................................................................
TEMPERATURE (F)
 YESTERDAY
  MAXIMUM         34    311 PM  57    1895  28      6       55
  MINIMUM         17    754 AM -28    1962  11      6       33
  AVERAGE         26                        20      6       44

PRECIPITATION (IN)
  YESTERDAY        0.00          0.42 1903   0.03  -0.03     0.00
  MONTH TO DATE    0.79                      0.58   0.21     0.30
  SINCE DEC 1      3.04                      2.11   0.93     1.63
  SINCE JAN 1      1.77                      1.28   0.49     0.99

SNOWFALL (IN)
  YESTERDAY        0.0           4.4  1996   0.3   -0.3      0.0
  MONTH TO DATE    4.2                       6.7   -2.5      5.3
  SINCE DEC 1     25.6                      29.1   -3.5     21.4
  SINCE JUL 1     29.3                      37.7   -8.4     24.3
  SNOW DEPTH       1

DEGREE DAYS
 HEATING
  YESTERDAY       39                        45     -6       21
  MONTH TO DATE 1095                      1365   -270     1116
  SINCE DEC 1   4153                      4671   -518     4003
  SINCE JUL 1   5458                      6633  -1175     5444

 COOLING
  YESTERDAY        0                         0      0        0
  MONTH TO DATE    0                         0      0        0
  SINCE DEC 1      0                         0      0        0
  SINCE JAN 1      0                         0      0        0
..................................................................


WIND (MPH)
  HIGHEST WIND SPEED    20   HIGHEST WIND DIRECTION     N (360)
  HIGHEST GUST SPEED    25   HIGHEST GUST DIRECTION     N (10)
  AVERAGE WIND SPEED     8.2


SKY COVER
  POSSIBLE SUNSHINE  MM
  AVERAGE SKY COVER 0.4


WEATHER CONDITIONS
 THE FOLLOWING WEATHER WAS RECORDED YESTERDAY.
  NO SIGNIFICANT WEATHER WAS OBSERVED.


RELATIVE HUMIDITY (PERCENT)
 HIGHEST    81          1000 PM
 LOWEST     58          1200 PM
 AVERAGE    70

..........................................................


THE FARGO HECTOR INTL AP ND CLIMATE NORMALS FOR TODAY
                         NORMAL    RECORD    YEAR
 MAXIMUM TEMPERATURE (F)   28        58      1905
 MINIMUM TEMPERATURE (F)   12       -35      1891


SUNRISE AND SUNSET
FEBRUARY 28 2017......SUNRISE   708 AM CST   SUNSET   612 PM CST
MARCH  1 2017.........SUNRISE   706 AM CST   SUNSET   613 PM CST


-  INDICATES NEGATIVE NUMBERS.
R  INDICATES RECORD WAS SET OR TIED.
MM INDICATES DATA IS MISSING.
T  INDICATES TRACE AMOUNT.




$$
