000
CDUS46 KHNX 050822
CLIFAT


CLIMATE REPORT
NATIONAL WEATHER SERVICE SAN JOAQUIN VALLEY, CA
1222 AM PST MON DEC 5 2016


...................................

...THE FRESNO CA CLIMATE SUMMARY FOR DECEMBER 4 2016...

CLIMATE NORMAL PERIOD 1981 TO 2010
CLIMATE RECORD PERIOD 1887 TO 2016


WEATHER ITEM   OBSERVED TIME   RECORD YEAR NORMAL DEPARTURE
                VALUE   (LST)  VALUE       VALUE  FROM
                                                  NORMAL
...............................................................
TEMPERATURE (F)
 YESTERDAY
  MAXIMUM         61    237 PM  72    1958  58      3
                                      1918
  MINIMUM         34    716 AM  28    1897  39     -5
  AVERAGE         48                        48      0

PRECIPITATION (IN)
  YESTERDAY        0.00          1.42 1915   0.04  -0.04
  MONTH TO DATE    0.00                      0.16  -0.16
  SINCE OCT 1      2.05                      1.86   0.19
  SINCE JAN 1     11.14                      9.89   1.25

SNOWFALL (IN)
  YESTERDAY        0.0
  MONTH TO DATE    0.0
  SINCE DEC 1      0.0
  SINCE JUL 1      0.0
  SNOW DEPTH       0

DEGREE DAYS
 HEATING
  YESTERDAY       17                                0
  MONTH TO DATE   75                                9
  SINCE DEC 1     75                                9
  SINCE JUL 1    326                             -128

 COOLING
  YESTERDAY        0                                0
  MONTH TO DATE    0                                0
  SINCE DEC 1      0                                0
  SINCE JAN 1   2342                              218
...............................................................


WIND (MPH)
  HIGHEST WIND SPEED     6   HIGHEST WIND DIRECTION     W (270)
  HIGHEST GUST SPEED     8   HIGHEST GUST DIRECTION     W (250)
  AVERAGE WIND SPEED     1.3




RELATIVE HUMIDITY (PERCENT)
 HIGHEST    92
 LOWEST     44
 AVERAGE    68

..........................................................


THE FRESNO CA CLIMATE NORMALS FOR TODAY
                         NORMAL    RECORD    YEAR
 MAXIMUM TEMPERATURE (F)   57        72      1958
 MINIMUM TEMPERATURE (F)   39        28      1903


SUNRISE AND SUNSET
DECEMBER  5 2016......SUNRISE   657 AM PST   SUNSET   442 PM PST
DECEMBER  6 2016......SUNRISE   658 AM PST   SUNSET   442 PM PST


-  INDICATES NEGATIVE NUMBERS.
R  INDICATES RECORD WAS SET OR TIED.
MM INDICATES DATA IS MISSING.
T  INDICATES TRACE AMOUNT.




$$
