000
CDUS46 KHNX 300824
CLIFAT


CLIMATE REPORT
NATIONAL WEATHER SERVICE SAN JOAQUIN VALLEY, CA
123 AM PDT SUN APR 30 2017


...................................

...THE FRESNO CA CLIMATE SUMMARY FOR APRIL 29 2017...

CLIMATE NORMAL PERIOD 1981 TO 2010
CLIMATE RECORD PERIOD 1887 TO 2017


WEATHER ITEM   OBSERVED TIME   RECORD YEAR NORMAL DEPARTURE
                VALUE   (LST)  VALUE       VALUE  FROM
                                                  NORMAL
...............................................................
TEMPERATURE (F)
 YESTERDAY
  MAXIMUM         80    418 PM  96    1981  79      1
  MINIMUM         49    534 AM  35    1970  52     -3
  AVERAGE         65                        66     -1

PRECIPITATION (IN)
  YESTERDAY        0.00          0.47 1951   0.03  -0.03
  MONTH TO DATE    3.42                      0.93   2.49
  SINCE OCT 1     17.08                     10.65   6.43
  SINCE JAN 1     12.52                      7.18   5.34

SNOWFALL (IN)
  YESTERDAY        0.0
  MONTH TO DATE    0.0
  SINCE MAR 1      0.0
  SINCE JUL 1      0.0
  SNOW DEPTH       0

DEGREE DAYS
 HEATING
  YESTERDAY        0                               -2
  MONTH TO DATE   94                              -40
  SINCE MAR 1    296                             -103
  SINCE JUL 1   1910                             -401

 COOLING
  YESTERDAY        0                               -3
  MONTH TO DATE    9                              -35
  SINCE MAR 1     26                              -23
  SINCE JAN 1     26                              -23
...............................................................


WIND (MPH)
  HIGHEST WIND SPEED    13   HIGHEST WIND DIRECTION    NW (300)
  HIGHEST GUST SPEED    16   HIGHEST GUST DIRECTION     W (290)
  AVERAGE WIND SPEED     4.3




RELATIVE HUMIDITY (PERCENT)
 HIGHEST    71
 LOWEST     17
 AVERAGE    44

..........................................................


THE FRESNO CA CLIMATE NORMALS FOR TODAY
                         NORMAL    RECORD    YEAR
 MAXIMUM TEMPERATURE (F)   79       100      1981
 MINIMUM TEMPERATURE (F)   53        37      1951


SUNRISE AND SUNSET
APRIL 30 2017.........SUNRISE   606 AM PDT   SUNSET   747 PM PDT
MAY  1 2017...........SUNRISE   605 AM PDT   SUNSET   748 PM PDT


-  INDICATES NEGATIVE NUMBERS.
R  INDICATES RECORD WAS SET OR TIED.
MM INDICATES DATA IS MISSING.
T  INDICATES TRACE AMOUNT.




$$
