000
CDUS46 KHNX 050023
CLIFAT


CLIMATE REPORT
NATIONAL WEATHER SERVICE SAN JOAQUIN VALLEY, CA
523 PM PDT WED MAY 4 2016


...................................

...THE FRESNO CA CLIMATE SUMMARY FOR MAY 4 2016...
VALID AS OF 0400 PM LOCAL TIME.

CLIMATE NORMAL PERIOD 1981 TO 2010
CLIMATE RECORD PERIOD 1887 TO 2016


WEATHER ITEM   OBSERVED TIME   RECORD YEAR NORMAL DEPARTURE LAST
                VALUE   (LST)  VALUE       VALUE  FROM      YEAR
                                                  NORMAL
..................................................................
TEMPERATURE (F)
 TODAY
  MAXIMUM         82   1211 PM 100    2004  81      1       84
  MINIMUM         62    615 AM  39    1950  54      8       54
  AVERAGE         72                        67      5       69

PRECIPITATION (IN)
  TODAY            0.00          0.20 1998   0.02  -0.02     0.00
  MONTH TO DATE    0.06                      0.09  -0.03     0.00
  SINCE OCT 1     14.00                     10.76   3.24     5.84
  SINCE JAN 1      8.80                      7.29   1.51     2.65

SNOWFALL (IN)
  TODAY            0.0
  MONTH TO DATE    0.0
  SINCE MAR 1      0.0
  SINCE JUL 1      0.0
  SNOW DEPTH       0

DEGREE DAYS
 HEATING
  TODAY            0                         2     -2        0
  MONTH TO DATE    0                         8     -8        0
  SINCE MAR 1    236                       409   -173      168
  SINCE JUL 1   1937                      2321   -384     1494

 COOLING
  TODAY            7                         4      3        4
  MONTH TO DATE   31                        14     17       33
  SINCE MAR 1     95                        65     30      161
  SINCE JAN 1     95                        65     30      161
..................................................................


WIND (MPH)
  HIGHEST WIND SPEED    17   HIGHEST WIND DIRECTION     W (250)
  HIGHEST GUST SPEED    21   HIGHEST GUST DIRECTION     W (250)
  AVERAGE WIND SPEED     5.4




RELATIVE HUMIDITY (PERCENT)
 HIGHEST    78
 LOWEST     31
 AVERAGE    55

..........................................................


THE FRESNO CA CLIMATE NORMALS FOR TOMORROW
                         NORMAL    RECORD    YEAR
 MAXIMUM TEMPERATURE (F)   81        99      1990
 MINIMUM TEMPERATURE (F)   54        36      1975


SUNRISE AND SUNSET
MAY  4 2016...........SUNRISE   601 AM PDT   SUNSET   751 PM PDT
MAY  5 2016...........SUNRISE   600 AM PDT   SUNSET   751 PM PDT


-  INDICATES NEGATIVE NUMBERS.
R  INDICATES RECORD WAS SET OR TIED.
MM INDICATES DATA IS MISSING.
T  INDICATES TRACE AMOUNT.




$$
