000
CDUS46 KHNX 250822
CLIFAT


CLIMATE REPORT
NATIONAL WEATHER SERVICE SAN JOAQUIN VALLEY, CA
1222 AM PST THU DEC 25 2014


...................................

...THE FRESNO CA CLIMATE SUMMARY FOR DECEMBER 24 2014...

CLIMATE NORMAL PERIOD 1981 TO 2010
CLIMATE RECORD PERIOD 1887 TO 2014


WEATHER ITEM   OBSERVED TIME   RECORD YEAR NORMAL DEPARTURE
                VALUE   (LST)  VALUE       VALUE  FROM
                                                  NORMAL
...............................................................
TEMPERATURE (F)
 YESTERDAY
  MAXIMUM         60    328 PM  70    1964  53      7
  MINIMUM         46    805 AM  20    1990  38      8
  AVERAGE         53                        46      7

PRECIPITATION (IN)
  YESTERDAY        T             0.97 1955   0.07  -0.07
  MONTH TO DATE    2.29                      1.29   1.00
  SINCE JUL 1      3.38                      3.18   0.20
  SINCE JAN 1      7.46                     11.02  -3.56

SNOWFALL (IN)
  YESTERDAY       MM
  MONTH TO DATE    0.0
  SINCE DEC 1      0.0
  SINCE JUL 1      0.0
  SNOW DEPTH       0

DEGREE DAYS
 HEATING
  YESTERDAY       12                               -8
  MONTH TO DATE  244                             -193
  SINCE DEC 1    244                             -193
  SINCE JUL 1    465                             -360

 COOLING
  YESTERDAY        0                                0
  MONTH TO DATE    0                                0
  SINCE DEC 1      0                                0
  SINCE JAN 1   2932                              808
...............................................................


WIND (MPH)
  HIGHEST WIND SPEED    28   HIGHEST WIND DIRECTION    NW (310)
  HIGHEST GUST SPEED    33   HIGHEST GUST DIRECTION    NW (310)
  AVERAGE WIND SPEED     6.8




RELATIVE HUMIDITY (PERCENT)
 HIGHEST   100
 LOWEST     75
 AVERAGE    88

..........................................................


THE FRESNO CA CLIMATE NORMALS FOR TODAY
                         NORMAL    RECORD    YEAR
 MAXIMUM TEMPERATURE (F)   53        72      1902
 MINIMUM TEMPERATURE (F)   38        20      1987


SUNRISE AND SUNSET
DECEMBER 25 2014......SUNRISE   710 AM PST   SUNSET   449 PM PST
DECEMBER 26 2014......SUNRISE   710 AM PST   SUNSET   449 PM PST


-  INDICATES NEGATIVE NUMBERS.
R  INDICATES RECORD WAS SET OR TIED.
MM INDICATES DATA IS MISSING.
T  INDICATES TRACE AMOUNT.




$$
