000
CDUS46 KHNX 180032
CLIFAT


CLIMATE REPORT
NATIONAL WEATHER SERVICE SAN JOAQUIN VALLEY, CA
423 PM PST FRI NOV 17 2017


...................................

...THE FRESNO CA CLIMATE SUMMARY FOR NOVEMBER 17 2017...
VALID AS OF 0400 PM LOCAL TIME.

CLIMATE NORMAL PERIOD 1981 TO 2010
CLIMATE RECORD PERIOD 1887 TO 2017


WEATHER ITEM   OBSERVED TIME   RECORD YEAR NORMAL DEPARTURE LAST
                VALUE   (LST)  VALUE       VALUE  FROM      YEAR
                                                  NORMAL
..................................................................
TEMPERATURE (F)
 TODAY
  MAXIMUM         64    256 PM  81    2008  64      0       61
  MINIMUM         53    753 AM  29    1961  43     10       38
                                      1958
  AVERAGE         59                        54      5       50

PRECIPITATION (IN)
  TODAY            0.21          2.34 1900   0.03   0.18     0.00
  MONTH TO DATE    0.22                      0.58  -0.36      T
  SINCE OCT 1      0.31                      1.21  -0.90     0.67
  SINCE JAN 1     13.11                      9.24   3.87     9.76

SNOWFALL (IN)
  TODAY            0.0
  MONTH TO DATE    0.0
  SINCE SEP 1      0.0
  SINCE JUL 1      0.0
  SNOW DEPTH       0

DEGREE DAYS
 HEATING
  TODAY            6                        11     -5       15
  MONTH TO DATE  103                       144    -41       56
  SINCE SEP 1    152                       207    -55       81
  SINCE JUL 1    152                       207    -55       81

 COOLING
  TODAY            0                         0      0        0
  MONTH TO DATE    2                         0      2       10
  SINCE SEP 1    449                       438     11      427
  SINCE JAN 1   2488                      2122    366     2342
..................................................................


WIND (MPH)
  HIGHEST WIND SPEED    23   HIGHEST WIND DIRECTION    NW (320)
  HIGHEST GUST SPEED    28   HIGHEST GUST DIRECTION    NW (330)
  AVERAGE WIND SPEED    11.8




RELATIVE HUMIDITY (PERCENT)
 HIGHEST    83
 LOWEST     46
 AVERAGE    65

..........................................................


THE FRESNO CA CLIMATE NORMALS FOR TOMORROW
                         NORMAL    RECORD    YEAR
 MAXIMUM TEMPERATURE (F)   64        80      2008
                                             1932
 MINIMUM TEMPERATURE (F)   43        27      1961


SUNRISE AND SUNSET
NOVEMBER 17 2017......SUNRISE   639 AM PST   SUNSET   448 PM PST
NOVEMBER 18 2017......SUNRISE   640 AM PST   SUNSET   448 PM PST


-  INDICATES NEGATIVE NUMBERS.
R  INDICATES RECORD WAS SET OR TIED.
MM INDICATES DATA IS MISSING.
T  INDICATES TRACE AMOUNT.




$$
