000
CDUS46 KHNX 270822
CLIFAT


CLIMATE REPORT
NATIONAL WEATHER SERVICE SAN JOAQUIN VALLEY, CA
122 AM PDT SAT AUG 27 2016


...................................

...THE FRESNO CA CLIMATE SUMMARY FOR AUGUST 26 2016...

CLIMATE NORMAL PERIOD 1981 TO 2010
CLIMATE RECORD PERIOD 1887 TO 2016


WEATHER ITEM   OBSERVED TIME   RECORD YEAR NORMAL DEPARTURE
                VALUE   (LST)  VALUE       VALUE  FROM
                                                  NORMAL
...............................................................
TEMPERATURE (F)
 YESTERDAY
  MAXIMUM         92    305 PM 108    1924  96     -4
  MINIMUM         63    602 AM  52    1968  65     -2
  AVERAGE         78                        80     -2

PRECIPITATION (IN)
  YESTERDAY        0.00          0.04 2003   0.00   0.00
  MONTH TO DATE    0.00                      0.01  -0.01
  SINCE OCT 1     14.29                     11.33   2.96
  SINCE JAN 1      9.09                      7.86   1.23

SNOWFALL (IN)
  YESTERDAY        0.0
  MONTH TO DATE    0.0
  SINCE JUN 1      0.0
  SINCE JUL 1      0.0
  SNOW DEPTH       0

DEGREE DAYS
 HEATING
  YESTERDAY        0                                0
  MONTH TO DATE    0                                0
  SINCE JUN 1      0                               -3
  SINCE JUL 1      0                                0

 COOLING
  YESTERDAY       13                               -2
  MONTH TO DATE  480                               40
  SINCE JUN 1   1565                              198
  SINCE JAN 1   1843                              235
...............................................................


WIND (MPH)
  HIGHEST WIND SPEED    15   HIGHEST WIND DIRECTION     W (280)
  HIGHEST GUST SPEED    19   HIGHEST GUST DIRECTION     W (290)
  AVERAGE WIND SPEED     7.2




RELATIVE HUMIDITY (PERCENT)
 HIGHEST    67
 LOWEST     18
 AVERAGE    43

..........................................................


THE FRESNO CA CLIMATE NORMALS FOR TODAY
                         NORMAL    RECORD    YEAR
 MAXIMUM TEMPERATURE (F)   95       109      1924
                                             1894
 MINIMUM TEMPERATURE (F)   65        51      1895


SUNRISE AND SUNSET
AUGUST 27 2016........SUNRISE   626 AM PDT   SUNSET   733 PM PDT
AUGUST 28 2016........SUNRISE   627 AM PDT   SUNSET   732 PM PDT


-  INDICATES NEGATIVE NUMBERS.
R  INDICATES RECORD WAS SET OR TIED.
MM INDICATES DATA IS MISSING.
T  INDICATES TRACE AMOUNT.




$$
