000
CDUS46 KHNX 240822
CLIFAT


CLIMATE REPORT
NATIONAL WEATHER SERVICE SAN JOAQUIN VALLEY, CA
122 AM PDT THU AUG 24 2017


...................................

...THE FRESNO CA CLIMATE SUMMARY FOR AUGUST 23 2017...

CLIMATE NORMAL PERIOD 1981 TO 2010
CLIMATE RECORD PERIOD 1887 TO 2017


WEATHER ITEM   OBSERVED TIME   RECORD YEAR NORMAL DEPARTURE
                VALUE   (LST)  VALUE       VALUE  FROM
                                                  NORMAL
...............................................................
TEMPERATURE (F)
 YESTERDAY
  MAXIMUM         97        MM 112    1891  96      1
  MINIMUM         68        MM  51    1960  66      2
  AVERAGE         83                        81      2

PRECIPITATION (IN)
  YESTERDAY        0.00          0.01 1959   0.00   0.00
  MONTH TO DATE    T                         0.00   0.00
  SINCE OCT 1     17.20                     11.32   5.88
  SINCE JAN 1     12.64                      7.85   4.79

SNOWFALL (IN)
  YESTERDAY        0.0
  MONTH TO DATE    0.0
  SINCE JUN 1      0.0
  SINCE JUL 1      0.0
  SNOW DEPTH       0

DEGREE DAYS
 HEATING
  YESTERDAY        0                                0
  MONTH TO DATE    0                                0
  SINCE JUN 1      4                                1
  SINCE JUL 1      0                                0

 COOLING
  YESTERDAY       18                                2
  MONTH TO DATE  446                               52
  SINCE JUN 1   1597                              276
  SINCE JAN 1   1848                              286
...............................................................


WIND (MPH)
  HIGHEST WIND SPEED    14   HIGHEST WIND DIRECTION    NW (320)
  HIGHEST GUST SPEED    MM   HIGHEST GUST DIRECTION    MM
  AVERAGE WIND SPEED     7.9




RELATIVE HUMIDITY (PERCENT)
 HIGHEST    66
 LOWEST     24
 AVERAGE    45

..........................................................


THE FRESNO CA CLIMATE NORMALS FOR TODAY
                         NORMAL    RECORD    YEAR
 MAXIMUM TEMPERATURE (F)   96       112      1891
 MINIMUM TEMPERATURE (F)   65        51      1973


SUNRISE AND SUNSET
AUGUST 24 2017........SUNRISE   624 AM PDT   SUNSET   738 PM PDT
AUGUST 25 2017........SUNRISE   625 AM PDT   SUNSET   736 PM PDT


-  INDICATES NEGATIVE NUMBERS.
R  INDICATES RECORD WAS SET OR TIED.
MM INDICATES DATA IS MISSING.
T  INDICATES TRACE AMOUNT.




$$
