000
CDUS46 KHNX 290823
CLIFAT


CLIMATE REPORT
NATIONAL WEATHER SERVICE SAN JOAQUIN VALLEY, CA
123 AM PDT THU SEP 29 2016


...................................

...THE FRESNO CA CLIMATE SUMMARY FOR SEPTEMBER 28 2016...

CLIMATE NORMAL PERIOD 1981 TO 2010
CLIMATE RECORD PERIOD 1887 TO 2016


WEATHER ITEM   OBSERVED TIME   RECORD YEAR NORMAL DEPARTURE
                VALUE   (LST)  VALUE       VALUE  FROM
                                                  NORMAL
...............................................................
TEMPERATURE (F)
 YESTERDAY
  MAXIMUM         98    306 PM 104    1887  87     11
  MINIMUM         64    545 AM  43    1971  59      5
  AVERAGE         81                        73      8

PRECIPITATION (IN)
  YESTERDAY        0.00          0.18 2014   0.01  -0.01
                                      1994
  MONTH TO DATE    T                         0.15  -0.15
  SINCE OCT 1     14.29                     11.48   2.81
  SINCE JAN 1      9.09                      8.01   1.08

SNOWFALL (IN)
  YESTERDAY        0.0
  MONTH TO DATE    0.0
  SINCE SEP 1      0.0
  SINCE JUL 1      0.0
  SNOW DEPTH       0

DEGREE DAYS
 HEATING
  YESTERDAY        0                                0
  MONTH TO DATE    2                                2
  SINCE SEP 1      2                                2
  SINCE JUL 1      2                                2

 COOLING
  YESTERDAY       16                                8
  MONTH TO DATE  318                               -5
  SINCE SEP 1    318                               -5
  SINCE JAN 1   2233                              226
...............................................................


WIND (MPH)
  HIGHEST WIND SPEED    14   HIGHEST WIND DIRECTION     E (80)
  HIGHEST GUST SPEED    15   HIGHEST GUST DIRECTION     E (90)
  AVERAGE WIND SPEED     4.1




RELATIVE HUMIDITY (PERCENT)
 HIGHEST    45
 LOWEST     12
 AVERAGE    29

..........................................................


THE FRESNO CA CLIMATE NORMALS FOR TODAY
                         NORMAL    RECORD    YEAR
 MAXIMUM TEMPERATURE (F)   87       102      1992
 MINIMUM TEMPERATURE (F)   58        43      1905


SUNRISE AND SUNSET
SEPTEMBER 29 2016.....SUNRISE   653 AM PDT   SUNSET   644 PM PDT
SEPTEMBER 30 2016.....SUNRISE   654 AM PDT   SUNSET   643 PM PDT


-  INDICATES NEGATIVE NUMBERS.
R  INDICATES RECORD WAS SET OR TIED.
MM INDICATES DATA IS MISSING.
T  INDICATES TRACE AMOUNT.




$$
