000
CDUS46 KHNX 070021
CLIFAT


CLIMATE REPORT
NATIONAL WEATHER SERVICE SAN JOAQUIN VALLEY, CA
420 PM PST FRI MAR 6 2015


...................................

...THE FRESNO CA CLIMATE SUMMARY FOR MARCH 6 2015...
VALID AS OF 0400 PM LOCAL TIME.

CLIMATE NORMAL PERIOD 1981 TO 2010
CLIMATE RECORD PERIOD 1887 TO 2015


WEATHER ITEM   OBSERVED TIME   RECORD YEAR NORMAL DEPARTURE LAST
                VALUE   (LST)  VALUE       VALUE  FROM      YEAR
                                                  NORMAL
..................................................................
TEMPERATURE (F)
 TODAY
  MAXIMUM         74    319 PM  86    1899  66      8       73
  MINIMUM         43    647 AM  31    1971  45     -2       57
  AVERAGE         59                        55      4       65

PRECIPITATION (IN)
  TODAY            0.00          0.80 1980   0.07  -0.07     0.02
  MONTH TO DATE    0.05                      0.43  -0.38     0.02
  SINCE OCT 1      4.58                      8.12  -3.54     3.42
  SINCE JAN 1      1.39                      4.65  -3.26     2.70

SNOWFALL (IN)
  TODAY            0.0
  MONTH TO DATE    0.0
  SINCE MAR 1      0.0
  SINCE JUL 1      0.0
  SNOW DEPTH       0

DEGREE DAYS
 HEATING
  TODAY            6                        10     -4        0
  MONTH TO DATE   58                        60     -2       22
  SINCE MAR 1     58                        60     -2       22
  SINCE JUL 1   1384                      1972   -588     1367

 COOLING
  TODAY            0                         0      0        0
  MONTH TO DATE    0                         0      0        0
  SINCE MAR 1      0                         0      0        0
  SINCE JAN 1      0                         0      0        0
..................................................................


WIND (MPH)
  HIGHEST WIND SPEED     6   HIGHEST WIND DIRECTION    NE (30)
  HIGHEST GUST SPEED     7   HIGHEST GUST DIRECTION     E (70)
  AVERAGE WIND SPEED     0.7




RELATIVE HUMIDITY (PERCENT)
 HIGHEST    83
 LOWEST     29
 AVERAGE    56

..........................................................


THE FRESNO CA CLIMATE NORMALS FOR TOMORROW
                         NORMAL    RECORD    YEAR
 MAXIMUM TEMPERATURE (F)   66        84      1899
 MINIMUM TEMPERATURE (F)   45        30      1969
                                             1956


SUNRISE AND SUNSET
MARCH  6 2015.........SUNRISE   623 AM PST   SUNSET   558 PM PST
MARCH  7 2015.........SUNRISE   622 AM PST   SUNSET   559 PM PST


-  INDICATES NEGATIVE NUMBERS.
R  INDICATES RECORD WAS SET OR TIED.
MM INDICATES DATA IS MISSING.
T  INDICATES TRACE AMOUNT.




$$
