000
CDUS46 KHNX 050822
CLIFAT


CLIMATE REPORT
NATIONAL WEATHER SERVICE SAN JOAQUIN VALLEY, CA
121 AM PDT SUN JUL 5 2015


...................................

...THE FRESNO CA CLIMATE SUMMARY FOR JULY 4 2015...

CLIMATE NORMAL PERIOD 1981 TO 2010
CLIMATE RECORD PERIOD 1887 TO 2015


WEATHER ITEM   OBSERVED TIME   RECORD YEAR NORMAL DEPARTURE
                VALUE   (LST)  VALUE       VALUE  FROM
                                                  NORMAL
...............................................................
TEMPERATURE (F)
 YESTERDAY
  MAXIMUM        104    339 PM 112    1889  97      7
  MINIMUM         74    546 AM  51    1951  67      7
                                      1910
  AVERAGE         89                        82      7

PRECIPITATION (IN)
  YESTERDAY        0.00          T    1896   0.00   0.00
  MONTH TO DATE    0.07                      0.00   0.07
  SINCE OCT 1      6.49                     11.31  -4.82
  SINCE JAN 1      3.30                      7.84  -4.54

SNOWFALL (IN)
  YESTERDAY        0.0
  MONTH TO DATE    0.0
  SINCE JUN 1      0.0
  SINCE JUL 1      0.0
  SNOW DEPTH       0

DEGREE DAYS
 HEATING
  YESTERDAY        0                                0
  MONTH TO DATE    0                                0
  SINCE JUN 1      0                               -3
  SINCE JUL 1      0                                0

 COOLING
  YESTERDAY       24                                7
  MONTH TO DATE   95                               30
  SINCE JUN 1    608                              174
  SINCE JAN 1    881                              206
...............................................................


WIND (MPH)
  HIGHEST WIND SPEED    16   HIGHEST WIND DIRECTION    NW (300)
  HIGHEST GUST SPEED    22   HIGHEST GUST DIRECTION    NW (310)
  AVERAGE WIND SPEED     7.8




RELATIVE HUMIDITY (PERCENT)
 HIGHEST    49
 LOWEST     16
 AVERAGE    33

..........................................................


THE FRESNO CA CLIMATE NORMALS FOR TODAY
                         NORMAL    RECORD    YEAR
 MAXIMUM TEMPERATURE (F)   97       112      1991
                                             1905
 MINIMUM TEMPERATURE (F)   67        52      1948


SUNRISE AND SUNSET
JULY  5 2015..........SUNRISE   545 AM PDT   SUNSET   821 PM PDT
JULY  6 2015..........SUNRISE   546 AM PDT   SUNSET   821 PM PDT


-  INDICATES NEGATIVE NUMBERS.
R  INDICATES RECORD WAS SET OR TIED.
MM INDICATES DATA IS MISSING.
T  INDICATES TRACE AMOUNT.




$$
