000
CDUS42 KRAH 300035
CLIFAY


CLIMATE REPORT
NATIONAL WEATHER SERVICE RALEIGH NC
833 PM EDT FRI MAY 29 2015


...................................

...THE FAYETTEVILLE REGL AIRPORT NC CLIMATE SUMMARY FOR MAY 29 2015...
VALID AS OF 0800 PM LOCAL TIME.

CLIMATE NORMAL PERIOD 1981 TO 2010
CLIMATE RECORD PERIOD 1910 TO 2015


WEATHER ITEM   OBSERVED TIME   RECORD YEAR NORMAL DEPARTURE LAST
                VALUE   (LST)  VALUE       VALUE  FROM      YEAR
                                                  NORMAL
..................................................................
TEMPERATURE (F)
 TODAY
  MAXIMUM         89    343 PM 102    1941  85      4       86
  MINIMUM         64    548 AM  32    1942  63      1       68
  AVERAGE         77                        74      3       77

PRECIPITATION (IN)
  TODAY            0.00          1.34 1958   0.15  -0.15     0.00
  MONTH TO DATE    2.26                      2.93  -0.67     4.06
  SINCE MAR 1      7.62                      9.30  -1.68    11.68
  SINCE JAN 1     15.27                     15.36  -0.09    18.40

DEGREE DAYS
 HEATING
  TODAY            0                         0      0        0
  MONTH TO DATE   10                        23    -13       12
  SINCE MAR 1    446                       505    -59      616
  SINCE JUL 1   2942                      2730    212     2941

 COOLING
  TODAY           12                         9      3       12
  MONTH TO DATE  214                       180     34      263
  SINCE MAR 1    306                       259     47      341
  SINCE JAN 1    306                       263     43      344
..................................................................


WIND (MPH)
  RESULTANT WIND SPEED   3   RESULTANT WIND DIRECTION  SE (130)
  HIGHEST WIND SPEED    12   HIGHEST WIND DIRECTION    SE (140)
  HIGHEST GUST SPEED    18   HIGHEST GUST DIRECTION     S (160)
  AVERAGE WIND SPEED     4.3


SKY COVER
  POSSIBLE SUNSHINE  MM
  AVERAGE SKY COVER 0.2


WEATHER CONDITIONS
 THE FOLLOWING WEATHER WAS RECORDED TODAY.
  FOG


RELATIVE HUMIDITY (PERCENT)
 HIGHEST    93           400 AM
 LOWEST     28           100 PM
 AVERAGE    61

..........................................................




SUNRISE AND SUNSET
MAY 29 2015...........SUNRISE   604 AM EDT   SUNSET   822 PM EDT
MAY 30 2015...........SUNRISE   604 AM EDT   SUNSET   823 PM EDT


-  INDICATES NEGATIVE NUMBERS.
R  INDICATES RECORD WAS SET OR TIED.
MM INDICATES DATA IS MISSING.
T  INDICATES TRACE AMOUNT.




$$
