000
CDUS42 KRAH 230545
CLIFAY


CLIMATE REPORT
NATIONAL WEATHER SERVICE RALEIGH NC
141 AM EDT FRI JUN 23 2017


...................................

...THE FAYETTEVILLE REGL AIRPORT NC CLIMATE SUMMARY FOR JUNE 22 2017...

CLIMATE NORMAL PERIOD 1981 TO 2010
CLIMATE RECORD PERIOD 1910 TO 2017


WEATHER ITEM   OBSERVED TIME   RECORD YEAR NORMAL DEPARTURE LAST
                VALUE   (LST)  VALUE       VALUE  FROM      YEAR
                                                  NORMAL
..................................................................
TEMPERATURE (F)
 YESTERDAY
  MAXIMUM         86   1249 PM 101    1990  90     -4       97
  MINIMUM         74    518 AM  55    1963  69      5       73
  AVERAGE         80                        80      0       85

PRECIPITATION (IN)
  YESTERDAY        0.13          1.91 1917   0.15  -0.02     0.08
  MONTH TO DATE    2.77                      3.14  -0.37     2.85
  SINCE JUN 1      2.77                      3.14  -0.37     2.85
  SINCE JAN 1     18.41                     18.81  -0.40    20.42

DEGREE DAYS
 HEATING
  YESTERDAY        0                         0      0        0
  MONTH TO DATE    0                         0      0        0
  SINCE JUN 1      0                         0      0        0
  SINCE JUL 1   2027                      2732   -705     2169

 COOLING
  YESTERDAY       15                        15      0       20
  MONTH TO DATE  315                       274     41      325
  SINCE JUN 1    315                       274     41      325
  SINCE JAN 1    818                       558    260      661
..................................................................


WIND (MPH)
  HIGHEST WIND SPEED    12   HIGHEST WIND DIRECTION     W (290)
  HIGHEST GUST SPEED    17   HIGHEST GUST DIRECTION     W (270)
  AVERAGE WIND SPEED     4.9


SKY COVER
  POSSIBLE SUNSHINE  MM
  AVERAGE SKY COVER 0.4


WEATHER CONDITIONS
 THE FOLLOWING WEATHER WAS RECORDED YESTERDAY.
  HEAVY RAIN
  LIGHT RAIN
  FOG


RELATIVE HUMIDITY (PERCENT)
 HIGHEST    94          1200 AM
 LOWEST     69           400 PM
 AVERAGE    82

..........................................................


THE FAYETTEVILLE REGL AIRPORT NC CLIMATE NORMALS FOR TODAY
                         NORMAL    RECORD    YEAR
 MAXIMUM TEMPERATURE (F)   90       102      1981
 MINIMUM TEMPERATURE (F)   70        51      1947


SUNRISE AND SUNSET
JUNE 23 2017..........SUNRISE   603 AM EDT   SUNSET   833 PM EDT
JUNE 24 2017..........SUNRISE   603 AM EDT   SUNSET   833 PM EDT


-  INDICATES NEGATIVE NUMBERS.
R  INDICATES RECORD WAS SET OR TIED.
MM INDICATES DATA IS MISSING.
T  INDICATES TRACE AMOUNT.

$$
