000
CDUS42 KRAH 210759
CLIFAY


CLIMATE REPORT
NATIONAL WEATHER SERVICE RALEIGH NC
356 AM EDT TUE OCT 21 2014


...................................

...THE FAYETTEVILLE REGL AIRPORT NC CLIMATE SUMMARY FOR OCTOBER 20 2014...

CLIMATE NORMAL PERIOD 1981 TO 2010
CLIMATE RECORD PERIOD 1910 TO 2014


WEATHER ITEM   OBSERVED TIME   RECORD YEAR NORMAL DEPARTURE LAST
                VALUE   (LST)  VALUE       VALUE  FROM      YEAR
                                                  NORMAL
..................................................................
TEMPERATURE (F)
 YESTERDAY
  MAXIMUM         75    216 PM  89    1926  74      1       68
  MINIMUM         41    627 AM  30    1981  50     -9       48
  AVERAGE         58                        62     -4       58

PRECIPITATION (IN)
  YESTERDAY        0.00          2.53 1968   0.09  -0.09     0.00
  MONTH TO DATE    1.31                      2.42  -1.11     0.89
  SINCE SEP 1      8.17                      6.82   1.35     1.96
  SINCE JAN 1     35.09                     38.25  -3.16    36.52

DEGREE DAYS
 HEATING
  YESTERDAY        7                         5      2        7
  MONTH TO DATE   33                        53    -20       19
  SINCE SEP 1     38                        62    -24       19
  SINCE JUL 1     38                        62    -24       19

 COOLING
  YESTERDAY        0                         2     -2        0
  MONTH TO DATE   87                        57     30       80
  SINCE SEP 1    380                       325     55      345
  SINCE JAN 1   2121                      1965    156     1924
..................................................................


WIND (MPH)
  HIGHEST WIND SPEED    18   HIGHEST WIND DIRECTION     S (190)
  HIGHEST GUST SPEED    22   HIGHEST GUST DIRECTION     S (180)
  AVERAGE WIND SPEED     5.2


SKY COVER
  POSSIBLE SUNSHINE  MM
  AVERAGE SKY COVER 0.1


WEATHER CONDITIONS
 THE FOLLOWING WEATHER WAS RECORDED YESTERDAY.
  NO SIGNIFICANT WEATHER WAS OBSERVED.


RELATIVE HUMIDITY (PERCENT)
 HIGHEST    96           700 AM
 LOWEST     41           200 PM
 AVERAGE    69

..........................................................


THE FAYETTEVILLE REGL AIRPORT NC CLIMATE NORMALS FOR TODAY
                         NORMAL    RECORD    YEAR
 MAXIMUM TEMPERATURE (F)   74        89      1927
 MINIMUM TEMPERATURE (F)   50        29      1981


SUNRISE AND SUNSET
OCTOBER 21 2014.......SUNRISE   727 AM EDT   SUNSET   633 PM EDT
OCTOBER 22 2014.......SUNRISE   727 AM EDT   SUNSET   632 PM EDT


-  INDICATES NEGATIVE NUMBERS.
R  INDICATES RECORD WAS SET OR TIED.
MM INDICATES DATA IS MISSING.
T  INDICATES TRACE AMOUNT.




$$
