000
CDUS42 KRAH 250801
CLIFAY


CLIMATE REPORT
NATIONAL WEATHER SERVICE RALEIGH NC
359 AM EDT FRI JUL 25 2014


...................................

...THE FAYETTEVILLE REGL AIRPORT NC CLIMATE SUMMARY FOR JULY 24 2014...

CLIMATE NORMAL PERIOD 1981 TO 2010
CLIMATE RECORD PERIOD 1910 TO 2014


WEATHER ITEM   OBSERVED TIME   RECORD YEAR NORMAL DEPARTURE LAST
                VALUE   (LST)  VALUE       VALUE  FROM      YEAR
                                                  NORMAL
..................................................................
TEMPERATURE (F)
 YESTERDAY
  MAXIMUM         95    211 PM 105    1952  91      4       94
  MINIMUM         72   1159 PM  59    1947  72      0       72
  AVERAGE         84                        81      3       83

PRECIPITATION (IN)
  YESTERDAY        0.01          2.17 1919   0.21  -0.20     0.59
  MONTH TO DATE    1.83                      4.54  -2.71     6.83
  SINCE JUN 1      4.52                      8.89  -4.37    15.41
  SINCE JAN 1     22.97                     24.56  -1.59    28.75

DEGREE DAYS
 HEATING
  YESTERDAY        0                         0      0        0
  MONTH TO DATE    0                         0      0        0
  SINCE JUN 1      0                         0      0        0
  SINCE JUL 1      0                         0      0        0

 COOLING
  YESTERDAY       19                        16      3       18
  MONTH TO DATE  375                       395    -20      398
  SINCE JUN 1    832                       791     41      793
  SINCE JAN 1   1198                      1075    123     1042
..................................................................


WIND (MPH)
  HIGHEST WIND SPEED    22   HIGHEST WIND DIRECTION     N (20)
  HIGHEST GUST SPEED    27   HIGHEST GUST DIRECTION     N (10)
  AVERAGE WIND SPEED    10.6


SKY COVER
  POSSIBLE SUNSHINE  MM
  AVERAGE SKY COVER 0.2


WEATHER CONDITIONS
 THE FOLLOWING WEATHER WAS RECORDED YESTERDAY.
  THUNDERSTORM
  LIGHT RAIN
  FOG


RELATIVE HUMIDITY (PERCENT)
 HIGHEST    94           300 AM
 LOWEST     46           200 PM
 AVERAGE    70

..........................................................


THE FAYETTEVILLE REGL AIRPORT NC CLIMATE NORMALS FOR TODAY
                         NORMAL    RECORD    YEAR
 MAXIMUM TEMPERATURE (F)   91       103      1914
 MINIMUM TEMPERATURE (F)   72        58      1947


SUNRISE AND SUNSET
JULY 25 2014..........SUNRISE   620 AM EDT   SUNSET   824 PM EDT
JULY 26 2014..........SUNRISE   621 AM EDT   SUNSET   823 PM EDT


-  INDICATES NEGATIVE NUMBERS.
R  INDICATES RECORD WAS SET OR TIED.
MM INDICATES DATA IS MISSING.
T  INDICATES TRACE AMOUNT.




$$
