000
CDUS42 KRAH 272103
CLIFAY


CLIMATE REPORT
NATIONAL WEATHER SERVICE RALEIGH NC
502 PM EDT FRI MAY 27 2016


...................................

...THE FAYETTEVILLE REGL AIRPORT NC CLIMATE SUMMARY FOR MAY 27 2016...
VALID TODAY AS OF 0500 PM LOCAL TIME.

CLIMATE NORMAL PERIOD 1981 TO 2010
CLIMATE RECORD PERIOD 1910 TO 2016


WEATHER ITEM   OBSERVED TIME   RECORD YEAR NORMAL DEPARTURE LAST
                VALUE   (LST)  VALUE       VALUE  FROM      YEAR
                                                  NORMAL
..................................................................
TEMPERATURE (F)
 TODAY
  MAXIMUM         88    244 PM 100    1953  85      3       88
  MINIMUM         66    524 AM  42    1961  63      3       70
  AVERAGE         77                        74      3       79

PRECIPITATION (IN)
  TODAY            0.00          1.48 1946   0.12  -0.12     0.01
  MONTH TO DATE    3.93                      2.64   1.29     2.24
  SINCE MAR 1      8.47                      9.01  -0.54     7.60
  SINCE JAN 1     16.31                     15.07   1.24    15.25

DEGREE DAYS
 HEATING
  TODAY            0                         0      0        0
  MONTH TO DATE   27                        23      4       10
  SINCE MAR 1    356                       505   -149      446
  SINCE JUL 1   2169                      2730   -561     2942

 COOLING
  TODAY           12                         9      3       14
  MONTH TO DATE  153                       162     -9      189
  SINCE MAR 1    288                       241     47      281
  SINCE JAN 1    288                       245     43      281
..................................................................


WIND (MPH)
  HIGHEST WIND SPEED    13   HIGHEST WIND DIRECTION    SE (120)
  HIGHEST GUST SPEED    14   HIGHEST GUST DIRECTION     E (100)
  AVERAGE WIND SPEED     4.7


SKY COVER
  POSSIBLE SUNSHINE  MM
  AVERAGE SKY COVER 0.5


WEATHER CONDITIONS
 THE FOLLOWING WEATHER WAS RECORDED TODAY.
  NO SIGNIFICANT WEATHER WAS OBSERVED.


RELATIVE HUMIDITY (PERCENT)
 HIGHEST    87           500 AM
 LOWEST     40           200 PM
 AVERAGE    64

..........................................................


THE FAYETTEVILLE REGL AIRPORT NC CLIMATE NORMALS FOR TOMORROW
                         NORMAL    RECORD    YEAR
 MAXIMUM TEMPERATURE (F)   85       102      1941
 MINIMUM TEMPERATURE (F)   63        40      1961


SUNRISE AND SUNSET
MAY 27 2016...........SUNRISE   604 AM EDT   SUNSET   821 PM EDT
MAY 28 2016...........SUNRISE   604 AM EDT   SUNSET   822 PM EDT


-  INDICATES NEGATIVE NUMBERS.
R  INDICATES RECORD WAS SET OR TIED.
MM INDICATES DATA IS MISSING.
T  INDICATES TRACE AMOUNT.




$$
