000
CDUS42 KRAH 182037
CLIFAY


CLIMATE REPORT
NATIONAL WEATHER SERVICE RALEIGH NC
434 PM EDT THU SEP 18 2014


...................................

...THE FAYETTEVILLE REGL AIRPORT NC CLIMATE SUMMARY FOR SEPTEMBER 18 2014...
VALID TODAY AS OF 0400 PM LOCAL TIME.

CLIMATE NORMAL PERIOD 1981 TO 2010
CLIMATE RECORD PERIOD 1910 TO 2014


WEATHER ITEM   OBSERVED TIME   RECORD YEAR NORMAL DEPARTURE LAST
                VALUE   (LST)  VALUE       VALUE  FROM      YEAR
                                                  NORMAL
..................................................................
TEMPERATURE (F)
 TODAY
  MAXIMUM         83    251 PM 106    1931  83      0       80
  MINIMUM         64    632 AM  48    1990  63      1       51
  AVERAGE         74                        73      1       66

PRECIPITATION (IN)
  TODAY            0.00          3.59 2002   0.15  -0.15     0.00
  MONTH TO DATE    6.03                      2.69   3.34     0.15
  SINCE SEP 1      6.03                      2.69   3.34     0.15
  SINCE JAN 1     32.95                     34.12  -1.17    34.71

DEGREE DAYS
 HEATING
  TODAY            0                         0      0        0
  MONTH TO DATE    0                         0      0        0
  SINCE SEP 1      0                         0      0        0
  SINCE JUL 1      0                         0      0        0

 COOLING
  TODAY            9                         8      1        1
  MONTH TO DATE  237                       190     47      224
  SINCE SEP 1    237                       190     47      224
  SINCE JAN 1   1978                      1830    148     1803
..................................................................


WIND (MPH)
  HIGHEST WIND SPEED    10   HIGHEST WIND DIRECTION    NE (60)
  HIGHEST GUST SPEED    15   HIGHEST GUST DIRECTION    NE (60)
  AVERAGE WIND SPEED     6.2


SKY COVER
  POSSIBLE SUNSHINE  MM
  AVERAGE SKY COVER 0.3


WEATHER CONDITIONS
 THE FOLLOWING WEATHER WAS RECORDED TODAY.
  FOG


RELATIVE HUMIDITY (PERCENT)
 HIGHEST   100           400 AM
 LOWEST     51           300 PM
 AVERAGE    76

..........................................................


THE FAYETTEVILLE REGL AIRPORT NC CLIMATE NORMALS FOR TOMORROW
                         NORMAL    RECORD    YEAR
 MAXIMUM TEMPERATURE (F)   83        99      1956
 MINIMUM TEMPERATURE (F)   63        48      1990


SUNRISE AND SUNSET
SEPTEMBER 18 2014.....SUNRISE   701 AM EDT   SUNSET   718 PM EDT
SEPTEMBER 19 2014.....SUNRISE   701 AM EDT   SUNSET   717 PM EDT


-  INDICATES NEGATIVE NUMBERS.
R  INDICATES RECORD WAS SET OR TIED.
MM INDICATES DATA IS MISSING.
T  INDICATES TRACE AMOUNT.




$$
