000
CDUS42 KRAH 182152
CLIFAY


CLIMATE REPORT
NATIONAL WEATHER SERVICE RALEIGH NC
449 PM EST SUN FEB 18 2018


...................................

...THE FAYETTEVILLE REGL AIRPORT NC CLIMATE SUMMARY FOR FEBRUARY 18 2018...
VALID TODAY AS OF 0400 PM LOCAL TIME.

CLIMATE NORMAL PERIOD 1981 TO 2010
CLIMATE RECORD PERIOD 1910 TO 2018


WEATHER ITEM   OBSERVED TIME   RECORD YEAR NORMAL DEPARTURE LAST
                VALUE   (LST)  VALUE       VALUE  FROM      YEAR
                                                  NORMAL
..................................................................
TEMPERATURE (F)
 TODAY
  MAXIMUM         65    259 PM  80    1976  60      5       75
  MINIMUM         47    806 AM   7    1958  36     11       38
  AVERAGE         56                        48      8       57

PRECIPITATION (IN)
  TODAY            T             1.26 2008   0.11  -0.11      T
  MONTH TO DATE    1.35                      1.75  -0.40     0.99
  SINCE DEC 1      7.40                      7.70  -0.30     6.06
  SINCE JAN 1      4.43                      5.05  -0.62     3.42

DEGREE DAYS
 HEATING
  TODAY            9                        17     -8        8
  MONTH TO DATE  229                       337   -108      207
  SINCE DEC 1   1583                      1615    -32     1221
  SINCE JUL 1   2016                      2063    -47     1572

 COOLING
  TODAY            0                         0      0        0
  MONTH TO DATE   17                         0     17        9
  SINCE DEC 1     17                         4     13       10
  SINCE JAN 1     17                         2     15       10
..................................................................


WIND (MPH)
  HIGHEST WIND SPEED    16   HIGHEST WIND DIRECTION    NE (30)
  HIGHEST GUST SPEED    21   HIGHEST GUST DIRECTION    NE (30)
  AVERAGE WIND SPEED     7.4


SKY COVER
  POSSIBLE SUNSHINE  MM
  AVERAGE SKY COVER 0.6


WEATHER CONDITIONS
 THE FOLLOWING WEATHER WAS RECORDED TODAY.
  LIGHT RAIN
  FOG


RELATIVE HUMIDITY (PERCENT)
 HIGHEST   100           200 AM
 LOWEST     34           200 PM
 AVERAGE    67

..........................................................


THE FAYETTEVILLE REGL AIRPORT NC CLIMATE NORMALS FOR TOMORROW
                         NORMAL    RECORD    YEAR
 MAXIMUM TEMPERATURE (F)   60        84      1956
 MINIMUM TEMPERATURE (F)   36         8      1958


SUNRISE AND SUNSET
FEBRUARY 18 2018......SUNRISE   658 AM EST   SUNSET   601 PM EST
FEBRUARY 19 2018......SUNRISE   657 AM EST   SUNSET   602 PM EST


-  INDICATES NEGATIVE NUMBERS.
R  INDICATES RECORD WAS SET OR TIED.
MM INDICATES DATA IS MISSING.
T  INDICATES TRACE AMOUNT.




$$
