000
CDUS42 KRAH 162052
CLIFAY


CLIMATE REPORT
NATIONAL WEATHER SERVICE RALEIGH NC
450 PM EDT WED APR 16 2014


...................................

...THE FAYETTEVILLE REGL AIRPORT NC CLIMATE SUMMARY FOR APRIL 16 2014...
VALID TODAY AS OF 0450 PM LOCAL TIME.

CLIMATE NORMAL PERIOD 1981 TO 2010
CLIMATE RECORD PERIOD 1910 TO 2014


WEATHER ITEM   OBSERVED TIME   RECORD YEAR NORMAL DEPARTURE LAST
                VALUE   (LST)  VALUE       VALUE  FROM      YEAR
                                                  NORMAL
..................................................................
TEMPERATURE (F)
 TODAY
  MAXIMUM         57    343 PM  94    2006  75    -18       80
  MINIMUM         36    607 AM  28    1943  51    -15       55
  AVERAGE         47                        63    -16       68

PRECIPITATION (IN)
  TODAY            0.00          2.00 1989   0.07  -0.07     0.00
  MONTH TO DATE    1.35                      1.68  -0.33     1.46
  SINCE MAR 1      4.99                      5.23  -0.24     3.13
  SINCE JAN 1     11.71                     11.29   0.42     8.77

DEGREE DAYS
 HEATING
  TODAY           18                         4     14        0
  MONTH TO DATE   54                        93    -39       75
  SINCE MAR 1    551                       437    114      581
  SINCE JUL 1   2876                      2662    214     2677

 COOLING
  TODAY            0                         2     -2        3
  MONTH TO DATE   35                        26      9       38
  SINCE MAR 1     36                        38     -2       41
  SINCE JAN 1     39                        42     -3       46
..................................................................


WIND (MPH)
  HIGHEST WIND SPEED    23   HIGHEST WIND DIRECTION     N (20)
  HIGHEST GUST SPEED    28   HIGHEST GUST DIRECTION     N (20)
  AVERAGE WIND SPEED    14.5


SKY COVER
  POSSIBLE SUNSHINE  MM
  AVERAGE SKY COVER 0.1


WEATHER CONDITIONS
 THE FOLLOWING WEATHER WAS RECORDED TODAY.
  NO SIGNIFICANT WEATHER WAS OBSERVED.


RELATIVE HUMIDITY (PERCENT)
 HIGHEST    67          1200 AM
 LOWEST     30           200 PM
 AVERAGE    49

..........................................................


THE FAYETTEVILLE REGL AIRPORT NC CLIMATE NORMALS FOR TOMORROW
                         NORMAL    RECORD    YEAR
 MAXIMUM TEMPERATURE (F)   75        92      1941
 MINIMUM TEMPERATURE (F)   51        31      1953


SUNRISE AND SUNSET
APRIL 16 2014.........SUNRISE   642 AM EDT   SUNSET   749 PM EDT
APRIL 17 2014.........SUNRISE   641 AM EDT   SUNSET   750 PM EDT


-  INDICATES NEGATIVE NUMBERS.
R  INDICATES RECORD WAS SET OR TIED.
MM INDICATES DATA IS MISSING.
T  INDICATES TRACE AMOUNT.




$$
