000
CDUS42 KRAH 130829
CLIFAY


CLIMATE REPORT
NATIONAL WEATHER SERVICE RALEIGH NC
328 AM EST WED DEC 13 2017


...................................

...THE FAYETTEVILLE REGL AIRPORT NC CLIMATE SUMMARY FOR DECEMBER 12 2017...

CLIMATE NORMAL PERIOD 1981 TO 2010
CLIMATE RECORD PERIOD 1910 TO 2017


WEATHER ITEM   OBSERVED TIME   RECORD YEAR NORMAL DEPARTURE LAST
                VALUE   (LST)  VALUE       VALUE  FROM      YEAR
                                                  NORMAL
..................................................................
TEMPERATURE (F)
 YESTERDAY
  MAXIMUM         57    226 PM  81    1931  56      1       63
  MINIMUM         36   1159 PM  12    1957  36      0       40
  AVERAGE         47                        46      1       52

PRECIPITATION (IN)
  YESTERDAY        0.00          2.03 1982   0.09  -0.09     0.06
  MONTH TO DATE    2.02                      1.22   0.80     1.05
  SINCE DEC 1      2.02                      1.22   0.80     1.05
  SINCE JAN 1     40.85                     43.03  -2.18    54.66

DEGREE DAYS
 HEATING
  YESTERDAY       18                        19     -1       13
  MONTH TO DATE  198                       209    -11      220
  SINCE DEC 1    198                       209    -11      220
  SINCE JUL 1    631                       657    -26      571

 COOLING
  YESTERDAY        0                         0      0        0
  MONTH TO DATE    0                         0      0        0
  SINCE DEC 1      0                         0      0        0
  SINCE JAN 1   2455                      1991    464     2527
..................................................................


WIND (MPH)
  HIGHEST WIND SPEED    30   HIGHEST WIND DIRECTION    NW (320)
  HIGHEST GUST SPEED    46   HIGHEST GUST DIRECTION    NW (310)
  AVERAGE WIND SPEED    11.7


SKY COVER
  POSSIBLE SUNSHINE  MM
  AVERAGE SKY COVER 0.1


WEATHER CONDITIONS
 THE FOLLOWING WEATHER WAS RECORDED YESTERDAY.
  NO SIGNIFICANT WEATHER WAS OBSERVED.


RELATIVE HUMIDITY (PERCENT)
 HIGHEST    86           800 AM
 LOWEST     34           800 PM
 AVERAGE    60

..........................................................


THE FAYETTEVILLE REGL AIRPORT NC CLIMATE NORMALS FOR TODAY
                         NORMAL    RECORD    YEAR
 MAXIMUM TEMPERATURE (F)   56        81      1927
 MINIMUM TEMPERATURE (F)   35         9      1962


SUNRISE AND SUNSET
DECEMBER 13 2017......SUNRISE   715 AM EST   SUNSET   505 PM EST
DECEMBER 14 2017......SUNRISE   716 AM EST   SUNSET   505 PM EST


-  INDICATES NEGATIVE NUMBERS.
R  INDICATES RECORD WAS SET OR TIED.
MM INDICATES DATA IS MISSING.
T  INDICATES TRACE AMOUNT.




$$
