000
CDUS42 KRAH 210726
CLIFAY


CLIMATE REPORT
NATIONAL WEATHER SERVICE RALEIGH NC
325 AM EDT SAT OCT 21 2017


...................................

...THE FAYETTEVILLE REGL AIRPORT NC CLIMATE SUMMARY FOR OCTOBER 20 2017...

CLIMATE NORMAL PERIOD 1981 TO 2010
CLIMATE RECORD PERIOD 1910 TO 2017


WEATHER ITEM   OBSERVED TIME   RECORD YEAR NORMAL DEPARTURE LAST
                VALUE   (LST)  VALUE       VALUE  FROM      YEAR
                                                  NORMAL
..................................................................
TEMPERATURE (F)
 YESTERDAY
  MAXIMUM         82    323 PM  89    1926  74      8       86
  MINIMUM         47    654 AM  30    1981  50     -3       62
  AVERAGE         65                        62      3       74

PRECIPITATION (IN)
  YESTERDAY        0.00          2.53 1968   0.09  -0.09     0.00
  MONTH TO DATE    1.34                      2.42  -1.08    15.02
  SINCE SEP 1      5.07                      6.82  -1.75    26.14
  SINCE JAN 1     36.87                     38.25  -1.38    52.80

DEGREE DAYS
 HEATING
  YESTERDAY        0                         5     -5        0
  MONTH TO DATE   20                        53    -33       14
  SINCE SEP 1     22                        62    -40       14
  SINCE JUL 1     22                        62    -40       14

 COOLING
  YESTERDAY        0                         2     -2        9
  MONTH TO DATE  132                        57     75       92
  SINCE SEP 1    456                       325    131      498
  SINCE JAN 1   2435                      1965    470     2492
..................................................................


WIND (MPH)
  HIGHEST WIND SPEED     9   HIGHEST WIND DIRECTION    NW (330)
  HIGHEST GUST SPEED    12   HIGHEST GUST DIRECTION    NW (330)
  AVERAGE WIND SPEED     2.3


SKY COVER
  POSSIBLE SUNSHINE  MM
  AVERAGE SKY COVER 0.0


WEATHER CONDITIONS
 THE FOLLOWING WEATHER WAS RECORDED YESTERDAY.
  NO SIGNIFICANT WEATHER WAS OBSERVED.


RELATIVE HUMIDITY (PERCENT)
 HIGHEST   100           700 AM
 LOWEST     28           300 PM
 AVERAGE    64

..........................................................


THE FAYETTEVILLE REGL AIRPORT NC CLIMATE NORMALS FOR TODAY
                         NORMAL    RECORD    YEAR
 MAXIMUM TEMPERATURE (F)   74        89      1927
 MINIMUM TEMPERATURE (F)   50        29      1981


SUNRISE AND SUNSET
OCTOBER 21 2017.......SUNRISE   727 AM EDT   SUNSET   633 PM EDT
OCTOBER 22 2017.......SUNRISE   728 AM EDT   SUNSET   632 PM EDT


-  INDICATES NEGATIVE NUMBERS.
R  INDICATES RECORD WAS SET OR TIED.
MM INDICATES DATA IS MISSING.
T  INDICATES TRACE AMOUNT.

$$
