000
CDUS42 KRAH 200745
CLIFAY


CLIMATE REPORT
NATIONAL WEATHER SERVICE RALEIGH NC
338 AM EDT SUN AUG 20 2017


...................................

...THE FAYETTEVILLE REGL AIRPORT NC CLIMATE SUMMARY FOR AUGUST 19 2017...

CLIMATE NORMAL PERIOD 1981 TO 2010
CLIMATE RECORD PERIOD 1910 TO 2017


WEATHER ITEM   OBSERVED TIME   RECORD YEAR NORMAL DEPARTURE LAST
                VALUE   (LST)  VALUE       VALUE  FROM      YEAR
                                                  NORMAL
..................................................................
TEMPERATURE (F)
 YESTERDAY
  MAXIMUM         93    145 PM 105    1988  89      4       96
  MINIMUM         75   1101 PM  55    1979  69      6       74
  AVERAGE         84                        79      5       85

PRECIPITATION (IN)
  YESTERDAY        0.00          3.21 1986   0.18  -0.18     0.30
  MONTH TO DATE    3.34                      3.54  -0.20     1.06
  SINCE JUN 1     15.79                     13.81   1.98     8.82
  SINCE JAN 1     31.43                     29.48   1.95    26.39

DEGREE DAYS
 HEATING
  YESTERDAY        0                         0      0        0
  MONTH TO DATE    0                         0      0        0
  SINCE JUN 1      0                         0      0        0
  SINCE JUL 1      0                         0      0        0

 COOLING
  YESTERDAY       19                        14      5       20
  MONTH TO DATE  310                       291     19      379
  SINCE JUN 1   1310                      1194    116     1450
  SINCE JAN 1   1813                      1478    335     1786
..................................................................


WIND (MPH)
  HIGHEST WIND SPEED    13   HIGHEST WIND DIRECTION     N (10)
  HIGHEST GUST SPEED    15   HIGHEST GUST DIRECTION     N (20)
  AVERAGE WIND SPEED     4.8


SKY COVER
  POSSIBLE SUNSHINE  MM
  AVERAGE SKY COVER 0.2


WEATHER CONDITIONS
 THE FOLLOWING WEATHER WAS RECORDED YESTERDAY.
  NO SIGNIFICANT WEATHER WAS OBSERVED.


RELATIVE HUMIDITY (PERCENT)
 HIGHEST    97           400 AM
 LOWEST     47          1100 AM
 AVERAGE    72

..........................................................


THE FAYETTEVILLE REGL AIRPORT NC CLIMATE NORMALS FOR TODAY
                         NORMAL    RECORD    YEAR
 MAXIMUM TEMPERATURE (F)   89       102      2007
 MINIMUM TEMPERATURE (F)   69        57      1918


SUNRISE AND SUNSET
AUGUST 20 2017........SUNRISE   640 AM EDT   SUNSET   758 PM EDT
AUGUST 21 2017........SUNRISE   640 AM EDT   SUNSET   756 PM EDT


-  INDICATES NEGATIVE NUMBERS.
R  INDICATES RECORD WAS SET OR TIED.
MM INDICATES DATA IS MISSING.
T  INDICATES TRACE AMOUNT.




$$
