671
CDUS42 KFFC 290817
CLIFFC


CLIMATE REPORT
NATIONAL WEATHER SERVICE PEACHTREE CITY GA
417 AM EDT FRI APR 29 2016


...................................

...THE PEACHTREE CITY CLIMATE SUMMARY FOR APRIL 28 2016...

CLIMATE NORMAL PERIOD 1981 TO 2010
CLIMATE RECORD PERIOD 9999 TO 9999


WEATHER ITEM   OBSERVED TIME   RECORD YEAR NORMAL DEPARTURE LAST
                VALUE   (LST)  VALUE       VALUE  FROM      YEAR
                                                  NORMAL
..................................................................
TEMPERATURE (F)
 YESTERDAY
  MAXIMUM         82    537 PM  MM      MM  77      5       74
  MINIMUM         63    240 AM  MM      MM  51     12       48
  AVERAGE         73                        64      9       61

PRECIPITATION (IN)
  YESTERDAY        0.00         MM      MM   0.10  -0.10     0.06
  MONTH TO DATE    3.93                      3.70   0.23     6.07
  SINCE MAR 1      6.96                      8.81  -1.85     9.80
  SINCE JAN 1     18.23                     17.91   0.32    16.98

SNOWFALL (IN)
  YESTERDAY       MM            MM      MM  MM     MM       MM
  MONTH TO DATE    0.0                      MM     MM        0.0
  SINCE MAR 1      0.0                      MM     MM        0.0
  SINCE JUL 1      0.2                      MM     MM         T
  SNOW DEPTH      MM

DEGREE DAYS
 HEATING
  YESTERDAY        0                         3     -3        4
  MONTH TO DATE  145                       160    -15       66
  SINCE MAR 1    367                       530   -163      333
  SINCE JUL 1   2292                      2912   -620     2851

 COOLING
  YESTERDAY        8                         2      6        0
  MONTH TO DATE   22                        27     -5       74
  SINCE MAR 1     33                        32      1       79
  SINCE JAN 1     33                        32      1       79
..................................................................


WIND (MPH)
  RESULTANT WIND SPEED   1   RESULTANT WIND DIRECTION  SW (240)
  HIGHEST WIND SPEED    12   HIGHEST WIND DIRECTION     W (280)
  HIGHEST GUST SPEED    18   HIGHEST GUST DIRECTION     W (290)
  AVERAGE WIND SPEED     3.1


SKY COVER
  POSSIBLE SUNSHINE  MM
  AVERAGE SKY COVER 0.4


WEATHER CONDITIONS
 THE FOLLOWING WEATHER WAS RECORDED YESTERDAY.
  FOG


RELATIVE HUMIDITY (PERCENT)
 HIGHEST   100          1200 AM
 LOWEST     51           300 PM
 AVERAGE    76

..........................................................


THE PEACHTREE CITY CLIMATE NORMALS FOR TODAY
                         NORMAL    RECORD    YEAR
 MAXIMUM TEMPERATURE (F)   78        MM        MM
 MINIMUM TEMPERATURE (F)   51        MM        MM


SUNRISE AND SUNSET
APRIL 29 2016.........SUNRISE   652 AM EDT   SUNSET   820 PM EDT
APRIL 30 2016.........SUNRISE   651 AM EDT   SUNSET   821 PM EDT


-  INDICATES NEGATIVE NUMBERS.
R  INDICATES RECORD WAS SET OR TIED.
MM INDICATES DATA IS MISSING.
T  INDICATES TRACE AMOUNT.




$$
