000
CDUS42 KFFC 310918
CLIFFC


CLIMATE REPORT
NATIONAL WEATHER SERVICE PEACHTREE CITY GA
418 AM EST SAT JAN 31 2015


...................................

...THE PEACHTREE CITY CLIMATE SUMMARY FOR JANUARY 30 2015...

CLIMATE NORMAL PERIOD 1981 TO 2010
CLIMATE RECORD PERIOD 9999 TO 9999


WEATHER ITEM   OBSERVED TIME   RECORD YEAR NORMAL DEPARTURE LAST
                VALUE   (LST)  VALUE       VALUE  FROM      YEAR
                                                  NORMAL
..................................................................
TEMPERATURE (F)
 YESTERDAY
  MAXIMUM         56    129 AM  MM      MM  55      1       42
  MINIMUM         36   1159 PM  MM      MM  33      3        2
  AVERAGE         46                        44      2       22

PRECIPITATION (IN)
  YESTERDAY        0.00         MM      MM   0.20  -0.20     0.00
  MONTH TO DATE    2.39                      4.01  -1.62     2.38
  SINCE DEC 1      7.44                      8.15  -0.71     9.79
  SINCE JAN 1      2.39                      4.01  -1.62     2.38

SNOWFALL (IN)
  YESTERDAY        0.0          MM      MM  MM     MM       MM
  MONTH TO DATE    0.0                      MM     MM        1.8
  SINCE DEC 1      0.0                      MM     MM        1.8
  SINCE JUL 1      0.0                      MM     MM        1.8
  SNOW DEPTH      MM

DEGREE DAYS
 HEATING
  YESTERDAY       19                        21     -2       43
  MONTH TO DATE  690                       669     21      863
  SINCE DEC 1   1176                      1308   -132     1423
  SINCE JUL 1   1814                      1850    -36     1980

 COOLING
  YESTERDAY        0                         0      0        0
  MONTH TO DATE    0                         0      0        0
  SINCE DEC 1      0                         0      0        8
  SINCE JAN 1      0                         0      0        0
..................................................................


WIND (MPH)
  RESULTANT WIND SPEED  12   RESULTANT WIND DIRECTION  NW (330)
  HIGHEST WIND SPEED    23   HIGHEST WIND DIRECTION    NW (320)
  HIGHEST GUST SPEED    33   HIGHEST GUST DIRECTION    NW (320)
  AVERAGE WIND SPEED    13.0


SKY COVER
  POSSIBLE SUNSHINE  MM
  AVERAGE SKY COVER 0.3


WEATHER CONDITIONS
 THE FOLLOWING WEATHER WAS RECORDED YESTERDAY.
  NO SIGNIFICANT WEATHER WAS OBSERVED.


RELATIVE HUMIDITY (PERCENT)
 HIGHEST    67           500 AM
 LOWEST     28           300 PM
 AVERAGE    48

..........................................................


THE PEACHTREE CITY CLIMATE NORMALS FOR TODAY
                         NORMAL    RECORD    YEAR
 MAXIMUM TEMPERATURE (F)   55        MM        MM
 MINIMUM TEMPERATURE (F)   33        MM        MM


SUNRISE AND SUNSET
JANUARY 31 2015.......SUNRISE   735 AM EST   SUNSET   609 PM EST
FEBRUARY  1 2015......SUNRISE   734 AM EST   SUNSET   610 PM EST


-  INDICATES NEGATIVE NUMBERS.
R  INDICATES RECORD WAS SET OR TIED.
MM INDICATES DATA IS MISSING.
T  INDICATES TRACE AMOUNT.




$$
