000
CDUS43 KLMK 300630
CLIFFT


CLIMATE REPORT
NATIONAL WEATHER SERVICE LOUISVILLE KY
229 AM EDT MON MAR 30 2015


...................................

...THE FRANKFORT KY CLIMATE SUMMARY FOR MARCH 29 2015...

CLIMATE NORMAL PERIOD 1981 TO 2010
CLIMATE RECORD PERIOD 1895 TO 2015


WEATHER ITEM   OBSERVED TIME   RECORD YEAR NORMAL DEPARTURE LAST
                VALUE   (LST)  VALUE       VALUE  FROM      YEAR
                                                  NORMAL
..................................................................
TEMPERATURE (F)
 YESTERDAY
  MAXIMUM         58    400 PM  86    1910  61     -3       50
  MINIMUM         19    448 AM  18    1982  38    -19       37
  AVERAGE         39                        49    -10       44

PRECIPITATION (IN)
  YESTERDAY        T             2.15 1975   0.15  -0.15     0.73
  MONTH TO DATE    7.68                      4.04   3.64     2.22
  SINCE MAR 1      7.68                      4.04   3.64     2.22
  SINCE JAN 1     11.24                     10.59   0.65     8.42

SNOWFALL (IN)
  YESTERDAY       MM            MM      MM  MM     MM       MM
  MONTH TO DATE   MM                        MM     MM       MM
  SINCE MAR 1     MM                        MM     MM       MM
  SINCE JUL 1     MM                        MM     MM       MM
  SNOW DEPTH      MM

DEGREE DAYS
 HEATING
  YESTERDAY       26                        16     10       21
  MONTH TO DATE  646                       597     49      714
  SINCE MAR 1    646                       597     49      714
  SINCE JUL 1   4766                      4236    530     4826

 COOLING
  YESTERDAY        0                         0      0        0
  MONTH TO DATE    0                         0      0        0
  SINCE MAR 1      0                         0      0        0
  SINCE JAN 1      0                         0      0        0
..................................................................


WIND (MPH)
  HIGHEST WIND SPEED    24   HIGHEST WIND DIRECTION     S (190)
  HIGHEST GUST SPEED    31   HIGHEST GUST DIRECTION     S (190)
  AVERAGE WIND SPEED     8.6


SKY COVER
  POSSIBLE SUNSHINE  MM
  AVERAGE SKY COVER 0.2


WEATHER CONDITIONS
 THE FOLLOWING WEATHER WAS RECORDED YESTERDAY.
  LIGHT RAIN


RELATIVE HUMIDITY (PERCENT)
 HIGHEST    77           100 AM
 LOWEST     14           300 PM
 AVERAGE    46

..........................................................


THE FRANKFORT KY CLIMATE NORMALS FOR TODAY
                         NORMAL    RECORD    YEAR
 MAXIMUM TEMPERATURE (F)   61        83      1910
 MINIMUM TEMPERATURE (F)   38        19      1966
                                             1964


SUNRISE AND SUNSET
MARCH 30 2015.........SUNRISE   728 AM EDT   SUNSET   801 PM EDT
MARCH 31 2015.........SUNRISE   727 AM EDT   SUNSET   802 PM EDT


-  INDICATES NEGATIVE NUMBERS.
R  INDICATES RECORD WAS SET OR TIED.
MM INDICATES DATA IS MISSING.
T  INDICATES TRACE AMOUNT.

$$

SCHOETTMER
