000
CDUS43 KLMK 230628
CLIFFT


CLIMATE REPORT
NATIONAL WEATHER SERVICE LOUISVILLE KY
227 AM EDT WED APR 23 2014


...................................

...THE FRANKFORT KY CLIMATE SUMMARY FOR APRIL 22 2014...

CLIMATE NORMAL PERIOD 1981 TO 2010
CLIMATE RECORD PERIOD 1895 TO 2014


WEATHER ITEM   OBSERVED TIME   RECORD YEAR NORMAL DEPARTURE LAST
                VALUE   (LST)  VALUE       VALUE  FROM      YEAR
                                                  NORMAL
..................................................................
TEMPERATURE (F)
 YESTERDAY
  MAXIMUM         71    436 PM  93    1914  69      2       70
  MINIMUM         50   1159 PM  29    1986  45      5       37
  AVERAGE         61                        57      4       54

PRECIPITATION (IN)
  YESTERDAY        T             1.70 1972   0.13  -0.13     0.00
  MONTH TO DATE    3.06                      2.55   0.51     1.75
  SINCE MAR 1      5.28                      6.93  -1.65     5.94
  SINCE JAN 1     11.48                     13.48  -2.00    12.58

SNOWFALL (IN)
  YESTERDAY       MM            MM      MM  MM     MM       MM
  MONTH TO DATE   MM                        MM     MM       MM
  SINCE MAR 1     MM                        MM     MM       MM
  SINCE JUL 1     MM                        MM     MM       MM
  SNOW DEPTH      MM

DEGREE DAYS
 HEATING
  YESTERDAY        4                         8     -4       11
  MONTH TO DATE  213                       257    -44      245
  SINCE MAR 1    965                       882     83     1061
  SINCE JUL 1   5077                      4521    556     4599

 COOLING
  YESTERDAY        0                         1     -1        0
  MONTH TO DATE    8                        14     -6       19
  SINCE MAR 1      8                        16     -8       19
  SINCE JAN 1      8                        16     -8       19
..................................................................


WIND (MPH)
  HIGHEST WIND SPEED    20   HIGHEST WIND DIRECTION    NW (330)
  HIGHEST GUST SPEED    26   HIGHEST GUST DIRECTION    NW (330)
  AVERAGE WIND SPEED     9.2


SKY COVER
  POSSIBLE SUNSHINE  MM
  AVERAGE SKY COVER 0.5


WEATHER CONDITIONS
 THE FOLLOWING WEATHER WAS RECORDED YESTERDAY.
  LIGHT RAIN
  FOG
  HAZE


RELATIVE HUMIDITY (PERCENT)
 HIGHEST    93           500 AM
 LOWEST     28           500 PM
 AVERAGE    61

..........................................................


THE FRANKFORT KY CLIMATE NORMALS FOR TODAY
                         NORMAL    RECORD    YEAR
 MAXIMUM TEMPERATURE (F)   69        88      1914
 MINIMUM TEMPERATURE (F)   46        27      1986


SUNRISE AND SUNSET
APRIL 23 2014.........SUNRISE   653 AM EDT   SUNSET   823 PM EDT
APRIL 24 2014.........SUNRISE   652 AM EDT   SUNSET   824 PM EDT


-  INDICATES NEGATIVE NUMBERS.
R  INDICATES RECORD WAS SET OR TIED.
MM INDICATES DATA IS MISSING.
T  INDICATES TRACE AMOUNT.




$$
