000
CDUS43 KFGF 290641
CLIFGF


CLIMATE REPORT
NATIONAL WEATHER SERVICE EASTERN NORTH DAKOTA/GRAND FORKS
140 AM CDT FRI MAY 29 2015


...................................

...THE GRAND FORKS UNIV. (NWS) ND CLIMATE SUMMARY FOR MAY 28 2015...

CLIMATE NORMAL PERIOD 1981 TO 2010
CLIMATE RECORD PERIOD 1890 TO 2015


WEATHER ITEM   OBSERVED TIME   RECORD YEAR NORMAL DEPARTURE LAST
                VALUE   (LST)  VALUE       VALUE  FROM      YEAR
                                                  NORMAL
..................................................................
TEMPERATURE (F)
 YESTERDAY
  MAXIMUM         79        MM  95    1934  72      7       87
  MINIMUM         55        MM  25    1947  48      7       61
  AVERAGE         67                        60      7       74

PRECIPITATION (IN)
  YESTERDAY        0.34          1.05 1923   0.11   0.23      T
  MONTH TO DATE    4.35                      2.42   1.93     2.26
  SINCE MAR 1      5.37                      4.42   0.95     6.01
  SINCE JAN 1      5.90                      5.72   0.18     6.74

SNOWFALL (IN)
  YESTERDAY        0.0           1.1    MM   0.0    0.0      0.0
  MONTH TO DATE    T                         0.1   -0.1      0.0
  SINCE MAR 1      3.0                       8.1   -5.1     14.6
  SINCE JUL 1     19.3                      43.4  -24.1     60.3
  SNOW DEPTH       0

DEGREE DAYS
 HEATING
  YESTERDAY        0                         6     -6        0
  MONTH TO DATE  302                       292     10      374
  SINCE MAR 1   1906                      2147   -241     2625
  SINCE JUL 1   8755                      9107   -352    10371

 COOLING
  YESTERDAY        2                         1      1        9
  MONTH TO DATE   11                        23    -12       32
  SINCE MAR 1     11                        26    -15       32
  SINCE JAN 1     11                        26    -15       32
..................................................................


WIND (MPH)
  RESULTANT WIND SPEED  MM   RESULTANT WIND DIRECTION  MM
  HIGHEST WIND SPEED    MM   HIGHEST WIND DIRECTION    MM
  HIGHEST GUST SPEED    MM   HIGHEST GUST DIRECTION    MM
  AVERAGE WIND SPEED    MM


SKY COVER
  POSSIBLE SUNSHINE  MM
  AVERAGE SKY COVER  MM


WEATHER CONDITIONS
 THE FOLLOWING WEATHER WAS RECORDED YESTERDAY.
  NO SIGNIFICANT WEATHER WAS OBSERVED.


RELATIVE HUMIDITY (PERCENT)
 HIGHEST    MM
 LOWEST     MM
 AVERAGE    MM

..........................................................


THE GRAND FORKS UNIV. (NWS) ND CLIMATE NORMALS FOR TODAY
                         NORMAL    RECORD    YEAR
 MAXIMUM TEMPERATURE (F)   72        96      1939
 MINIMUM TEMPERATURE (F)   48        30      1961


SUNRISE AND SUNSET
MAY 29 2015...........SUNRISE   536 AM CDT   SUNSET   916 PM CDT
MAY 30 2015...........SUNRISE   535 AM CDT   SUNSET   917 PM CDT


-  INDICATES NEGATIVE NUMBERS.
R  INDICATES RECORD WAS SET OR TIED.
MM INDICATES DATA IS MISSING.
T  INDICATES TRACE AMOUNT.




$$
