002
CDUS43 KFGF 282150
CLIFGF


CLIMATE REPORT
NATIONAL WEATHER SERVICE EASTERN NORTH DAKOTA/GRAND FORKS
450 PM CDT WED JUN 28 2017


...................................

...THE GRAND FORKS UNIV. (NWS) ND CLIMATE SUMMARY FOR JUNE 28 2017...
VALID TODAY AS OF 0400 PM LOCAL TIME.

CLIMATE NORMAL PERIOD 1981 TO 2010
CLIMATE RECORD PERIOD 1893 TO 2017


WEATHER ITEM   OBSERVED TIME   RECORD YEAR NORMAL DEPARTURE LAST
                VALUE   (LST)  VALUE       VALUE  FROM      YEAR
                                                  NORMAL
..................................................................
TEMPERATURE (F)
 TODAY
  MAXIMUM         66        MM  98    1912  79    -13       79
  MINIMUM         58        MM  36    1895  57      1       50
  AVERAGE         62                        68     -6       65

PRECIPITATION (IN)
  TODAY            3.34R         1.81 1894   0.12   3.22     0.00
  MONTH TO DATE    5.64                      3.49   2.15     3.72
  SINCE JUN 1      5.64                      3.49   2.15     3.72
  SINCE JAN 1     10.21                      9.54   0.67    10.82

SNOWFALL (IN)
  TODAY            0.0           0.0    MM   0.0    0.0      0.0
  MONTH TO DATE    0.0                       0.0    0.0      0.0
  SINCE JUN 1      0.0                       0.0    0.0      0.0
  SINCE JUL 1     49.7                      43.4    6.3     29.6
  SNOW DEPTH       0

DEGREE DAYS
 HEATING
  TODAY            3                         1      2        0
  MONTH TO DATE   46                        80    -34       38
  SINCE JUN 1     46                        80    -34       38
  SINCE JUL 1   8108                      9205  -1097     7770

 COOLING
  TODAY            0                         5     -5        0
  MONTH TO DATE   91                        81     10       81
  SINCE JUN 1     91                        81     10       81
  SINCE JAN 1     91                       107    -16      105
..................................................................


WIND (MPH)
  HIGHEST WIND SPEED    MM   HIGHEST WIND DIRECTION    MM
  HIGHEST GUST SPEED    MM   HIGHEST GUST DIRECTION    MM
  AVERAGE WIND SPEED    MM


SKY COVER
  POSSIBLE SUNSHINE  MM
  AVERAGE SKY COVER  MM


WEATHER CONDITIONS
 THE FOLLOWING WEATHER WAS RECORDED TODAY.
  NO SIGNIFICANT WEATHER WAS OBSERVED.


RELATIVE HUMIDITY (PERCENT)
 HIGHEST    MM
 LOWEST     MM
 AVERAGE    MM

..........................................................


THE GRAND FORKS UNIV. (NWS) ND CLIMATE NORMALS FOR TOMORROW
                         NORMAL    RECORD    YEAR
 MAXIMUM TEMPERATURE (F)   79        98      1931
 MINIMUM TEMPERATURE (F)   57        35      1943


SUNRISE AND SUNSET
JUNE 28 2017..........SUNRISE   532 AM CDT   SUNSET   931 PM CDT
JUNE 29 2017..........SUNRISE   532 AM CDT   SUNSET   931 PM CDT


-  INDICATES NEGATIVE NUMBERS.
R  INDICATES RECORD WAS SET OR TIED.
MM INDICATES DATA IS MISSING.
T  INDICATES TRACE AMOUNT.




$$
