000
CDUS43 KFGF 110644
CLIFGF


CLIMATE REPORT
NATIONAL WEATHER SERVICE EASTERN NORTH DAKOTA/GRAND FORKS
1243 AM CST SUN DEC 11 2016


...................................

...THE GRAND FORKS UNIV. (NWS) ND CLIMATE SUMMARY FOR DECEMBER 10 2016...

CLIMATE NORMAL PERIOD 1981 TO 2010
CLIMATE RECORD PERIOD 1890 TO 2016


WEATHER ITEM   OBSERVED TIME   RECORD YEAR NORMAL DEPARTURE LAST
                VALUE   (LST)  VALUE       VALUE  FROM      YEAR
                                                  NORMAL
..................................................................
TEMPERATURE (F)
 YESTERDAY
  MAXIMUM         -1        MM  48    1974  22    -23       37
  MINIMUM         -7        MM -31    1906   6    -13       31
  AVERAGE         -4                        14    -18       34

PRECIPITATION (IN)
  YESTERDAY        T             0.26 1948   0.02  -0.02     0.14
  MONTH TO DATE    1.00                      0.20   0.80     0.45
  SINCE DEC 1      1.00                      0.20   0.80     0.45
  SINCE JAN 1     30.43                     21.17   9.26    19.86

SNOWFALL (IN)
  YESTERDAY        T             3.2  1948   0.3   -0.3      0.1
  MONTH TO DATE   17.5                       3.0   14.5      2.8
  SINCE DEC 1     17.5                       3.0   14.5      2.8
  SINCE JUL 1     18.4                      10.1    8.3      6.2
  SNOW DEPTH      10

DEGREE DAYS
 HEATING
  YESTERDAY       69                        51     18       31
  MONTH TO DATE  450                       490    -40      353
  SINCE DEC 1    450                       490    -40      353
  SINCE JUL 1   1904                      2584   -680     1962

 COOLING
  YESTERDAY        0                         0      0        0
  MONTH TO DATE    0                         0      0        0
  SINCE DEC 1      0                         0      0        0
  SINCE JAN 1    461                       463     -2      580
..................................................................


WIND (MPH)
  RESULTANT WIND SPEED  MM   RESULTANT WIND DIRECTION  MM
  HIGHEST WIND SPEED    MM   HIGHEST WIND DIRECTION    MM
  HIGHEST GUST SPEED    MM   HIGHEST GUST DIRECTION    MM
  AVERAGE WIND SPEED    MM


SKY COVER
  POSSIBLE SUNSHINE  MM
  AVERAGE SKY COVER  MM


WEATHER CONDITIONS
 THE FOLLOWING WEATHER WAS RECORDED YESTERDAY.
  NO SIGNIFICANT WEATHER WAS OBSERVED.


RELATIVE HUMIDITY (PERCENT)
 HIGHEST    MM
 LOWEST     MM
 AVERAGE    MM

..........................................................


THE GRAND FORKS UNIV. (NWS) ND CLIMATE NORMALS FOR TODAY
                         NORMAL    RECORD    YEAR
 MAXIMUM TEMPERATURE (F)   22        53      1939
 MINIMUM TEMPERATURE (F)    6       -24      1945


SUNRISE AND SUNSET
DECEMBER 11 2016......SUNRISE   808 AM CST   SUNSET   435 PM CST
DECEMBER 12 2016......SUNRISE   809 AM CST   SUNSET   436 PM CST


-  INDICATES NEGATIVE NUMBERS.
R  INDICATES RECORD WAS SET OR TIED.
MM INDICATES DATA IS MISSING.
T  INDICATES TRACE AMOUNT.




$$
