000
CDUS43 KFGF 270639
CLIFGF


CLIMATE REPORT
NATIONAL WEATHER SERVICE EASTERN NORTH DAKOTA/GRAND FORKS
137 AM CDT FRI MAY 27 2016


...................................

...THE GRAND FORKS UNIV. (NWS) ND CLIMATE SUMMARY FOR MAY 26 2016...

CLIMATE NORMAL PERIOD 1981 TO 2010
CLIMATE RECORD PERIOD 1890 TO 2016


WEATHER ITEM   OBSERVED TIME   RECORD YEAR NORMAL DEPARTURE LAST
                VALUE   (LST)  VALUE       VALUE  FROM      YEAR
                                                  NORMAL
..................................................................
TEMPERATURE (F)
 YESTERDAY
  MAXIMUM         73        MM  92    1931  71      2       85
  MINIMUM         56        MM  31    2011  47      9       55
                                      1993
                                      1984
  AVERAGE         65                        59      6       70

PRECIPITATION (IN)
  YESTERDAY        T             1.27 2007   0.11  -0.11     0.00
  MONTH TO DATE    1.91                      2.21  -0.30     4.01
  SINCE MAR 1      4.70                      4.21   0.49     5.03
  SINCE JAN 1      5.35                      5.51  -0.16     5.56

SNOWFALL (IN)
  YESTERDAY        0.0           0.0    MM   0.0    0.0      0.0
  MONTH TO DATE    T                         0.1   -0.1       T
  SINCE MAR 1      2.3                       8.1   -5.8      3.0
  SINCE JUL 1     29.6                      43.4  -13.8     19.3
  SNOW DEPTH       0

DEGREE DAYS
 HEATING
  YESTERDAY        0                         7     -7        0
  MONTH TO DATE  188                       279    -91      302
  SINCE MAR 1   1795                      2134   -339     1906
  SINCE JUL 1   7727                      9094  -1367     8755

 COOLING
  YESTERDAY        0                         1     -1        5
  MONTH TO DATE   21                        21      0        7
  SINCE MAR 1     21                        24     -3        7
  SINCE JAN 1     21                        24     -3        7
..................................................................


WIND (MPH)
  RESULTANT WIND SPEED  MM   RESULTANT WIND DIRECTION  MM
  HIGHEST WIND SPEED    MM   HIGHEST WIND DIRECTION    MM
  HIGHEST GUST SPEED    MM   HIGHEST GUST DIRECTION    MM
  AVERAGE WIND SPEED    MM


SKY COVER
  POSSIBLE SUNSHINE  MM
  AVERAGE SKY COVER  MM


WEATHER CONDITIONS
 THE FOLLOWING WEATHER WAS RECORDED YESTERDAY.
  LIGHT RAIN


RELATIVE HUMIDITY (PERCENT)
 HIGHEST    MM
 LOWEST     MM
 AVERAGE    MM

..........................................................


THE GRAND FORKS UNIV. (NWS) ND CLIMATE NORMALS FOR TODAY
                         NORMAL    RECORD    YEAR
 MAXIMUM TEMPERATURE (F)   72        99      1934
 MINIMUM TEMPERATURE (F)   47        21      1907


SUNRISE AND SUNSET
MAY 27 2016...........SUNRISE   537 AM CDT   SUNSET   915 PM CDT
MAY 28 2016...........SUNRISE   536 AM CDT   SUNSET   916 PM CDT


-  INDICATES NEGATIVE NUMBERS.
R  INDICATES RECORD WAS SET OR TIED.
MM INDICATES DATA IS MISSING.
T  INDICATES TRACE AMOUNT.




$$
