000
CSUS97 KFGF 210635
CLIFGF


CLIMATE REPORT
NATIONAL WEATHER SERVICE EASTERN NORTH DAKOTA/GRAND FORKS
135 AM CDT THU AUG 21 2014


...................................

...THE GRAND FORKS UNIV. (NWS) ND CLIMATE SUMMARY FOR AUGUST 20 2014...

CLIMATE NORMAL PERIOD 1981 TO 2010
CLIMATE RECORD PERIOD 1890 TO 2014


WEATHER ITEM   OBSERVED TIME   RECORD YEAR NORMAL DEPARTURE LAST
                VALUE   (LST)  VALUE       VALUE  FROM      YEAR
                                                  NORMAL
..................................................................
TEMPERATURE (F)
 YESTERDAY
  MAXIMUM         83        MM  99    1976  80      3       96
  MINIMUM         64        MM  32    1907  56      8       65
  AVERAGE         74                        68      6       81

PRECIPITATION (IN)
  YESTERDAY        0.00          2.00   MM   0.11  -0.11     0.06
  MONTH TO DATE    0.87                      2.01  -1.14     0.29
  SINCE JUN 1     11.06                      8.92   2.14     4.67
  SINCE JAN 1     18.05                     14.97   3.08    12.88

SNOWFALL (IN)
  YESTERDAY        0.0           0.3    MM   0.0    0.0      0.0
  MONTH TO DATE    0.0                       0.0    0.0      0.0
  SINCE JUN 1      0.0                       0.0    0.0      0.0
  SINCE JUL 1      0.0                       0.0    0.0      0.0
  SNOW DEPTH       0

DEGREE DAYS
 HEATING
  YESTERDAY        0                         1     -1        0
  MONTH TO DATE    0                        20    -20       35
  SINCE JUN 1     84                       126    -42      134
  SINCE JUL 1     32                        43    -11       59

 COOLING
  YESTERDAY        9                         4      5       16
  MONTH TO DATE  101                       107     -6       62
  SINCE JUN 1    288                       369    -81      358
  SINCE JAN 1    343                       395    -52      367
..................................................................


WIND (MPH)
  RESULTANT WIND SPEED  MM   RESULTANT WIND DIRECTION  MM
  HIGHEST WIND SPEED    MM   HIGHEST WIND DIRECTION    MM
  HIGHEST GUST SPEED    MM   HIGHEST GUST DIRECTION    MM
  AVERAGE WIND SPEED    MM


SKY COVER
  POSSIBLE SUNSHINE  MM
  AVERAGE SKY COVER  MM


WEATHER CONDITIONS
 THE FOLLOWING WEATHER WAS RECORDED YESTERDAY.
  NO SIGNIFICANT WEATHER WAS OBSERVED.


RELATIVE HUMIDITY (PERCENT)
 HIGHEST    MM
 LOWEST     MM
 AVERAGE    MM

..........................................................


THE GRAND FORKS UNIV. (NWS) ND CLIMATE NORMALS FOR TODAY
                         NORMAL    RECORD    YEAR
 MAXIMUM TEMPERATURE (F)   80        97      1947
 MINIMUM TEMPERATURE (F)   56        35      1920


SUNRISE AND SUNSET
AUGUST 21 2014........SUNRISE   632 AM CDT   SUNSET   830 PM CDT
AUGUST 22 2014........SUNRISE   633 AM CDT   SUNSET   829 PM CDT


-  INDICATES NEGATIVE NUMBERS.
R  INDICATES RECORD WAS SET OR TIED.
MM INDICATES DATA IS MISSING.
T  INDICATES TRACE AMOUNT.




$$
