000
CDUS45 KFGZ 020742
CLIFLG
CLIMATE REPORT
NATIONAL WEATHER SERVICE FLAGSTAFF, AZ
1239 AM MST MON MAR 2 2015


...................................

...THE FLAGSTAFF AZ AIRPORT CLIMATE SUMMARY FOR MARCH 1 2015...

CLIMATE NORMAL PERIOD 1981 TO 2010
CLIMATE RECORD PERIOD 1898 TO 2015


WEATHER ITEM   OBSERVED TIME   RECORD YEAR NORMAL DEPARTURE LAST
                VALUE   (LST)  VALUE       VALUE  FROM      YEAR
                                                  NORMAL
..................................................................
TEMPERATURE (F)
 YESTERDAY
  MAXIMUM         40   1137 PM  67    2009  47     -7       43
  MINIMUM         32   1041 AM -10    1997  21     11       32
  AVERAGE         36                        34      2

PRECIPITATION (IN)
  YESTERDAY        1.98          2.81 1970   0.08   1.90     1.09
  MONTH TO DATE    1.98                      0.08   1.90     1.09
  SINCE SEP 1     14.12                     11.96   2.16     8.80
  SINCE JAN 1      6.29                      4.29   2.00     1.69

SNOWFALL (IN)
  YESTERDAY        8.0          26.0  1970   0.7             0.7
  MONTH TO DATE    8.0                       0.7             0.7
  SINCE JUL 1     46.9                      73.9            34.2
  SNOW DEPTH       4

DEGREE DAYS
 HEATING
  YESTERDAY       29                        31     -2       27
  MONTH TO DATE   29                        31     -2       27
  SINCE JUL 1   4079                      4870   -791     4628

 COOLING
  YESTERDAY        0                         0      0        0
  MONTH TO DATE    0                         0      0        0
  SINCE JAN 1      0                         0      0        0
..................................................................


WIND (MPH)
  HIGHEST WIND SPEED    25   HIGHEST WIND DIRECTION    SW (210)
  HIGHEST GUST SPEED    35   HIGHEST GUST DIRECTION     S (200)
  AVERAGE WIND SPEED     7.6


SKY COVER
  POSSIBLE SUNSHINE  MM
  AVERAGE SKY COVER 1.0


WEATHER CONDITIONS
 THE FOLLOWING WEATHER WAS RECORDED YESTERDAY.
  RAIN
  LIGHT RAIN
  LT FREEZING RAIN
  HEAVY SNOW
  SNOW
  LIGHT SNOW
  FOG
  FOG W/VISIBILITY <= 1/4 MILE


RELATIVE HUMIDITY (PERCENT)
 HIGHEST    92           600 AM
 LOWEST     85           600 PM
 AVERAGE    89

..........................................................


THE FLAGSTAFF AZ AIRPORT CLIMATE NORMALS FOR TODAY
                         NORMAL    RECORD    YEAR
 MAXIMUM TEMPERATURE (F)   47        66      2009
 MINIMUM TEMPERATURE (F)   22        -1      1971


SUNRISE AND SUNSET
MARCH  2 2015.........SUNRISE   655 AM MST   SUNSET   623 PM MST
MARCH  3 2015.........SUNRISE   654 AM MST   SUNSET   624 PM MST


-  INDICATES NEGATIVE NUMBERS.
R  INDICATES RECORD WAS SET OR TIED.
MM INDICATES DATA IS MISSING.
T  INDICATES TRACE AMOUNT.




$$


&&

-------------------------------------------------------------------
SNOW DEPTH DATA FOR FLAGSTAFF AIRPORT IS REPORTED AT 5 AM MST


-------------------------------------------------------------------
SUPPLEMENTARY CLIMATE DATA FOR NWS BELLEMONT, ARIZONA

SNOW DEPTH (IN) AT 11 AM........................................12
WATER EQUIVALENT OF SNOW PACK (IN) AT 11 AM*...................1.9
* ONLY MEASURED IF SNOW DEPTH IS 2.0 INCHES OR GREATER
-------------------------------------------------------------------
