000
CDUS45 KFGZ 070055
CLIFLG
CLIMATE REPORT
NATIONAL WEATHER SERVICE FLAGSTAFF, AZ
555 PM MST FRI MAY 6 2016


...................................

...THE FLAGSTAFF AZ AIRPORT CLIMATE SUMMARY FOR MAY 6 2016...
VALID TODAY AS OF 0500 PM LOCAL TIME.

CLIMATE NORMAL PERIOD 1981 TO 2010
CLIMATE RECORD PERIOD 1898 TO 2016


WEATHER ITEM   OBSERVED TIME   RECORD YEAR NORMAL DEPARTURE LAST
                VALUE   (LST)  VALUE       VALUE  FROM      YEAR
                                                  NORMAL
..................................................................
TEMPERATURE (F)
 TODAY
  MAXIMUM         56    139 PM  82    1947  65     -9       59
  MINIMUM         36    509 AM  14    1975  33      3       33
  AVERAGE         46                        49     -3       46

PRECIPITATION (IN)
  TODAY            0.00          0.93 1921   0.02  -0.02     0.00
  MONTH TO DATE    0.70                      0.14   0.56     0.27
  SINCE SEP 1     14.98                     15.29  -0.31    17.23
  SINCE JAN 1      6.15                      7.62  -1.47     9.40

SNOWFALL (IN)
  TODAY            0.0           4.5  1949   0.1   -0.1      0.0
  MONTH TO DATE    1.9                       0.4    1.5      0.0
  SINCE SEP 1     78.3                     101.4  -23.1     57.0
  SNOW DEPTH       0

DEGREE DAYS
 HEATING
  TODAY           19                        16      3       19
  MONTH TO DATE  115                       100     15       83
  SINCE JUL 1   6197                      6456   -259     5483

 COOLING
  TODAY            0                         0      0        0
  MONTH TO DATE    0                         0      0        0
  SINCE JAN 1      0                         0      0        0
..................................................................


WIND (MPH)
  HIGHEST WIND SPEED    33   HIGHEST WIND DIRECTION    SW (210)
  HIGHEST GUST SPEED    47   HIGHEST GUST DIRECTION    SW (220)
  AVERAGE WIND SPEED    17.1


SKY COVER
  POSSIBLE SUNSHINE  MM
  AVERAGE SKY COVER 0.1


WEATHER CONDITIONS
 THE FOLLOWING WEATHER WAS RECORDED TODAY.
  NO SIGNIFICANT WEATHER WAS OBSERVED.


RELATIVE HUMIDITY (PERCENT)
 HIGHEST    52           500 AM
 LOWEST     19           300 PM
 AVERAGE    36

..........................................................


THE FLAGSTAFF AZ AIRPORT CLIMATE NORMALS FOR TOMORROW
                         NORMAL    RECORD    YEAR
 MAXIMUM TEMPERATURE (F)   65        81      1989
 MINIMUM TEMPERATURE (F)   33        15      1938


SUNRISE AND SUNSET
MAY  6 2016...........SUNRISE   530 AM MST   SUNSET   717 PM MST
MAY  7 2016...........SUNRISE   529 AM MST   SUNSET   718 PM MST


-  INDICATES NEGATIVE NUMBERS.
R  INDICATES RECORD WAS SET OR TIED.
MM INDICATES DATA IS MISSING.
T  INDICATES TRACE AMOUNT.




$$
&&

-------------------------------------------------------------------
SNOW DEPTH DATA FOR FLAGSTAFF AIRPORT IS REPORTED AT 5 AM MST


-------------------------------------------------------------------
SUPPLEMENTARY CLIMATE DATA FOR NWS BELLEMONT, ARIZONA

SNOW DEPTH (IN) AT 11 AM........................................0
WATER EQUIVALENT OF SNOW PACK (IN) AT 11 AM*....................
* ONLY MEASURED IF SNOW DEPTH IS 2.0 INCHES OR GREATER
-------------------------------------------------------------------
