000
CDUS45 KFGZ 310106
CLIFLG
CLIMATE REPORT
NATIONAL WEATHER SERVICE FLAGSTAFF, AZ
605 PM MST THU MAR 30 2017


...................................

...THE FLAGSTAFF AZ AIRPORT CLIMATE SUMMARY FOR MARCH 30 2017...
VALID TODAY AS OF 0500 PM LOCAL TIME.

CLIMATE NORMAL PERIOD 1981 TO 2010
CLIMATE RECORD PERIOD 1898 TO 2017


WEATHER ITEM   OBSERVED TIME   RECORD YEAR NORMAL DEPARTURE LAST
                VALUE   (LST)  VALUE       VALUE  FROM      YEAR
                                                  NORMAL
..................................................................
TEMPERATURE (F)
 TODAY
  MAXIMUM         59    237 PM  70    1971  54      5       40
  MINIMUM         26    621 AM   1    1998  25      1       17
  AVERAGE         43                        40      3       29

PRECIPITATION (IN)
  TODAY            0.00          0.84 1970   0.05  -0.05     0.07
  MONTH TO DATE    1.43                      2.07  -0.64     0.37
  SINCE SEP 1     16.93                     13.95   2.98    12.98
  SINCE JAN 1      8.32                      6.28   2.04     4.15

SNOWFALL (IN)
  TODAY            0.0           8.9  1970   0.4   -0.4      0.7
  MONTH TO DATE    8.0                      20.3  -12.3      1.2
  SINCE SEP 1     90.3                      93.5   -3.2     72.9
  SNOW DEPTH       0

DEGREE DAYS
 HEATING
  TODAY           22                        26     -4       36
  MONTH TO DATE  689                       842   -153      730
  SINCE JUL 1   5154                      5681   -527     5417

 COOLING
  TODAY            0                         0      0        0
  MONTH TO DATE    0                         0      0        0
  SINCE JAN 1      0                         0      0        0
..................................................................


WIND (MPH)
  HIGHEST WIND SPEED    38   HIGHEST WIND DIRECTION    SW (220)
  HIGHEST GUST SPEED    51   HIGHEST GUST DIRECTION    SW (220)
  AVERAGE WIND SPEED    11.6


SKY COVER
  POSSIBLE SUNSHINE  MM
  AVERAGE SKY COVER 0.0


WEATHER CONDITIONS
 THE FOLLOWING WEATHER WAS RECORDED TODAY.
  HAZE


RELATIVE HUMIDITY (PERCENT)
 HIGHEST    75           500 AM
 LOWEST     24           300 PM
 AVERAGE    50

..........................................................


THE FLAGSTAFF AZ AIRPORT CLIMATE NORMALS FOR TOMORROW
                         NORMAL    RECORD    YEAR
 MAXIMUM TEMPERATURE (F)   54        73      1966
 MINIMUM TEMPERATURE (F)   26         3      1912


SUNRISE AND SUNSET
MARCH 30 2017.........SUNRISE   616 AM MST   SUNSET   647 PM MST
MARCH 31 2017.........SUNRISE   614 AM MST   SUNSET   648 PM MST


-  INDICATES NEGATIVE NUMBERS.
R  INDICATES RECORD WAS SET OR TIED.
MM INDICATES DATA IS MISSING.
T  INDICATES TRACE AMOUNT.




$$
&&

-------------------------------------------------------------------
SNOW DEPTH DATA FOR FLAGSTAFF AIRPORT IS REPORTED AT 5 AM MST


-------------------------------------------------------------------
SUPPLEMENTARY CLIMATE DATA FOR NWS BELLEMONT, ARIZONA

SNOW DEPTH (IN) AT 11 AM.........................................0
WATER EQUIVALENT OF SNOW PACK (IN) AT 11 AM*...................
* ONLY MEASURED IF SNOW DEPTH IS 2.0 INCHES OR GREATER
-------------------------------------------------------------------
