364
CDUS45 KFGZ 250741
CLIFLG
CLIMATE REPORT
NATIONAL WEATHER SERVICE FLAGSTAFF, AZ
1240 AM MST SUN FEB 25 2018


...................................

...THE FLAGSTAFF AZ AIRPORT CLIMATE SUMMARY FOR FEBRUARY 24 2018...

CLIMATE NORMAL PERIOD 1981 TO 2010
CLIMATE RECORD PERIOD 1898 TO 2018


WEATHER ITEM   OBSERVED TIME   RECORD YEAR NORMAL DEPARTURE LAST
                VALUE   (LST)  VALUE       VALUE  FROM      YEAR
                                                  NORMAL
..................................................................
TEMPERATURE (F)
 YESTERDAY
  MAXIMUM         33    422 PM  66    1904  46    -13       37
  MINIMUM         -3    722 AM  -4    1909  21    -24       14
  AVERAGE         15                        33    -18

PRECIPITATION (IN)
  YESTERDAY        0.00          1.19 1987   0.08  -0.08     0.00
  MONTH TO DATE    1.91                      1.84   0.07     0.72
  SINCE SEP 1      4.05                     11.56  -7.51    13.89
  SINCE JAN 1      3.62                      3.89  -0.27     5.28

SNOWFALL (IN)
  YESTERDAY        1.0          21.1  1987   0.7             0.0
  MONTH TO DATE   15.5                      18.2             1.9
  SINCE JUL 1     26.8                      70.5            66.0
  SNOW DEPTH       7

DEGREE DAYS
 HEATING
  YESTERDAY       50                        32     18       39
  MONTH TO DATE  748                       797    -49      671
  SINCE JUL 1   3985                      4713   -728     4324

 COOLING
  YESTERDAY        0                         0      0        0
  MONTH TO DATE    0                         0      0        0
  SINCE JAN 1      0                         0      0        0
..................................................................


WIND (MPH)
  HIGHEST WIND SPEED    17   HIGHEST WIND DIRECTION    SW (220)
  HIGHEST GUST SPEED    23   HIGHEST GUST DIRECTION    SW (230)
  AVERAGE WIND SPEED     7.1


SKY COVER
  POSSIBLE SUNSHINE  MM
  AVERAGE SKY COVER 0.0


WEATHER CONDITIONS
 THE FOLLOWING WEATHER WAS RECORDED YESTERDAY.
  HAZE


RELATIVE HUMIDITY (PERCENT)
 HIGHEST   100           800 AM
 LOWEST     31           500 PM
 AVERAGE    66

..........................................................


THE FLAGSTAFF AZ AIRPORT CLIMATE NORMALS FOR TODAY
                         NORMAL    RECORD    YEAR
 MAXIMUM TEMPERATURE (F)   46        70      1986
 MINIMUM TEMPERATURE (F)   21       -10      1919


SUNRISE AND SUNSET
FEBRUARY 25 2018......SUNRISE   701 AM MST   SUNSET   619 PM MST
FEBRUARY 26 2018......SUNRISE   700 AM MST   SUNSET   620 PM MST


-  INDICATES NEGATIVE NUMBERS.
R  INDICATES RECORD WAS SET OR TIED.
MM INDICATES DATA IS MISSING.
T  INDICATES TRACE AMOUNT.




$$
&&

-------------------------------------------------------------------
SNOW DEPTH DATA FOR FLAGSTAFF AIRPORT IS REPORTED AT 5 AM MST
