000
CDUS45 KFGZ 250805
CLIFLG
CLIMATE REPORT
NATIONAL WEATHER SERVICE FLAGSTAFF, AZ
104 AM MST SAT NOV 25 2017


...................................

...THE FLAGSTAFF AZ AIRPORT CLIMATE SUMMARY FOR NOVEMBER 24 2017...

CLIMATE NORMAL PERIOD 1981 TO 2010
CLIMATE RECORD PERIOD 1898 TO 2017


WEATHER ITEM   OBSERVED TIME   RECORD YEAR NORMAL DEPARTURE LAST
                VALUE   (LST)  VALUE       VALUE  FROM      YEAR
                                                  NORMAL
..................................................................
TEMPERATURE (F)
 YESTERDAY
  MAXIMUM         69R   300 PM  68    1970  47     22       43
                                      1933
  MINIMUM         28    559 AM  -7    1902  20      8       22
  AVERAGE         49                        34     15

PRECIPITATION (IN)
  YESTERDAY        0.00          0.55 1918   0.07  -0.07     0.00
  MONTH TO DATE    0.01                      1.40  -1.39     1.54
  SINCE SEP 1      0.43                      5.44  -5.01     3.75
  SINCE JAN 1     18.01                     19.63  -1.62    20.94

SNOWFALL (IN)
  YESTERDAY        0.0          15.5  1906   0.5             0.0
  MONTH TO DATE    0.0                       7.6              T
  SINCE JUL 1      0.0                       9.1              T
  SNOW DEPTH       0

DEGREE DAYS
 HEATING
  YESTERDAY       16                        31    -15       32
  MONTH TO DATE  501                       655   -154      557
  SINCE JUL 1   1265                      1538   -273     1334

 COOLING
  YESTERDAY        0                         0      0        0
  MONTH TO DATE    0                         0      0        0
  SINCE JAN 1    184                       117     67      131
..................................................................


WIND (MPH)
  HIGHEST WIND SPEED    20   HIGHEST WIND DIRECTION    SW (230)
  HIGHEST GUST SPEED    26   HIGHEST GUST DIRECTION    SW (220)
  AVERAGE WIND SPEED     5.3


SKY COVER
  POSSIBLE SUNSHINE  MM
  AVERAGE SKY COVER 0.0


WEATHER CONDITIONS
 THE FOLLOWING WEATHER WAS RECORDED YESTERDAY.
  NO SIGNIFICANT WEATHER WAS OBSERVED.


RELATIVE HUMIDITY (PERCENT)
 HIGHEST    78           100 AM
 LOWEST     11           200 PM
 AVERAGE    45

..........................................................


THE FLAGSTAFF AZ AIRPORT CLIMATE NORMALS FOR TODAY
                         NORMAL    RECORD    YEAR
 MAXIMUM TEMPERATURE (F)   47        70      1949
 MINIMUM TEMPERATURE (F)   20        -8      1906


SUNRISE AND SUNSET
NOVEMBER 25 2017......SUNRISE   711 AM MST   SUNSET   516 PM MST
NOVEMBER 26 2017......SUNRISE   712 AM MST   SUNSET   516 PM MST


-  INDICATES NEGATIVE NUMBERS.
R  INDICATES RECORD WAS SET OR TIED.
MM INDICATES DATA IS MISSING.
T  INDICATES TRACE AMOUNT.




$$
&&

-------------------------------------------------------------------
SNOW DEPTH DATA FOR FLAGSTAFF AIRPORT IS REPORTED AT 5 AM MST


-------------------------------------------------------------------
SUPPLEMENTARY CLIMATE DATA FOR NWS BELLEMONT, ARIZONA

SNOW DEPTH (IN) AT 11 AM...................................0.0
WATER EQUIVALENT OF SNOW PACK (IN) AT 11 AM*...............
* ONLY MEASURED IF SNOW DEPTH IS 2.0 INCHES OR GREATER
-------------------------------------------------------------------
