000
CDUS42 KMFL 222120
CLIFLL


CLIMATE REPORT
NATIONAL WEATHER SERVICE MIAMI, FL
419 PM EST WED FEB 22 2017


...................................

...THE FORT LAUDERDALE CLIMATE SUMMARY FOR FEBRUARY 22 2017...
VALID TODAY AS OF 0400 PM LOCAL TIME.

CLIMATE NORMAL PERIOD 1981 TO 2010
CLIMATE RECORD PERIOD 1912 TO 2017


WEATHER ITEM   OBSERVED TIME   RECORD YEAR NORMAL DEPARTURE LAST
                VALUE   (LST)  VALUE       VALUE  FROM      YEAR
                                                  NORMAL
..................................................................
TEMPERATURE (F)
 TODAY
  MAXIMUM         76   1109 AM  87    2011  78     -2       80
                                      1974
  MINIMUM         65    229 PM  40    1973  65      0       69
                                      1940
  AVERAGE         71                        71      0       75

PRECIPITATION (IN)
  TODAY            1.25R         1.08 1967   0.09   1.16     0.00
  MONTH TO DATE    1.38                      2.39  -1.01     3.18
  SINCE NOV 1      7.72                     11.72  -4.00    21.81
  SINCE JAN 1      3.09                      6.02  -2.93    10.59

SNOWFALL (IN)
  TODAY            0.0
  MONTH TO DATE    0.0
  SINCE DEC 1      0.0
  SINCE JUL 1      0.0
  SNOW DEPTH       0

DEGREE DAYS
 HEATING
  TODAY            0                         1     -1        0
  MONTH TO DATE    0                        22    -22       33
  SINCE DEC 1     29                       100    -71       78
  SINCE JUL 1     29                       102    -73       78

 COOLING
  TODAY            6                         7     -1       10
  MONTH TO DATE  179                       145     34      104
  SINCE DEC 1    735                       531    204      625
  SINCE JAN 1    392                       315     77      228
..................................................................


WIND (MPH)
  HIGHEST WIND SPEED    24   HIGHEST WIND DIRECTION    SE (130)
  HIGHEST GUST SPEED    33   HIGHEST GUST DIRECTION    SE (130)
  AVERAGE WIND SPEED    16.3


SKY COVER
  AVERAGE SKY COVER 0.9


WEATHER CONDITIONS
 THE FOLLOWING WEATHER WAS RECORDED TODAY.
  HEAVY RAIN
  RAIN
  LIGHT RAIN
  FOG


RELATIVE HUMIDITY (PERCENT)
 HIGHEST    93
 LOWEST     64
 AVERAGE    79

..........................................................


THE FORT LAUDERDALE CLIMATE NORMALS FOR TOMORROW
                         NORMAL    RECORD    YEAR
 MAXIMUM TEMPERATURE (F)   78        89      2008
                                             1913
 MINIMUM TEMPERATURE (F)   65        42      1978
                                             1940


SUNRISE AND SUNSET
FEBRUARY 22 2017......SUNRISE   650 AM EST   SUNSET   618 PM EST
FEBRUARY 23 2017......SUNRISE   649 AM EST   SUNSET   619 PM EST


-  INDICATES NEGATIVE NUMBERS.
R  INDICATES RECORD WAS SET OR TIED.
MM INDICATES DATA IS MISSING.
T  INDICATES TRACE AMOUNT.




$$
