000
CDUS42 KMFL 310834
CLIFLL


CLIMATE REPORT
NATIONAL WEATHER SERVICE MIAMI, FL
434 AM EDT THU JUL 31 2014


...................................

...THE FORT LAUDERDALE CLIMATE SUMMARY FOR JULY 30 2014...

CLIMATE NORMAL PERIOD 1981 TO 2010
CLIMATE RECORD PERIOD 1839 TO 2014


WEATHER ITEM   OBSERVED TIME   RECORD YEAR NORMAL DEPARTURE LAST
                VALUE   (LST)  VALUE       VALUE  FROM      YEAR
                                                  NORMAL
..................................................................
TEMPERATURE (F)
 YESTERDAY
  MAXIMUM         92    228 PM  97    1999  91      1       88
  MINIMUM         76    415 PM  69    1928  79     -3       78
  AVERAGE         84                        85     -1       83

PRECIPITATION (IN)
  YESTERDAY        0.08          2.50 1933   0.18  -0.10     0.21
  MONTH TO DATE    9.18                      5.80   3.38    15.49
  SINCE JUN 1     17.82                     15.96   1.86    30.21
  SINCE JAN 1     38.42                     33.45   4.97    54.99

SNOWFALL (IN)
  YESTERDAY        0.0
  MONTH TO DATE    0.0
  SINCE JUN 1      0.0
  SINCE JUL 1      0.0
  SNOW DEPTH       0

DEGREE DAYS
 HEATING
  YESTERDAY        0                         0      0        0
  MONTH TO DATE    0                         0      0        0
  SINCE JUN 1      0                         0      0        0
  SINCE JUL 1      0                         0      0        0

 COOLING
  YESTERDAY       19                        20     -1       18
  MONTH TO DATE  593                       581     12      505
  SINCE JUN 1   1109                      1124    -15     1049
  SINCE JAN 1   2644                      2542    102     2445
..................................................................


WIND (MPH)
  HIGHEST WIND SPEED    23   HIGHEST WIND DIRECTION    SE (150)
  HIGHEST GUST SPEED    27   HIGHEST GUST DIRECTION     S (160)
  AVERAGE WIND SPEED     6.4


SKY COVER
  AVERAGE SKY COVER 0.7


WEATHER CONDITIONS
 THE FOLLOWING WEATHER WAS RECORDED YESTERDAY.
  THUNDERSTORM
  LIGHT RAIN
  FOG


RELATIVE HUMIDITY (PERCENT)
 HIGHEST    85
 LOWEST     63
 AVERAGE    74

..........................................................


THE FORT LAUDERDALE CLIMATE NORMALS FOR TODAY
                         NORMAL    RECORD    YEAR
 MAXIMUM TEMPERATURE (F)   91        96      1986
                                             1915
 MINIMUM TEMPERATURE (F)   79        68      1978


SUNRISE AND SUNSET
JULY 31 2014..........SUNRISE   646 AM EDT   SUNSET   808 PM EDT
AUGUST  1 2014........SUNRISE   646 AM EDT   SUNSET   807 PM EDT


-  INDICATES NEGATIVE NUMBERS.
R  INDICATES RECORD WAS SET OR TIED.
MM INDICATES DATA IS MISSING.
T  INDICATES TRACE AMOUNT.




$$
