000
CDUS42 KMFL 192117
CLIFLL


CLIMATE REPORT
NATIONAL WEATHER SERVICE MIAMI, FL
417 PM EST FRI JAN 19 2018


...................................

...THE FORT LAUDERDALE CLIMATE SUMMARY FOR JANUARY 19 2018...
VALID TODAY AS OF 0400 PM LOCAL TIME.

CLIMATE NORMAL PERIOD 1981 TO 2010
CLIMATE RECORD PERIOD 1912 TO 2018


WEATHER ITEM   OBSERVED TIME   RECORD YEAR NORMAL DEPARTURE LAST
                VALUE   (LST)  VALUE       VALUE  FROM      YEAR
                                                  NORMAL
..................................................................
TEMPERATURE (F)
 TODAY
  MAXIMUM         69    159 PM  87    1936  76     -7       80
  MINIMUM         47    719 AM  28    1977  62    -15       63
  AVERAGE         58                        69    -11       72

PRECIPITATION (IN)
  TODAY            0.00          2.90 1942   0.12  -0.12     0.00
  MONTH TO DATE    2.09                      1.61   0.48     0.65
  SINCE NOV 1      8.72                      7.31   1.41     5.28
  SINCE JAN 1      2.09                      1.61   0.48     0.65

SNOWFALL (IN)
  TODAY            0.0
  MONTH TO DATE    0.0
  SINCE DEC 1      0.0
  SINCE JUL 1      0.0
  SNOW DEPTH       0

DEGREE DAYS
 HEATING
  TODAY            7                         1      6        0
  MONTH TO DATE   79                        35     44       11
  SINCE DEC 1    119                        65     54       13
  SINCE JUL 1    121                        67     54       13

 COOLING
  TODAY            0                         5     -5        7
  MONTH TO DATE   46                       104    -58      150
  SINCE DEC 1    253                       320    -67      493
  SINCE JAN 1     46                       104    -58      150
..................................................................


WIND (MPH)
  HIGHEST WIND SPEED    15   HIGHEST WIND DIRECTION     E (70)
  HIGHEST GUST SPEED    21   HIGHEST GUST DIRECTION     E (80)
  AVERAGE WIND SPEED     8.2


SKY COVER
  AVERAGE SKY COVER 0.8


WEATHER CONDITIONS
 THE FOLLOWING WEATHER WAS RECORDED TODAY.
  NO SIGNIFICANT WEATHER WAS OBSERVED.


RELATIVE HUMIDITY (PERCENT)
 HIGHEST   100
 LOWEST     57
 AVERAGE    79

..........................................................


THE FORT LAUDERDALE CLIMATE NORMALS FOR TOMORROW
                         NORMAL    RECORD    YEAR
 MAXIMUM TEMPERATURE (F)   76        88      1947
 MINIMUM TEMPERATURE (F)   62        28      1977


SUNRISE AND SUNSET
JANUARY 19 2018.......SUNRISE   709 AM EST   SUNSET   554 PM EST
JANUARY 20 2018.......SUNRISE   709 AM EST   SUNSET   555 PM EST


-  INDICATES NEGATIVE NUMBERS.
R  INDICATES RECORD WAS SET OR TIED.
MM INDICATES DATA IS MISSING.
T  INDICATES TRACE AMOUNT.




$$
