000
CDUS42 KMFL 270836
CLIFLL


CLIMATE REPORT
NATIONAL WEATHER SERVICE MIAMI, FL
435 AM EDT TUE SEP 27 2016


...................................

...THE FORT LAUDERDALE CLIMATE SUMMARY FOR SEPTEMBER 26 2016...

CLIMATE NORMAL PERIOD 1981 TO 2010
CLIMATE RECORD PERIOD 1912 TO 2016


WEATHER ITEM   OBSERVED TIME   RECORD YEAR NORMAL DEPARTURE LAST
                VALUE   (LST)  VALUE       VALUE  FROM      YEAR
                                                  NORMAL
..................................................................
TEMPERATURE (F)
 YESTERDAY
  MAXIMUM         87   1126 AM  94    1940  88     -1       87
  MINIMUM         79    813 AM  61    1965  77      2       77
  AVERAGE         83                        83      0       82

PRECIPITATION (IN)
  YESTERDAY        0.00          2.40 1917   0.27  -0.27     0.01
  MONTH TO DATE    2.92                      7.56  -4.64     9.77
  SINCE JUN 1     21.55                     31.14  -9.59    19.64
  SINCE JAN 1     40.50                     48.63  -8.13    33.69

SNOWFALL (IN)
  YESTERDAY        0.0
  MONTH TO DATE    0.0
  SINCE SEP 1      0.0
  SINCE JUL 1      0.0
  SNOW DEPTH       0

DEGREE DAYS
 HEATING
  YESTERDAY        0                         0      0        0
  MONTH TO DATE    0                         0      0        0
  SINCE SEP 1      0                         0      0        0
  SINCE JUL 1      0                         0      0        0

 COOLING
  YESTERDAY       18                        18      0       17
  MONTH TO DATE  479                       474      5      465
  SINCE SEP 1    479                       474      5      465
  SINCE JAN 1   3680                      3640     40     3796
..................................................................


WIND (MPH)
  HIGHEST WIND SPEED    12   HIGHEST WIND DIRECTION     W (250)
  HIGHEST GUST SPEED    14   HIGHEST GUST DIRECTION    SE (140)
  AVERAGE WIND SPEED     4.5


SKY COVER
  AVERAGE SKY COVER 0.8


WEATHER CONDITIONS
 THE FOLLOWING WEATHER WAS RECORDED YESTERDAY.
  THUNDERSTORM


RELATIVE HUMIDITY (PERCENT)
 HIGHEST    91
 LOWEST     63
 AVERAGE    77

..........................................................


THE FORT LAUDERDALE CLIMATE NORMALS FOR TODAY
                         NORMAL    RECORD    YEAR
 MAXIMUM TEMPERATURE (F)   88        93      1931
                                             1921
 MINIMUM TEMPERATURE (F)   77        67      1935


SUNRISE AND SUNSET
SEPTEMBER 27 2016.....SUNRISE   711 AM EDT   SUNSET   711 PM EDT
SEPTEMBER 28 2016.....SUNRISE   712 AM EDT   SUNSET   710 PM EDT


-  INDICATES NEGATIVE NUMBERS.
R  INDICATES RECORD WAS SET OR TIED.
MM INDICATES DATA IS MISSING.
T  INDICATES TRACE AMOUNT.




$$
