000
CDUS42 KMFL 300821
CLIFLL


CLIMATE REPORT
NATIONAL WEATHER SERVICE MIAMI, FL
420 AM EDT SAT JUL 30 2016


...................................

...THE FORT LAUDERDALE CLIMATE SUMMARY FOR JULY 29 2016...

CLIMATE NORMAL PERIOD 1981 TO 2010
CLIMATE RECORD PERIOD 1912 TO 2016


WEATHER ITEM   OBSERVED TIME   RECORD YEAR NORMAL DEPARTURE LAST
                VALUE   (LST)  VALUE       VALUE  FROM      YEAR
                                                  NORMAL
..................................................................
TEMPERATURE (F)
 YESTERDAY
  MAXIMUM         90    237 PM  96    2014  91     -1       94
                                      1990
  MINIMUM         82   1159 PM  68    1924  79      3       79
  AVERAGE         86                        85      1       87

PRECIPITATION (IN)
  YESTERDAY        0.33          2.40 1993   0.17   0.16      T
  MONTH TO DATE    2.37                      5.62  -3.25     2.70
  SINCE JUN 1     11.42                     15.78  -4.36     3.79
  SINCE JAN 1     30.37                     33.27  -2.90    17.84

SNOWFALL (IN)
  YESTERDAY        0.0
  MONTH TO DATE    0.0
  SINCE JUN 1      0.0
  SINCE JUL 1      0.0
  SNOW DEPTH       0

DEGREE DAYS
 HEATING
  YESTERDAY        0                         0      0        0
  MONTH TO DATE    0                         0      0        0
  SINCE JUN 1      0                         0      0        0
  SINCE JUL 1      0                         0      0        0

 COOLING
  YESTERDAY       21                        20      1       22
  MONTH TO DATE  592                       561     31      581
  SINCE JUN 1   1153                      1104     49     1143
  SINCE JAN 1   2567                      2522     45     2679
..................................................................


WIND (MPH)
  HIGHEST WIND SPEED    16   HIGHEST WIND DIRECTION    SE (120)
  HIGHEST GUST SPEED    20   HIGHEST GUST DIRECTION    SE (130)
  AVERAGE WIND SPEED     5.0


SKY COVER
  AVERAGE SKY COVER 0.5


WEATHER CONDITIONS
 THE FOLLOWING WEATHER WAS RECORDED YESTERDAY.
  HEAVY RAIN
  RAIN
  HAZE


RELATIVE HUMIDITY (PERCENT)
 HIGHEST    88
 LOWEST     61
 AVERAGE    75

..........................................................


THE FORT LAUDERDALE CLIMATE NORMALS FOR TODAY
                         NORMAL    RECORD    YEAR
 MAXIMUM TEMPERATURE (F)   91        96      1915
 MINIMUM TEMPERATURE (F)   79        69      1928


SUNRISE AND SUNSET
JULY 30 2016..........SUNRISE   646 AM EDT   SUNSET   808 PM EDT
JULY 31 2016..........SUNRISE   646 AM EDT   SUNSET   807 PM EDT


-  INDICATES NEGATIVE NUMBERS.
R  INDICATES RECORD WAS SET OR TIED.
MM INDICATES DATA IS MISSING.
T  INDICATES TRACE AMOUNT.




$$
