000
CDUS42 KMFL 292016
CLIFLL


CLIMATE REPORT
NATIONAL WEATHER SERVICE MIAMI, FL
415 PM EDT MON AUG 29 2016


...................................

...THE FORT LAUDERDALE CLIMATE SUMMARY FOR AUGUST 29 2016...
VALID TODAY AS OF 0400 PM LOCAL TIME.

CLIMATE NORMAL PERIOD 1981 TO 2010
CLIMATE RECORD PERIOD 1912 TO 2016


WEATHER ITEM   OBSERVED TIME   RECORD YEAR NORMAL DEPARTURE LAST
                VALUE   (LST)  VALUE       VALUE  FROM      YEAR
                                                  NORMAL
..................................................................
TEMPERATURE (F)
 TODAY
  MAXIMUM         87    222 PM  96    1944  90     -3       91
  MINIMUM         76    541 AM  69    1930  78     -2       80
                                      1920
  AVERAGE         82                        84     -2       86

PRECIPITATION (IN)
  TODAY            0.18          4.80 1953   0.27  -0.09     0.12
  MONTH TO DATE    5.35                      6.89  -1.54     5.03
  SINCE JUN 1     16.81                     23.03  -6.22     9.15
  SINCE JAN 1     35.76                     40.52  -4.76    23.20

SNOWFALL (IN)
  TODAY            0.0
  MONTH TO DATE    0.0
  SINCE JUN 1      0.0
  SINCE JUL 1      0.0
  SNOW DEPTH       0

DEGREE DAYS
 HEATING
  TODAY            0                         0      0        0
  MONTH TO DATE    0                         0      0        0
  SINCE JUN 1      0                         0      0        0
  SINCE JUL 1      0                         0      0        0

 COOLING
  TODAY           17                        19     -2       21
  MONTH TO DATE  565                       570     -5      579
  SINCE JUN 1   1760                      1711     49     1763
  SINCE JAN 1   3174                      3129     45     3299
..................................................................


WIND (MPH)
  HIGHEST WIND SPEED    21   HIGHEST WIND DIRECTION    SE (130)
  HIGHEST GUST SPEED    24   HIGHEST GUST DIRECTION    SE (120)
  AVERAGE WIND SPEED     9.7


SKY COVER
  AVERAGE SKY COVER 0.6


WEATHER CONDITIONS
 THE FOLLOWING WEATHER WAS RECORDED TODAY.
  LIGHT RAIN
  FOG


RELATIVE HUMIDITY (PERCENT)
 HIGHEST   100
 LOWEST     63
 AVERAGE    82

..........................................................


THE FORT LAUDERDALE CLIMATE NORMALS FOR TOMORROW
                         NORMAL    RECORD    YEAR
 MAXIMUM TEMPERATURE (F)   90        98      1964
 MINIMUM TEMPERATURE (F)   78        68      1969
                                             1930


SUNRISE AND SUNSET
AUGUST 29 2016........SUNRISE   700 AM EDT   SUNSET   743 PM EDT
AUGUST 30 2016........SUNRISE   700 AM EDT   SUNSET   742 PM EDT


-  INDICATES NEGATIVE NUMBERS.
R  INDICATES RECORD WAS SET OR TIED.
MM INDICATES DATA IS MISSING.
T  INDICATES TRACE AMOUNT.




$$
