383
CDUS42 KMFL 240822
CLIFLL


CLIMATE REPORT
NATIONAL WEATHER SERVICE MIAMI, FL
422 AM EDT TUE OCT 24 2017


...................................

...THE FORT LAUDERDALE CLIMATE SUMMARY FOR OCTOBER 23 2017...

CLIMATE NORMAL PERIOD 1981 TO 2010
CLIMATE RECORD PERIOD 1912 TO 2017


WEATHER ITEM   OBSERVED TIME   RECORD YEAR NORMAL DEPARTURE LAST
                VALUE   (LST)  VALUE       VALUE  FROM      YEAR
                                                  NORMAL
..................................................................
TEMPERATURE (F)
 YESTERDAY
  MAXIMUM         86   1242 PM  92    2006  85      1       81
  MINIMUM         79   1159 PM  53    1925  74      5       64
  AVERAGE         83                        80      3       73

PRECIPITATION (IN)
  YESTERDAY        0.00          2.53 1933   0.17  -0.17     0.00
  MONTH TO DATE    3.34                      5.47  -2.13     3.21
  SINCE JUN 1     47.41                     37.64   9.77    26.61
  SINCE JAN 1     59.01                     55.13   3.88    45.56

SNOWFALL (IN)
  YESTERDAY        0.0
  MONTH TO DATE    0.0
  SINCE SEP 1      0.0
  SINCE JUL 1      0.0
  SNOW DEPTH       0

DEGREE DAYS
 HEATING
  YESTERDAY        0                         0      0        0
  MONTH TO DATE    0                         0      0        0
  SINCE SEP 1      0                         0      0        0
  SINCE JUL 1      0                         0      0        0

 COOLING
  YESTERDAY       18                        14      4        8
  MONTH TO DATE  410                       372     38      363
  SINCE SEP 1    981                       918     63      910
  SINCE JAN 1   4308                      4084    224     4111
..................................................................


WIND (MPH)
  HIGHEST WIND SPEED    22   HIGHEST WIND DIRECTION    SE (130)
  HIGHEST GUST SPEED    27   HIGHEST GUST DIRECTION    SE (140)
  AVERAGE WIND SPEED    14.6


SKY COVER
  AVERAGE SKY COVER 0.6


WEATHER CONDITIONS
 THE FOLLOWING WEATHER WAS RECORDED YESTERDAY.
  NO SIGNIFICANT WEATHER WAS OBSERVED.


RELATIVE HUMIDITY (PERCENT)
 HIGHEST    91
 LOWEST     74
 AVERAGE    83

..........................................................


THE FORT LAUDERDALE CLIMATE NORMALS FOR TODAY
                         NORMAL    RECORD    YEAR
 MAXIMUM TEMPERATURE (F)   85        91      1922
 MINIMUM TEMPERATURE (F)   74        44      1923


SUNRISE AND SUNSET
OCTOBER 24 2017.......SUNRISE   725 AM EDT   SUNSET   645 PM EDT
OCTOBER 25 2017.......SUNRISE   725 AM EDT   SUNSET   644 PM EDT


-  INDICATES NEGATIVE NUMBERS.
R  INDICATES RECORD WAS SET OR TIED.
MM INDICATES DATA IS MISSING.
T  INDICATES TRACE AMOUNT.




$$
