000
CDUS42 KILM 050840
CLIFLO


CLIMATE REPORT
NATIONAL WEATHER SERVICE WILMINGTON NC
440 AM EDT THU MAY 5 2016


...................................

...THE FLORENCE SC CLIMATE SUMMARY FOR MAY 4 2016...

CLIMATE NORMAL PERIOD 1981 TO 2010
CLIMATE RECORD PERIOD 1948 TO 2016


WEATHER ITEM   OBSERVED TIME   RECORD YEAR NORMAL DEPARTURE LAST
                VALUE   (LST)  VALUE       VALUE  FROM      YEAR
                                                  NORMAL
..................................................................
TEMPERATURE (F)
 YESTERDAY
  MAXIMUM         78    446 PM  91    1981  80     -2       83
  MINIMUM         64   1159 PM  38    1971  56      8       55
  AVERAGE         71                        68      3       69

PRECIPITATION (IN)
  YESTERDAY        0.00          1.51 1957   0.09  -0.09     0.00
  MONTH TO DATE    1.33                      0.35   0.98      T
  SINCE MAR 1      8.30                      6.30   2.00     6.80
  SINCE JAN 1     15.76                     12.45   3.31    13.73

DEGREE DAYS
 HEATING
  YESTERDAY        0                         2     -2        0
  MONTH TO DATE    0                         8     -8        1
  SINCE MAR 1    278                       442   -164      306
  SINCE JUL 1   1938                      2508   -570     2544

 COOLING
  YESTERDAY        6                         4      2        4
  MONTH TO DATE   34                        16     18        5
  SINCE MAR 1    165                       106     59      119
  SINCE JAN 1    166                       112     54      122
..................................................................


WIND (MPH)
  HIGHEST WIND SPEED    15   HIGHEST WIND DIRECTION     W (260)
  HIGHEST GUST SPEED    20   HIGHEST GUST DIRECTION     W (260)
  AVERAGE WIND SPEED     6.7


SKY COVER
  POSSIBLE SUNSHINE  MM
  AVERAGE SKY COVER 0.5


WEATHER CONDITIONS
 THE FOLLOWING WEATHER WAS RECORDED YESTERDAY.
  NO SIGNIFICANT WEATHER WAS OBSERVED.


RELATIVE HUMIDITY (PERCENT)
 HIGHEST    93           600 AM
 LOWEST     38           600 PM
 AVERAGE    66

..........................................................


THE FLORENCE SC CLIMATE NORMALS FOR TODAY
                         NORMAL    RECORD    YEAR
 MAXIMUM TEMPERATURE (F)   80        93      1981
 MINIMUM TEMPERATURE (F)   56        41      1997


SUNRISE AND SUNSET
MAY  5 2016...........SUNRISE   625 AM EDT   SUNSET   806 PM EDT
MAY  6 2016...........SUNRISE   624 AM EDT   SUNSET   807 PM EDT


-  INDICATES NEGATIVE NUMBERS.
R  INDICATES RECORD WAS SET OR TIED.
MM INDICATES DATA IS MISSING.
T  INDICATES TRACE AMOUNT.




$$
