000
CDUS42 KILM 192146
CLIFLO


CLIMATE REPORT
NATIONAL WEATHER SERVICE WILMINGTON NC
446 PM EST THU JAN 19 2017


...................................

...THE FLORENCE SC CLIMATE SUMMARY FOR JANUARY 19 2017...
VALID TODAY AS OF 0400 PM LOCAL TIME.

CLIMATE NORMAL PERIOD 1981 TO 2010
CLIMATE RECORD PERIOD 1948 TO 2017


WEATHER ITEM   OBSERVED TIME   RECORD YEAR NORMAL DEPARTURE LAST
                VALUE   (LST)  VALUE       VALUE  FROM      YEAR
                                                  NORMAL
..................................................................
TEMPERATURE (F)
 TODAY
  MAXIMUM         69    359 PM  78    2001  55     14       38
  MINIMUM         43    722 AM  12    1994  35      8       19
  AVERAGE         56                        45     11       29

PRECIPITATION (IN)
  TODAY            0.00          1.44 1978   0.10  -0.10     0.00
  MONTH TO DATE    2.13                      2.00   0.13     0.81
  SINCE DEC 1      6.70                      5.01   1.69     7.90
  SINCE JAN 1      2.13                      2.00   0.13     0.81

SNOWFALL (IN)
  TODAY           MM
  MONTH TO DATE   MM
  SINCE DEC 1     MM
  SINCE JUL 1     MM
  SNOW DEPTH      MM

DEGREE DAYS
 HEATING
  TODAY            9                        20    -11       36
  MONTH TO DATE  250                       387   -137      409
  SINCE DEC 1    745                       944   -199      630
  SINCE JUL 1   1058                      1366   -308      894

 COOLING
  TODAY            0                         0      0        0
  MONTH TO DATE    0                         0      0        0
  SINCE DEC 1      4                         4      0       57
  SINCE JAN 1      0                         0      0        0
..................................................................


WIND (MPH)
  HIGHEST WIND SPEED    10   HIGHEST WIND DIRECTION    NE (30)
  HIGHEST GUST SPEED    15   HIGHEST GUST DIRECTION     W (280)
  AVERAGE WIND SPEED     4.8


SKY COVER
  POSSIBLE SUNSHINE  MM
  AVERAGE SKY COVER 0.0


WEATHER CONDITIONS
 THE FOLLOWING WEATHER WAS RECORDED TODAY.
  NO SIGNIFICANT WEATHER WAS OBSERVED.


RELATIVE HUMIDITY (PERCENT)
 HIGHEST    80          1200 AM
 LOWEST     37           400 PM
 AVERAGE    59

..........................................................


THE FLORENCE SC CLIMATE NORMALS FOR TOMORROW
                         NORMAL    RECORD    YEAR
 MAXIMUM TEMPERATURE (F)   55        75      1999
 MINIMUM TEMPERATURE (F)   35         7      1985


SUNRISE AND SUNSET
JANUARY 19 2017.......SUNRISE   723 AM EST   SUNSET   537 PM EST
JANUARY 20 2017.......SUNRISE   723 AM EST   SUNSET   537 PM EST


-  INDICATES NEGATIVE NUMBERS.
R  INDICATES RECORD WAS SET OR TIED.
MM INDICATES DATA IS MISSING.
T  INDICATES TRACE AMOUNT.




$$
