000
CDUS42 KILM 312100
CLIFLO


CLIMATE REPORT
NATIONAL WEATHER SERVICE WILMINGTON NC
500 PM EDT TUE MAY 31 2016


...................................

...THE FLORENCE SC CLIMATE SUMMARY FOR MAY 31 2016...
VALID TODAY AS OF 0400 PM LOCAL TIME.

CLIMATE NORMAL PERIOD 1981 TO 2010
CLIMATE RECORD PERIOD 1948 TO 2016


WEATHER ITEM   OBSERVED TIME   RECORD YEAR NORMAL DEPARTURE LAST
                VALUE   (LST)  VALUE       VALUE  FROM      YEAR
                                                  NORMAL
..................................................................
TEMPERATURE (F)
 TODAY
  MAXIMUM         88    255 PM 102    1953  86      2       91
  MINIMUM         72    627 AM  45    1984  64      8       64
  AVERAGE         80                        75      5       78

PRECIPITATION (IN)
  TODAY            0.00          1.51 2010   0.13  -0.13     0.00
  MONTH TO DATE    6.66                      3.26   3.40     1.29
  SINCE MAR 1     13.63                      9.21   4.42     8.09
  SINCE JAN 1     21.09                     15.36   5.73    15.02

DEGREE DAYS
 HEATING
  TODAY            0                         0      0        0
  MONTH TO DATE   10                        22    -12        1
  SINCE MAR 1    288                       457   -169      306
  SINCE JUL 1   1948                      2523   -575     2544

 COOLING
  TODAY           15                        10      5       13
  MONTH TO DATE  215                       211      4      268
  SINCE MAR 1    346                       301     45      382
  SINCE JAN 1    347                       307     40      385
..................................................................


WIND (MPH)
  HIGHEST WIND SPEED    15   HIGHEST WIND DIRECTION    NE (40)
  HIGHEST GUST SPEED    20   HIGHEST GUST DIRECTION     N (360)
  AVERAGE WIND SPEED     8.5


SKY COVER
  POSSIBLE SUNSHINE  MM
  AVERAGE SKY COVER 0.8


WEATHER CONDITIONS
 THE FOLLOWING WEATHER WAS RECORDED TODAY.
  FOG


RELATIVE HUMIDITY (PERCENT)
 HIGHEST    93          1200 AM
 LOWEST     53           200 PM
 AVERAGE    73

..........................................................


THE FLORENCE SC CLIMATE NORMALS FOR TOMORROW
                         NORMAL    RECORD    YEAR
 MAXIMUM TEMPERATURE (F)   86       102      1953
 MINIMUM TEMPERATURE (F)   65        48      1966


SUNRISE AND SUNSET
MAY 31 2016...........SUNRISE   608 AM EDT   SUNSET   825 PM EDT
JUNE  1 2016..........SUNRISE   608 AM EDT   SUNSET   826 PM EDT


-  INDICATES NEGATIVE NUMBERS.
R  INDICATES RECORD WAS SET OR TIED.
MM INDICATES DATA IS MISSING.
T  INDICATES TRACE AMOUNT.




$$
