000
CDUS42 KILM 112140
CLIFLO


CLIMATE REPORT
NATIONAL WEATHER SERVICE WILMINGTON NC
440 PM EST MON DEC 11 2017


...................................

...THE FLORENCE SC CLIMATE SUMMARY FOR DECEMBER 11 2017...
VALID TODAY AS OF 0400 PM LOCAL TIME.

CLIMATE NORMAL PERIOD 1981 TO 2010
CLIMATE RECORD PERIOD 1948 TO 2017


WEATHER ITEM   OBSERVED TIME   RECORD YEAR NORMAL DEPARTURE LAST
                VALUE   (LST)  VALUE       VALUE  FROM      YEAR
                                                  NORMAL
..................................................................
TEMPERATURE (F)
 TODAY
  MAXIMUM         55    357 PM  80    2007  59     -4       49
  MINIMUM         29    748 AM  18    1968  37     -8       25
  AVERAGE         42                        48     -6       37

PRECIPITATION (IN)
  TODAY            0.00          1.02 1986   0.10  -0.10     0.02
  MONTH TO DATE    3.30                      1.00   2.30     1.96
  SINCE DEC 1      3.30                      1.00   2.30     1.96
  SINCE JAN 1     41.27                     40.90   0.37    58.36

SNOWFALL (IN)
  TODAY           MM
  MONTH TO DATE   MM
  SINCE DEC 1     MM
  SINCE JUL 1     MM
  SNOW DEPTH      MM

DEGREE DAYS
 HEATING
  TODAY           23                        17      6       28
  MONTH TO DATE  169                       175     -6      194
  SINCE DEC 1    169                       175     -6      194
  SINCE JUL 1    574                       597    -23      507

 COOLING
  TODAY            0                         0      0        0
  MONTH TO DATE    0                         0      0        0
  SINCE DEC 1      0                         0      0        0
  SINCE JAN 1   2248                      2059    189     2582
..................................................................


WIND (MPH)
  HIGHEST WIND SPEED     8   HIGHEST WIND DIRECTION    SW (210)
  HIGHEST GUST SPEED    11   HIGHEST GUST DIRECTION    SW (220)
  AVERAGE WIND SPEED     2.8


SKY COVER
  POSSIBLE SUNSHINE  MM
  AVERAGE SKY COVER 0.0


WEATHER CONDITIONS
 THE FOLLOWING WEATHER WAS RECORDED TODAY.
  NO SIGNIFICANT WEATHER WAS OBSERVED.


RELATIVE HUMIDITY (PERCENT)
 HIGHEST    92           400 AM
 LOWEST     35           400 PM
 AVERAGE    64

..........................................................


THE FLORENCE SC CLIMATE NORMALS FOR TOMORROW
                         NORMAL    RECORD    YEAR
 MAXIMUM TEMPERATURE (F)   59        80      2007
 MINIMUM TEMPERATURE (F)   37        11      1958


SUNRISE AND SUNSET
DECEMBER 11 2017......SUNRISE   715 AM EST   SUNSET   510 PM EST
DECEMBER 12 2017......SUNRISE   715 AM EST   SUNSET   510 PM EST


-  INDICATES NEGATIVE NUMBERS.
R  INDICATES RECORD WAS SET OR TIED.
MM INDICATES DATA IS MISSING.
T  INDICATES TRACE AMOUNT.




$$
