000
CDUS42 KILM 022043
CLIFLO


CLIMATE REPORT
NATIONAL WEATHER SERVICE WILMINGTON NC
442 PM EDT SUN AUG 2 2015


...................................

...THE FLORENCE SC CLIMATE SUMMARY FOR AUGUST 2 2015...
VALID TODAY AS OF 0400 PM LOCAL TIME.

CLIMATE NORMAL PERIOD 1981 TO 2010
CLIMATE RECORD PERIOD 1948 TO 2015


WEATHER ITEM   OBSERVED TIME   RECORD YEAR NORMAL DEPARTURE LAST
                VALUE   (LST)  VALUE       VALUE  FROM      YEAR
                                                  NORMAL
..................................................................
TEMPERATURE (F)
 TODAY
  MAXIMUM         96    223 PM 101    1954  91      5       73
  MINIMUM         74    611 AM  60    1997  71      3       68
  AVERAGE         85                        81      4       71

PRECIPITATION (IN)
  TODAY            0.00          1.78 1977   0.18  -0.18     0.03
  MONTH TO DATE    0.51                      0.36   0.15     0.09
  SINCE JUN 1      7.41                     10.24  -2.83     6.83
  SINCE JAN 1     22.43                     25.60  -3.17    24.19

DEGREE DAYS
 HEATING
  TODAY            0                         0      0        0
  MONTH TO DATE    0                         0      0        0
  SINCE JUN 1      0                         1     -1        0
  SINCE JUL 1      0                         0      0        0

 COOLING
  TODAY           20                        16      4        6
  MONTH TO DATE   40                        32      8       19
  SINCE JUN 1   1173                       931    242     1005
  SINCE JAN 1   1558                      1238    320     1387
..................................................................


WIND (MPH)
  HIGHEST WIND SPEED    13   HIGHEST WIND DIRECTION     E (70)
  HIGHEST GUST SPEED    24   HIGHEST GUST DIRECTION    NE (40)
  AVERAGE WIND SPEED     4.2


SKY COVER
  POSSIBLE SUNSHINE  MM
  AVERAGE SKY COVER 0.1


WEATHER CONDITIONS
 THE FOLLOWING WEATHER WAS RECORDED TODAY.
  FOG


RELATIVE HUMIDITY (PERCENT)
 HIGHEST    94          1200 AM
 LOWEST     31           200 PM
 AVERAGE    63

..........................................................


THE FLORENCE SC CLIMATE NORMALS FOR TOMORROW
                         NORMAL    RECORD    YEAR
 MAXIMUM TEMPERATURE (F)   91       102      1953
 MINIMUM TEMPERATURE (F)   71        62      1985


SUNRISE AND SUNSET
AUGUST  2 2015........SUNRISE   630 AM EDT   SUNSET   819 PM EDT
AUGUST  3 2015........SUNRISE   631 AM EDT   SUNSET   818 PM EDT


-  INDICATES NEGATIVE NUMBERS.
R  INDICATES RECORD WAS SET OR TIED.
MM INDICATES DATA IS MISSING.
T  INDICATES TRACE AMOUNT.




$$
