000
CDUS42 KILM 232040
CLIFLO


CLIMATE REPORT
NATIONAL WEATHER SERVICE WILMINGTON NC
440 PM EDT WED AUG 23 2017


...................................

...THE FLORENCE SC CLIMATE SUMMARY FOR AUGUST 23 2017...
VALID TODAY AS OF 0400 PM LOCAL TIME.

CLIMATE NORMAL PERIOD 1981 TO 2010
CLIMATE RECORD PERIOD 1948 TO 2017


WEATHER ITEM   OBSERVED TIME   RECORD YEAR NORMAL DEPARTURE LAST
                VALUE   (LST)  VALUE       VALUE  FROM      YEAR
                                                  NORMAL
..................................................................
TEMPERATURE (F)
 TODAY
  MAXIMUM         96    221 PM 102    1968  89      7       92
  MINIMUM         75    624 AM  60    1981  70      5       69
  AVERAGE         86                        79      7       81

PRECIPITATION (IN)
  TODAY            0.00          1.20 1990   0.17  -0.17     0.00
  MONTH TO DATE    1.58                      3.96  -2.38     1.23
  SINCE JUN 1     14.90                     13.84   1.06    11.79
  SINCE JAN 1     29.61                     29.20   0.41    32.88

DEGREE DAYS
 HEATING
  TODAY            0                         0      0        0
  MONTH TO DATE    0                         0      0        0
  SINCE JUN 1      0                         1     -1        0
  SINCE JUL 1      0                         0      0        0

 COOLING
  TODAY           21                        14      7       16
  MONTH TO DATE  379                       354     25      433
  SINCE JUN 1   1263                      1253     10     1549
  SINCE JAN 1   1694                      1560    134     1896
..................................................................


WIND (MPH)
  HIGHEST WIND SPEED    15   HIGHEST WIND DIRECTION    SW (220)
  HIGHEST GUST SPEED    20   HIGHEST GUST DIRECTION    SW (230)
  AVERAGE WIND SPEED     7.0


SKY COVER
  POSSIBLE SUNSHINE  MM
  AVERAGE SKY COVER 0.2


WEATHER CONDITIONS
 THE FOLLOWING WEATHER WAS RECORDED TODAY.
  NO SIGNIFICANT WEATHER WAS OBSERVED.


RELATIVE HUMIDITY (PERCENT)
 HIGHEST   100           300 AM
 LOWEST     49           200 PM
 AVERAGE    75

..........................................................


THE FLORENCE SC CLIMATE NORMALS FOR TOMORROW
                         NORMAL    RECORD    YEAR
 MAXIMUM TEMPERATURE (F)   89       103      2002
 MINIMUM TEMPERATURE (F)   70        57      1997


SUNRISE AND SUNSET
AUGUST 23 2017........SUNRISE   646 AM EDT   SUNSET   756 PM EDT
AUGUST 24 2017........SUNRISE   647 AM EDT   SUNSET   755 PM EDT


-  INDICATES NEGATIVE NUMBERS.
R  INDICATES RECORD WAS SET OR TIED.
MM INDICATES DATA IS MISSING.
T  INDICATES TRACE AMOUNT.




$$
