000
CDUS42 KTBW 232117
CLIFMY


CLIMATE REPORT
NATIONAL WEATHER SERVICE TAMPA BAY FL
515 PM EDT WED APR 23 2014


...................................

...THE FORT MYERS CLIMATE SUMMARY FOR APRIL 23 2014...
VALID TODAY AS OF 0500 PM LOCAL TIME.

CLIMATE NORMAL PERIOD 1981 TO 2010
CLIMATE RECORD PERIOD 1902 TO 2014


WEATHER ITEM   OBSERVED TIME   RECORD YEAR NORMAL DEPARTURE LAST
                VALUE   (LST)  VALUE       VALUE  FROM      YEAR
                                                  NORMAL
..................................................................
TEMPERATURE (F)
 TODAY
  MAXIMUM         83    129 PM  94    1944  86     -3       88
  MINIMUM         63    639 AM  50    1993  64     -1       67
  AVERAGE         73                        75     -2       78

PRECIPITATION (IN)
  TODAY            0.00          1.78 1935   0.06  -0.06     0.00
  MONTH TO DATE    0.93                      1.69  -0.76     3.09
  SINCE MAR 1      4.12                      4.57  -0.45     3.87
  SINCE JAN 1      7.56                      8.66  -1.10     6.35

DEGREE DAYS
 HEATING
  TODAY            0                         0      0        0
  MONTH TO DATE    0                         0      0        0
  SINCE MAR 1      9                        24    -15       85
  SINCE JUL 1    178                       284   -106      201

 COOLING
  TODAY            8                        10     -2       13
  MONTH TO DATE  208                       194     14      278
  SINCE MAR 1    369                       370     -1      349
  SINCE JAN 1    630                       555     75      660
..................................................................


WIND (MPH)
  RESULTANT WIND SPEED   6   RESULTANT WIND DIRECTION  NW (310)
  HIGHEST WIND SPEED    17   HIGHEST WIND DIRECTION    NW (300)
  HIGHEST GUST SPEED    22   HIGHEST GUST DIRECTION    NW (300)
  AVERAGE WIND SPEED     6.0


SKY COVER
  POSSIBLE SUNSHINE  MM
  AVERAGE SKY COVER 0.1


WEATHER CONDITIONS
 THE FOLLOWING WEATHER WAS RECORDED TODAY.
  NO SIGNIFICANT WEATHER WAS OBSERVED.


RELATIVE HUMIDITY (PERCENT)
 HIGHEST    93           600 AM
 LOWEST     47           200 PM

..........................................................


THE FORT MYERS CLIMATE NORMALS FOR TOMORROW
                         NORMAL    RECORD    YEAR
 MAXIMUM TEMPERATURE (F)   86        92      2002
                                             1975
                                             1963
 MINIMUM TEMPERATURE (F)   64        51      1986


SUNRISE AND SUNSET
APRIL 23 2014.........SUNRISE   656 AM EDT   SUNSET   756 PM EDT
APRIL 24 2014.........SUNRISE   655 AM EDT   SUNSET   756 PM EDT


-  INDICATES NEGATIVE NUMBERS.
R  INDICATES RECORD WAS SET OR TIED.
MM INDICATES DATA IS MISSING.
T  INDICATES TRACE AMOUNT.




$$


&&
------------------------------------------------------------------
******************** SUPPLEMENTAL DATA ***************************

...GULF WATER TEMPERATURE AT NAPLES 79
