000
CDUS42 KTBW 232122
CLIFMY


CLIMATE REPORT
NATIONAL WEATHER SERVICE TAMPA BAY FL
521 PM EDT FRI JUN 23 2017


...................................

...THE FORT MYERS CLIMATE SUMMARY FOR JUNE 23 2017...
VALID TODAY AS OF 0500 PM LOCAL TIME.

CLIMATE NORMAL PERIOD 1981 TO 2010
CLIMATE RECORD PERIOD 1902 TO 2017


WEATHER ITEM   OBSERVED TIME   RECORD YEAR NORMAL DEPARTURE LAST
                VALUE   (LST)  VALUE       VALUE  FROM      YEAR
                                                  NORMAL
..................................................................
TEMPERATURE (F)
 TODAY
  MAXIMUM         93    254 PM  97    1988  92      1       94
                                      1944
  MINIMUM         75    527 AM  69    1995  74      1       77
                                      1917
                                      1913
  AVERAGE         84                        83      1       86

PRECIPITATION (IN)
  TODAY            0.00          3.50 1945   0.38  -0.38     0.03
  MONTH TO DATE    9.79                      7.51   2.28     9.75
  SINCE JUN 1      9.79                      7.51   2.28     9.75
  SINCE JAN 1     15.97                     19.31  -3.34    30.62

DEGREE DAYS
 HEATING
  TODAY            0                         0      0        0
  MONTH TO DATE    0                         0      0        0
  SINCE JUN 1      0                         0      0        0
  SINCE JUL 1     76                       287   -211      204

 COOLING
  TODAY           19                        18      1       21
  MONTH TO DATE  361                       402    -41      413
  SINCE JUN 1    361                       402    -41      413
  SINCE JAN 1   1643                      1468    175     1511
..................................................................


WIND (MPH)
  RESULTANT WIND SPEED   5   RESULTANT WIND DIRECTION   E (110)
  HIGHEST WIND SPEED    13   HIGHEST WIND DIRECTION    SE (140)
  HIGHEST GUST SPEED    17   HIGHEST GUST DIRECTION     W (280)
  AVERAGE WIND SPEED     6.1


SKY COVER
  POSSIBLE SUNSHINE  MM
  AVERAGE SKY COVER 0.4


WEATHER CONDITIONS
 THE FOLLOWING WEATHER WAS RECORDED TODAY.
  NO SIGNIFICANT WEATHER WAS OBSERVED.


RELATIVE HUMIDITY (PERCENT)
 HIGHEST   100           400 AM
 LOWEST     56           300 PM

..........................................................


THE FORT MYERS CLIMATE NORMALS FOR TOMORROW
                         NORMAL    RECORD    YEAR
 MAXIMUM TEMPERATURE (F)   92        97      1948
 MINIMUM TEMPERATURE (F)   74        68      1964
                                             1917


SUNRISE AND SUNSET
JUNE 23 2017..........SUNRISE   635 AM EDT   SUNSET   824 PM EDT
JUNE 24 2017..........SUNRISE   636 AM EDT   SUNSET   824 PM EDT


-  INDICATES NEGATIVE NUMBERS.
R  INDICATES RECORD WAS SET OR TIED.
MM INDICATES DATA IS MISSING.
T  INDICATES TRACE AMOUNT.




$$


&&
------------------------------------------------------------------
******************** SUPPLEMENTAL DATA ***************************

...GULF WATER TEMPERATURE AT NAPLES 88 DEGREES
