000
CDUS42 KTBW 232118
CLIFMY


CLIMATE REPORT
NATIONAL WEATHER SERVICE TAMPA BAY FL
516 PM EDT TUE MAY 23 2017


...................................

...THE FORT MYERS CLIMATE SUMMARY FOR MAY 23 2017...
VALID TODAY AS OF 0500 PM LOCAL TIME.

CLIMATE NORMAL PERIOD 1981 TO 2010
CLIMATE RECORD PERIOD 1902 TO 2017


WEATHER ITEM   OBSERVED TIME   RECORD YEAR NORMAL DEPARTURE LAST
                VALUE   (LST)  VALUE       VALUE  FROM      YEAR
                                                  NORMAL
..................................................................
TEMPERATURE (F)
 TODAY
  MAXIMUM         90    114 PM  96    1953  90      0       88
  MINIMUM         74    634 AM  59    1919  70      4       75
  AVERAGE         82                        80      2       82

PRECIPITATION (IN)
  TODAY            0.00          1.87 1930   0.10  -0.10      T
  MONTH TO DATE    0.54                      1.58  -1.04     2.98
  SINCE MAR 1      3.32                      6.64  -3.32     5.48
  SINCE JAN 1      5.57                     10.73  -5.16    20.59

DEGREE DAYS
 HEATING
  TODAY            0                         0      0        0
  MONTH TO DATE    0                         0      0        0
  SINCE MAR 1     11                        27    -16        9
  SINCE JUL 1     76                       287   -211      204

 COOLING
  TODAY           17                        15      2       17
  MONTH TO DATE  354                       307     47      314
  SINCE MAR 1    802                       752     50      862
  SINCE JAN 1   1144                       937    207      973
..................................................................


WIND (MPH)
  RESULTANT WIND SPEED   8   RESULTANT WIND DIRECTION   S (190)
  HIGHEST WIND SPEED    18   HIGHEST WIND DIRECTION    SW (210)
  HIGHEST GUST SPEED    25   HIGHEST GUST DIRECTION    SW (220)
  AVERAGE WIND SPEED     8.8


SKY COVER
  POSSIBLE SUNSHINE  MM
  AVERAGE SKY COVER 0.2


WEATHER CONDITIONS
 THE FOLLOWING WEATHER WAS RECORDED TODAY.
  NO SIGNIFICANT WEATHER WAS OBSERVED.


RELATIVE HUMIDITY (PERCENT)
 HIGHEST   100          1200 AM
 LOWEST     63          1100 AM

..........................................................


THE FORT MYERS CLIMATE NORMALS FOR TOMORROW
                         NORMAL    RECORD    YEAR
 MAXIMUM TEMPERATURE (F)   91        95      2014
                                             2008
                                             1975
 MINIMUM TEMPERATURE (F)   71        56      1892


SUNRISE AND SUNSET
MAY 23 2017...........SUNRISE   637 AM EDT   SUNSET   812 PM EDT
MAY 24 2017...........SUNRISE   636 AM EDT   SUNSET   813 PM EDT


-  INDICATES NEGATIVE NUMBERS.
R  INDICATES RECORD WAS SET OR TIED.
MM INDICATES DATA IS MISSING.
T  INDICATES TRACE AMOUNT.




$$


&&
------------------------------------------------------------------
******************** SUPPLEMENTAL DATA ***************************

...GULF WATER TEMPERATURE AT FORT MYERS BEACH 85 DEGREES
