872
CDUS42 KTBW 272114
CLIFMY


CLIMATE REPORT
NATIONAL WEATHER SERVICE TAMPA BAY FL
512 PM EDT MON MAR 27 2017


...................................

...THE FORT MYERS CLIMATE SUMMARY FOR MARCH 27 2017...
VALID TODAY AS OF 0500 PM LOCAL TIME.

CLIMATE NORMAL PERIOD 1981 TO 2010
CLIMATE RECORD PERIOD 1902 TO 2017


WEATHER ITEM   OBSERVED TIME   RECORD YEAR NORMAL DEPARTURE LAST
                VALUE   (LST)  VALUE       VALUE  FROM      YEAR
                                                  NORMAL
..................................................................
TEMPERATURE (F)
 TODAY
  MAXIMUM         88    347 PM  91    1989  82      6       87
                                      1950
  MINIMUM         62    627 AM  44    2013  61      1       71
  AVERAGE         75                        71      4       79

PRECIPITATION (IN)
  TODAY            0.00          1.35 1937   0.09  -0.09     0.00
  MONTH TO DATE    0.16                      2.54  -2.38     0.55
  SINCE MAR 1      0.16                      2.54  -2.38     0.55
  SINCE JAN 1      2.41                      6.63  -4.22    15.66

DEGREE DAYS
 HEATING
  TODAY            0                         0      0        0
  MONTH TO DATE   11                        21    -10        9
  SINCE MAR 1     11                        21    -10        9
  SINCE JUL 1     76                       281   -205      204

 COOLING
  TODAY           10                         7      3       14
  MONTH TO DATE  197                       149     48      203
  SINCE MAR 1    197                       149     48      203
  SINCE JAN 1    539                       334    205      314
..................................................................


WIND (MPH)
  RESULTANT WIND SPEED   4   RESULTANT WIND DIRECTION   E (80)
  HIGHEST WIND SPEED    14   HIGHEST WIND DIRECTION    NE (30)
  HIGHEST GUST SPEED    17   HIGHEST GUST DIRECTION    NE (30)
  AVERAGE WIND SPEED     4.7


SKY COVER
  POSSIBLE SUNSHINE  MM
  AVERAGE SKY COVER 0.3


WEATHER CONDITIONS
 THE FOLLOWING WEATHER WAS RECORDED TODAY.
  NO SIGNIFICANT WEATHER WAS OBSERVED.


RELATIVE HUMIDITY (PERCENT)
 HIGHEST    93           600 AM
 LOWEST     32           400 PM

..........................................................


THE FORT MYERS CLIMATE NORMALS FOR TOMORROW
                         NORMAL    RECORD    YEAR
 MAXIMUM TEMPERATURE (F)   82        91      1975
 MINIMUM TEMPERATURE (F)   61        43      2013


SUNRISE AND SUNSET
MARCH 27 2017.........SUNRISE   724 AM EDT   SUNSET   742 PM EDT
MARCH 28 2017.........SUNRISE   722 AM EDT   SUNSET   743 PM EDT


-  INDICATES NEGATIVE NUMBERS.
R  INDICATES RECORD WAS SET OR TIED.
MM INDICATES DATA IS MISSING.
T  INDICATES TRACE AMOUNT.




$$


&&
------------------------------------------------------------------
******************** SUPPLEMENTAL DATA ***************************

...GULF WATER TEMPERATURE AT FORT MYERS BEACH 73 DEGREES
