000
CDUS42 KTBW 032223
CLIFMY


CLIMATE REPORT
NATIONAL WEATHER SERVICE TAMPA BAY FL
520 PM EST SAT DEC 3 2016


...................................

...THE FORT MYERS CLIMATE SUMMARY FOR DECEMBER 3 2016...
VALID TODAY AS OF 0500 PM LOCAL TIME.

CLIMATE NORMAL PERIOD 1981 TO 2010
CLIMATE RECORD PERIOD 1902 TO 2016


WEATHER ITEM   OBSERVED TIME   RECORD YEAR NORMAL DEPARTURE LAST
                VALUE   (LST)  VALUE       VALUE  FROM      YEAR
                                                  NORMAL
..................................................................
TEMPERATURE (F)
 TODAY
  MAXIMUM         85    240 PM  88    1978  79      6       76
  MINIMUM         60    723 AM  38    1910  59      1       61
  AVERAGE         73                        69      4       69

PRECIPITATION (IN)
  TODAY            0.00          1.89 2015   0.04  -0.04     1.89
  MONTH TO DATE    T                         0.13  -0.13     1.89
  SINCE DEC 1      T                         0.13  -0.13     1.89
  SINCE JAN 1     63.62                     54.35   9.27    59.19

DEGREE DAYS
 HEATING
  TODAY            0                         1     -1        0
  MONTH TO DATE    0                         3     -3        0
  SINCE DEC 1      0                         3     -3        0
  SINCE JUL 1      5                        21    -16        0

 COOLING
  TODAY            8                         5      3        4
  MONTH TO DATE   28                        15     13       29
  SINCE DEC 1     28                        15     13       29
  SINCE JAN 1   4036                      3878    158     4355
..................................................................


WIND (MPH)
  RESULTANT WIND SPEED  10   RESULTANT WIND DIRECTION   E (70)
  HIGHEST WIND SPEED    17   HIGHEST WIND DIRECTION     E (70)
  HIGHEST GUST SPEED    22   HIGHEST GUST DIRECTION    NE (60)
  AVERAGE WIND SPEED    10.5


SKY COVER
  POSSIBLE SUNSHINE  MM
  AVERAGE SKY COVER 0.0


WEATHER CONDITIONS
 THE FOLLOWING WEATHER WAS RECORDED TODAY.
  NO SIGNIFICANT WEATHER WAS OBSERVED.


RELATIVE HUMIDITY (PERCENT)
 HIGHEST    78           600 AM
 LOWEST     47           300 PM

..........................................................


THE FORT MYERS CLIMATE NORMALS FOR TOMORROW
                         NORMAL    RECORD    YEAR
 MAXIMUM TEMPERATURE (F)   78        87      1994
                                             1978
 MINIMUM TEMPERATURE (F)   59        36      1910


SUNRISE AND SUNSET
DECEMBER  3 2016......SUNRISE   700 AM EST   SUNSET   534 PM EST
DECEMBER  4 2016......SUNRISE   701 AM EST   SUNSET   535 PM EST


-  INDICATES NEGATIVE NUMBERS.
R  INDICATES RECORD WAS SET OR TIED.
MM INDICATES DATA IS MISSING.
T  INDICATES TRACE AMOUNT.




$$


&&
------------------------------------------------------------------
******************** SUPPLEMENTAL DATA ***************************

...GULF WATER TEMPERATURE AT FORT MYERS BEACH MISSING
