000
CDUS43 KDTX 292037
CLIFNT


CLIMATE REPORT
NATIONAL WEATHER SERVICE DETROIT/PONTIAC MI
436 PM EDT MON AUG 29 2016


...................................

...THE FLINT MI CLIMATE SUMMARY FOR AUGUST 29 2016...
VALID TODAY AS OF 0400 PM LOCAL TIME.

CLIMATE NORMAL PERIOD 1981 TO 2010
CLIMATE RECORD PERIOD 1921 TO 2016


WEATHER ITEM   OBSERVED TIME   RECORD YEAR NORMAL DEPARTURE LAST
                VALUE   (LST)  VALUE       VALUE  FROM      YEAR
                                                  NORMAL
..................................................................
TEMPERATURE (F)
 TODAY
  MAXIMUM         83    131 PM  96    1953  78      5       74
  MINIMUM         63    424 AM  37    1982  56      7       64
  AVERAGE         73                        67      6       69

PRECIPITATION (IN)
  TODAY            0.00          1.51 1975   0.11  -0.11     0.12
  MONTH TO DATE    4.35                      2.96   1.39     2.83
  SINCE JUN 1      6.77                      9.35  -2.58    11.23
  SINCE JAN 1     19.00                     20.34  -1.34    19.35

SNOWFALL (IN)
  TODAY            0.0           0.0    MM   0.0    0.0      0.0
  MONTH TO DATE    0.0                       0.0    0.0      0.0
  SINCE JUN 1      0.0                       0.0    0.0      0.0
  SINCE JUL 1      0.0                       0.0    0.0      0.0
  SNOW DEPTH       0

DEGREE DAYS
 HEATING
  TODAY            0                         2     -2        0
  MONTH TO DATE    0                        29    -29       14
  SINCE JUN 1     28                       110    -82       50
  SINCE JUL 1      0                        44    -44       22

 COOLING
  TODAY            8                         3      5        4
  MONTH TO DATE  325                       140    185      182
  SINCE JUN 1    852                       439    413      524
  SINCE JAN 1    931                       471    460      599
..................................................................


WIND (MPH)
  HIGHEST WIND SPEED    10   HIGHEST WIND DIRECTION     E (70)
  HIGHEST GUST SPEED    16   HIGHEST GUST DIRECTION     E (100)
  AVERAGE WIND SPEED     3.5


SKY COVER
  POSSIBLE SUNSHINE  MM
  AVERAGE SKY COVER 0.4


WEATHER CONDITIONS
 THE FOLLOWING WEATHER WAS RECORDED TODAY.
  FOG
  FOG W/VISIBILITY <= 1/4 MILE


RELATIVE HUMIDITY (PERCENT)
 HIGHEST    93           300 AM
 LOWEST     55           100 PM
 AVERAGE    74

..........................................................


THE FLINT MI CLIMATE NORMALS FOR TOMORROW
                         NORMAL    RECORD    YEAR
 MAXIMUM TEMPERATURE (F)   78        96      1953
 MINIMUM TEMPERATURE (F)   56        38      1976


SUNRISE AND SUNSET
AUGUST 29 2016........SUNRISE   657 AM EDT   SUNSET   814 PM EDT
AUGUST 30 2016........SUNRISE   658 AM EDT   SUNSET   812 PM EDT


-  INDICATES NEGATIVE NUMBERS.
R  INDICATES RECORD WAS SET OR TIED.
MM INDICATES DATA IS MISSING.
T  INDICATES TRACE AMOUNT.




$$
