000
CDUS43 KDTX 292030
CLIFNT


CLIMATE REPORT
NATIONAL WEATHER SERVICE DETROIT/PONTIAC MI
429 PM EDT THU SEP 29 2016


...................................

...THE FLINT MI CLIMATE SUMMARY FOR SEPTEMBER 29 2016...
VALID TODAY AS OF 0400 PM LOCAL TIME.

CLIMATE NORMAL PERIOD 1981 TO 2010
CLIMATE RECORD PERIOD 1921 TO 2016


WEATHER ITEM   OBSERVED TIME   RECORD YEAR NORMAL DEPARTURE LAST
                VALUE   (LST)  VALUE       VALUE  FROM      YEAR
                                                  NORMAL
..................................................................
TEMPERATURE (F)
 TODAY
  MAXIMUM         62    259 PM  84    1939  67     -5       71
  MINIMUM         58    114 AM  28    1951  45     13       54
  AVERAGE         60                        56      4       63

PRECIPITATION (IN)
  TODAY            0.81          1.46 1986   0.12   0.69     0.01
  MONTH TO DATE    3.66                      3.64   0.02     3.51
  SINCE SEP 1      3.66                      3.64   0.02     3.51
  SINCE JAN 1     23.21                     24.20  -0.99    22.88

SNOWFALL (IN)
  TODAY            0.0           T      MM   0.0    0.0      0.0
  MONTH TO DATE    0.0                       0.0    0.0      0.0
  SINCE SEP 1      0.0                       0.0    0.0      0.0
  SINCE JUL 1      0.0                       0.0    0.0      0.0
  SNOW DEPTH       0

DEGREE DAYS
 HEATING
  TODAY            5                        10     -5        2
  MONTH TO DATE   64                       155    -91       44
  SINCE SEP 1     64                       155    -91       44
  SINCE JUL 1     64                       199   -135       66

 COOLING
  TODAY            0                         1     -1        0
  MONTH TO DATE   72                        48     24      148
  SINCE SEP 1     72                        48     24      148
  SINCE JAN 1   1011                       525    486      761
..................................................................


WIND (MPH)
  HIGHEST WIND SPEED    23   HIGHEST WIND DIRECTION     E (70)
  HIGHEST GUST SPEED    31   HIGHEST GUST DIRECTION    NE (60)
  AVERAGE WIND SPEED    11.9


SKY COVER
  POSSIBLE SUNSHINE  MM
  AVERAGE SKY COVER 0.9


WEATHER CONDITIONS
 THE FOLLOWING WEATHER WAS RECORDED TODAY.
  HEAVY RAIN
  RAIN
  LIGHT RAIN
  FOG


RELATIVE HUMIDITY (PERCENT)
 HIGHEST    90           600 AM
 LOWEST     78           400 AM
 AVERAGE    84

..........................................................


THE FLINT MI CLIMATE NORMALS FOR TOMORROW
                         NORMAL    RECORD    YEAR
 MAXIMUM TEMPERATURE (F)   66        86      2002
 MINIMUM TEMPERATURE (F)   44        30      1993
                                             1947


SUNRISE AND SUNSET
SEPTEMBER 29 2016.....SUNRISE   730 AM EDT   SUNSET   719 PM EDT
SEPTEMBER 30 2016.....SUNRISE   732 AM EDT   SUNSET   717 PM EDT


-  INDICATES NEGATIVE NUMBERS.
R  INDICATES RECORD WAS SET OR TIED.
MM INDICATES DATA IS MISSING.
T  INDICATES TRACE AMOUNT.




$$
