000
CDUS43 KFSD 230636
CLIFSD


CLIMATE REPORT
NATIONAL WEATHER SERVICE SIOUX FALLS SD
1234 AM CST TUE JAN 23 2018


...................................

...THE SIOUX FALLS SD CLIMATE SUMMARY FOR JANUARY 22 2018...

CLIMATE NORMAL PERIOD 1981 TO 2010
CLIMATE RECORD PERIOD 1893 TO 2018


WEATHER ITEM   OBSERVED TIME   RECORD YEAR NORMAL DEPARTURE LAST
                VALUE   (LST)  VALUE       VALUE  FROM      YEAR
                                                  NORMAL
..................................................................
TEMPERATURE (F)
 YESTERDAY
  MAXIMUM         32   1202 AM  58    1900  27      5       33
  MINIMUM         24   1159 PM -28    1966   7     17       29
  AVERAGE         28                        17     11       31

PRECIPITATION (IN)
  YESTERDAY        0.21          0.69 1917   0.02   0.19      T
  MONTH TO DATE    0.31                      0.40  -0.09     0.17
  SINCE DEC 1      0.99                      1.09  -0.10     2.09
  SINCE JAN 1      0.31                      0.40  -0.09     0.17

SNOWFALL (IN)
  YESTERDAY        2.5           8.2  1982   0.3    2.2       T
  MONTH TO DATE    4.3                       5.4   -1.1      2.1
  SINCE DEC 1     14.7                      13.6    1.1     13.0
  SINCE JUL 1     14.9                      22.3   -7.4     19.0
  SNOW DEPTH       2

DEGREE DAYS
 HEATING
  YESTERDAY       37                        48    -11       34
  MONTH TO DATE 1097                      1074     23     1029
  SINCE DEC 1   2449                      2495    -46     2418
  SINCE JUL 1   3858                      4207   -349     3553

 COOLING
  YESTERDAY        0                         0      0        0
  MONTH TO DATE    0                         0      0        0
  SINCE DEC 1      0                         0      0        0
  SINCE JAN 1      0                         0      0        0
..................................................................


WIND (MPH)
  HIGHEST WIND SPEED    33   HIGHEST WIND DIRECTION     N (360)
  HIGHEST GUST SPEED    44   HIGHEST GUST DIRECTION     N (10)
  AVERAGE WIND SPEED    25.3


SKY COVER
  POSSIBLE SUNSHINE  MM
  AVERAGE SKY COVER 1.0


WEATHER CONDITIONS
 THE FOLLOWING WEATHER WAS RECORDED YESTERDAY.
  LIGHT SNOW
  FOG
  BLOWING SNOW


RELATIVE HUMIDITY (PERCENT)
 HIGHEST   100           100 AM
 LOWEST     84          1100 PM
 AVERAGE    92

..........................................................


THE SIOUX FALLS SD CLIMATE NORMALS FOR TODAY
                         NORMAL    RECORD    YEAR
 MAXIMUM TEMPERATURE (F)   27        57      1981
 MINIMUM TEMPERATURE (F)    7       -23      1948
                                             1936


SUNRISE AND SUNSET
JANUARY 23 2018.......SUNRISE   752 AM CST   SUNSET   526 PM CST
JANUARY 24 2018.......SUNRISE   751 AM CST   SUNSET   528 PM CST


-  INDICATES NEGATIVE NUMBERS.
R  INDICATES RECORD WAS SET OR TIED.
MM INDICATES DATA IS MISSING.
T  INDICATES TRACE AMOUNT.




$$
