000
CDUS43 KFSD 260629
CLIFSD


CLIMATE REPORT
NATIONAL WEATHER SERVICE SIOUX FALLS SD
125 AM CDT TUE SEP 26 2017


...................................

...THE SIOUX FALLS SD CLIMATE SUMMARY FOR SEPTEMBER 25 2017...

CLIMATE NORMAL PERIOD 1981 TO 2010
CLIMATE RECORD PERIOD 1893 TO 2017


WEATHER ITEM   OBSERVED TIME   RECORD YEAR NORMAL DEPARTURE LAST
                VALUE   (LST)  VALUE       VALUE  FROM      YEAR
                                                  NORMAL
..................................................................
TEMPERATURE (F)
 YESTERDAY
  MAXIMUM         56    325 PM  92    1967  69    -13       69
                                      1956
  MINIMUM         52   1159 PM  19    1893  45      7       48
  AVERAGE         54                        57     -3       59

PRECIPITATION (IN)
  YESTERDAY        0.62          2.70 1929   0.09   0.53     0.00
  MONTH TO DATE    1.36                      2.35  -0.99     7.55
  SINCE SEP 1      1.36                      2.35  -0.99     7.55
  SINCE JAN 1     18.95                     21.74  -2.79    25.41

SNOWFALL (IN)
  YESTERDAY        0.0           0.2  1939   0.0    0.0      0.0
  MONTH TO DATE    0.0                       0.0    0.0      0.0
  SINCE SEP 1      0.0                       0.0    0.0      0.0
  SINCE JUL 1      0.0                       0.0    0.0      0.0
  SNOW DEPTH       0

DEGREE DAYS
 HEATING
  YESTERDAY       11                         9      2        6
  MONTH TO DATE   55                       123    -68       31
  SINCE SEP 1     55                       123    -68       31
  SINCE JUL 1     61                       154    -93       39

 COOLING
  YESTERDAY        0                         1     -1        0
  MONTH TO DATE   98                        58     40       97
  SINCE SEP 1     98                        58     40       97
  SINCE JAN 1    772                       683     89      877
..................................................................


WIND (MPH)
  HIGHEST WIND SPEED    15   HIGHEST WIND DIRECTION    NE (40)
  HIGHEST GUST SPEED    19   HIGHEST GUST DIRECTION    NE (40)
  AVERAGE WIND SPEED     9.4


SKY COVER
  POSSIBLE SUNSHINE  MM
  AVERAGE SKY COVER 0.9


WEATHER CONDITIONS
 THE FOLLOWING WEATHER WAS RECORDED YESTERDAY.
  HEAVY RAIN
  RAIN
  LIGHT RAIN
  FOG


RELATIVE HUMIDITY (PERCENT)
 HIGHEST   100           200 AM
 LOWEST     93           600 AM
 AVERAGE    97

..........................................................


THE SIOUX FALLS SD CLIMATE NORMALS FOR TODAY
                         NORMAL    RECORD    YEAR
 MAXIMUM TEMPERATURE (F)   69        94      1956
 MINIMUM TEMPERATURE (F)   44        23      1984


SUNRISE AND SUNSET
SEPTEMBER 26 2017.....SUNRISE   719 AM CDT   SUNSET   716 PM CDT
SEPTEMBER 27 2017.....SUNRISE   720 AM CDT   SUNSET   715 PM CDT


-  INDICATES NEGATIVE NUMBERS.
R  INDICATES RECORD WAS SET OR TIED.
MM INDICATES DATA IS MISSING.
T  INDICATES TRACE AMOUNT.




$$
