000
CDUS43 KFSD 280659
CLIFSD


CLIMATE REPORT
NATIONAL WEATHER SERVICE SIOUX FALLS SD
159 AM CDT WED SEP 28 2016


...................................

...THE SIOUX FALLS SD CLIMATE SUMMARY FOR SEPTEMBER 27 2016...

CLIMATE NORMAL PERIOD 1981 TO 2010
CLIMATE RECORD PERIOD 1893 TO 2016


WEATHER ITEM   OBSERVED TIME   RECORD YEAR NORMAL DEPARTURE LAST
                VALUE   (LST)  VALUE       VALUE  FROM      YEAR
                                                  NORMAL
..................................................................
TEMPERATURE (F)
 YESTERDAY
  MAXIMUM         75    437 PM  96    1956  68      7       82
  MINIMUM         44    621 AM  23    1900  44      0       60
  AVERAGE         60                        56      4       71

PRECIPITATION (IN)
  YESTERDAY        0.00          0.76 1947   0.08  -0.08     0.00
  MONTH TO DATE    7.55                      2.52   5.03     3.02
  SINCE SEP 1      7.55                      2.52   5.03     3.02
  SINCE JAN 1     25.41                     21.91   3.50    24.62

SNOWFALL (IN)
  YESTERDAY        0.0           0.0    MM   0.1   -0.1      0.0
  MONTH TO DATE    0.0                       0.1   -0.1      0.0
  SINCE SEP 1      0.0                       0.1   -0.1      0.0
  SINCE JUL 1      0.0                       0.1   -0.1      0.0
  SNOW DEPTH       0

DEGREE DAYS
 HEATING
  YESTERDAY        5                        10     -5        0
  MONTH TO DATE   43                       142    -99       48
  SINCE SEP 1     43                       142    -99       48
  SINCE JUL 1     51                       173   -122       88

 COOLING
  YESTERDAY        0                         1     -1        6
  MONTH TO DATE   97                        60     37      133
  SINCE SEP 1     97                        60     37      133
  SINCE JAN 1    877                       685    192      708
..................................................................


WIND (MPH)
  HIGHEST WIND SPEED    22   HIGHEST WIND DIRECTION    NW (320)
  HIGHEST GUST SPEED    30   HIGHEST GUST DIRECTION    NW (310)
  AVERAGE WIND SPEED    10.4


SKY COVER
  POSSIBLE SUNSHINE  MM
  AVERAGE SKY COVER 0.1


WEATHER CONDITIONS
 THE FOLLOWING WEATHER WAS RECORDED YESTERDAY.
  NO SIGNIFICANT WEATHER WAS OBSERVED.


RELATIVE HUMIDITY (PERCENT)
 HIGHEST    76           600 AM
 LOWEST     31           300 PM
 AVERAGE    54

..........................................................


THE SIOUX FALLS SD CLIMATE NORMALS FOR TODAY
                         NORMAL    RECORD    YEAR
 MAXIMUM TEMPERATURE (F)   68        93      1894
 MINIMUM TEMPERATURE (F)   43        24      1976
                                             1951


SUNRISE AND SUNSET
SEPTEMBER 28 2016.....SUNRISE   722 AM CDT   SUNSET   712 PM CDT
SEPTEMBER 29 2016.....SUNRISE   723 AM CDT   SUNSET   711 PM CDT


-  INDICATES NEGATIVE NUMBERS.
R  INDICATES RECORD WAS SET OR TIED.
MM INDICATES DATA IS MISSING.
T  INDICATES TRACE AMOUNT.




$$
