000
CDUS43 KFSD 270654
CLIFSD


CLIMATE REPORT
NATIONAL WEATHER SERVICE SIOUX FALLS SD
153 AM CDT SAT MAY 27 2017


...................................

...THE SIOUX FALLS SD CLIMATE SUMMARY FOR MAY 26 2017...

CLIMATE NORMAL PERIOD 1981 TO 2010
CLIMATE RECORD PERIOD 1893 TO 2017


WEATHER ITEM   OBSERVED TIME   RECORD YEAR NORMAL DEPARTURE LAST
                VALUE   (LST)  VALUE       VALUE  FROM      YEAR
                                                  NORMAL
..................................................................
TEMPERATURE (F)
 YESTERDAY
  MAXIMUM         74    240 PM  96    1914  73      1       76
  MINIMUM         47   1144 PM  31    1971  50     -3       51
  AVERAGE         61                        61      0       64

PRECIPITATION (IN)
  YESTERDAY        0.00          2.95 1908   0.11  -0.11     0.00
  MONTH TO DATE    3.16                      2.81   0.35     1.54
  SINCE MAR 1      6.57                      7.58  -1.01     8.25
  SINCE JAN 1      7.68                      8.74  -1.06     9.93

SNOWFALL (IN)
  YESTERDAY        0.0          MM      MM   0.0    0.0      0.0
  MONTH TO DATE    2.2                       0.4    1.8      0.0
  SINCE MAR 1     11.5                      13.4   -1.9     12.2
  SINCE JUL 1     42.9                      44.9   -2.0     68.5
  SNOW DEPTH       0

DEGREE DAYS
 HEATING
  YESTERDAY        4                         5     -1        1
  MONTH TO DATE  217                       225     -8      212
  SINCE MAR 1   1601                      1782   -181     1458
  SINCE JUL 1   6407                      7632  -1225     6494

 COOLING
  YESTERDAY        0                         1     -1        0
  MONTH TO DATE   25                        22      3       26
  SINCE MAR 1     26                        27     -1       26
  SINCE JAN 1     26                        27     -1       26
..................................................................


WIND (MPH)
  HIGHEST WIND SPEED    21   HIGHEST WIND DIRECTION    NW (310)
  HIGHEST GUST SPEED    27   HIGHEST GUST DIRECTION     N (340)
  AVERAGE WIND SPEED     7.8


SKY COVER
  POSSIBLE SUNSHINE  MM
  AVERAGE SKY COVER 0.4


WEATHER CONDITIONS
 THE FOLLOWING WEATHER WAS RECORDED YESTERDAY.
  NO SIGNIFICANT WEATHER WAS OBSERVED.


RELATIVE HUMIDITY (PERCENT)
 HIGHEST   100           200 AM
 LOWEST     35           600 PM
 AVERAGE    68

..........................................................


THE SIOUX FALLS SD CLIMATE NORMALS FOR TODAY
                         NORMAL    RECORD    YEAR
 MAXIMUM TEMPERATURE (F)   73        92      1969
                                             1913
                                             1895
 MINIMUM TEMPERATURE (F)   50        29      1907


SUNRISE AND SUNSET
MAY 27 2017...........SUNRISE   551 AM CDT   SUNSET   857 PM CDT
MAY 28 2017...........SUNRISE   551 AM CDT   SUNSET   858 PM CDT


-  INDICATES NEGATIVE NUMBERS.
R  INDICATES RECORD WAS SET OR TIED.
MM INDICATES DATA IS MISSING.
T  INDICATES TRACE AMOUNT.




$$
