000
CDUS43 KFSD 280631
CLIFSD


CLIMATE REPORT
NATIONAL WEATHER SERVICE SIOUX FALLS SD
1230 AM CST SUN DEC 28 2014


...................................

...THE SIOUX FALLS SD CLIMATE SUMMARY FOR DECEMBER 27 2014...

CLIMATE NORMAL PERIOD 1981 TO 2010
CLIMATE RECORD PERIOD 1893 TO 2014


WEATHER ITEM   OBSERVED TIME   RECORD YEAR NORMAL DEPARTURE LAST
                VALUE   (LST)  VALUE       VALUE  FROM      YEAR
                                                  NORMAL
..................................................................
TEMPERATURE (F)
 YESTERDAY
  MAXIMUM         22    108 AM  53    1958  26     -4       42
  MINIMUM          3   1156 PM -25    1951   7     -4       10
  AVERAGE         13                        17     -4       26

PRECIPITATION (IN)
  YESTERDAY        0.08          0.64 1969   0.02   0.06     0.00
  MONTH TO DATE    1.31                      0.62   0.69     1.02
  SINCE DEC 1      1.31                      0.62   0.69     1.02
  SINCE JAN 1     29.25                     26.31   2.94    25.68

SNOWFALL (IN)
  YESTERDAY        1.1           8.0  1982   0.3    0.8      0.0
  MONTH TO DATE    5.6                       7.3   -1.7     11.3
  SINCE DEC 1      5.6                       7.3   -1.7     11.3
  SINCE JUL 1     13.9                      16.0   -2.1     19.2
  SNOW DEPTH       4

DEGREE DAYS
 HEATING
  YESTERDAY       52                        48      4       39
  MONTH TO DATE  995                      1227   -232     1418
  SINCE DEC 1    995                      1227   -232     1418
  SINCE JUL 1   2751                      2939   -188     3039

 COOLING
  YESTERDAY        0                         0      0        0
  MONTH TO DATE    0                         0      0        0
  SINCE DEC 1      0                         0      0        0
  SINCE JAN 1    610                       690    -80      787
..................................................................


WIND (MPH)
  HIGHEST WIND SPEED    17   HIGHEST WIND DIRECTION    NW (320)
  HIGHEST GUST SPEED    23   HIGHEST GUST DIRECTION     N (340)
  AVERAGE WIND SPEED     8.3


SKY COVER
  POSSIBLE SUNSHINE  MM
  AVERAGE SKY COVER 0.4


WEATHER CONDITIONS
 THE FOLLOWING WEATHER WAS RECORDED YESTERDAY.
  LIGHT SNOW
  FOG


RELATIVE HUMIDITY (PERCENT)
 HIGHEST    92          1200 AM
 LOWEST     73           200 PM
 AVERAGE    83

..........................................................


THE SIOUX FALLS SD CLIMATE NORMALS FOR TODAY
                         NORMAL    RECORD    YEAR
 MAXIMUM TEMPERATURE (F)   26        57      2002
 MINIMUM TEMPERATURE (F)    7       -23      1924


SUNRISE AND SUNSET
DECEMBER 28 2014......SUNRISE   800 AM CST   SUNSET   458 PM CST
DECEMBER 29 2014......SUNRISE   800 AM CST   SUNSET   458 PM CST


-  INDICATES NEGATIVE NUMBERS.
R  INDICATES RECORD WAS SET OR TIED.
MM INDICATES DATA IS MISSING.
T  INDICATES TRACE AMOUNT.




$$
