000
CDUS43 KFSD 312220
CLIFSD


CLIMATE REPORT
NATIONAL WEATHER SERVICE SIOUX FALLS SD
520 PM CDT WED AUG 31 2016


...................................

...THE SIOUX FALLS SD CLIMATE SUMMARY FOR AUGUST 31 2016...
VALID TODAY AS OF 0500 PM LOCAL TIME.

CLIMATE NORMAL PERIOD 1981 TO 2010
CLIMATE RECORD PERIOD 1893 TO 2016


WEATHER ITEM   OBSERVED TIME   RECORD YEAR NORMAL DEPARTURE LAST
                VALUE   (LST)  VALUE       VALUE  FROM      YEAR
                                                  NORMAL
..................................................................
TEMPERATURE (F)
 TODAY
  MAXIMUM         84    353 PM  97    1898  79      5       83
  MINIMUM         54    536 AM  37    1895  56     -2       64
  AVERAGE         69                        68      1       74

PRECIPITATION (IN)
  TODAY            0.00          3.99 1982   0.10  -0.10     0.00
  MONTH TO DATE    2.32                      3.05  -0.73     6.57
  SINCE JUN 1      6.36                     10.06  -3.70    15.05
  SINCE JAN 1     17.86                     19.39  -1.53    21.60

SNOWFALL (IN)
  TODAY            0.0           0.0    MM   0.0    0.0      0.0
  MONTH TO DATE    0.0                       0.0    0.0      0.0
  SINCE JUN 1      0.0                       0.0    0.0      0.0
  SINCE JUL 1      0.0                       0.0    0.0      0.0
  SNOW DEPTH       0

DEGREE DAYS
 HEATING
  TODAY            0                         2     -2        0
  MONTH TO DATE    3                        21    -18       34
  SINCE JUN 1     17                        82    -65       49
  SINCE JUL 1      8                        31    -23       40

 COOLING
  TODAY            4                         4      0        9
  MONTH TO DATE  236                       198     38      178
  SINCE JUN 1    747                       589    158      553
  SINCE JAN 1    780                       625    155      575
..................................................................


WIND (MPH)
  HIGHEST WIND SPEED     9   HIGHEST WIND DIRECTION    NE (60)
  HIGHEST GUST SPEED    13   HIGHEST GUST DIRECTION    NE (40)
  AVERAGE WIND SPEED     2.4


SKY COVER
  POSSIBLE SUNSHINE  MM
  AVERAGE SKY COVER 0.3


WEATHER CONDITIONS
 THE FOLLOWING WEATHER WAS RECORDED TODAY.
  FOG


RELATIVE HUMIDITY (PERCENT)
 HIGHEST   100           300 AM
 LOWEST     40           200 PM
 AVERAGE    70

..........................................................


THE SIOUX FALLS SD CLIMATE NORMALS FOR TOMORROW
                         NORMAL    RECORD    YEAR
 MAXIMUM TEMPERATURE (F)   79        97      1913
                                             1898
 MINIMUM TEMPERATURE (F)   56        36      1974


SUNRISE AND SUNSET
AUGUST 31 2016........SUNRISE   650 AM CDT   SUNSET   803 PM CDT
SEPTEMBER  1 2016.....SUNRISE   651 AM CDT   SUNSET   801 PM CDT


-  INDICATES NEGATIVE NUMBERS.
R  INDICATES RECORD WAS SET OR TIED.
MM INDICATES DATA IS MISSING.
T  INDICATES TRACE AMOUNT.




$$
