000
CDUS43 KFSD 242222
CLIFSD


CLIMATE REPORT
NATIONAL WEATHER SERVICE SIOUX FALLS SD
522 PM CDT SUN JUL 24 2016


...................................

...THE SIOUX FALLS SD CLIMATE SUMMARY FOR JULY 24 2016...
VALID TODAY AS OF 0500 PM LOCAL TIME.

CLIMATE NORMAL PERIOD 1981 TO 2010
CLIMATE RECORD PERIOD 1893 TO 2016


WEATHER ITEM   OBSERVED TIME   RECORD YEAR NORMAL DEPARTURE LAST
                VALUE   (LST)  VALUE       VALUE  FROM      YEAR
                                                  NORMAL
..................................................................
TEMPERATURE (F)
 TODAY
  MAXIMUM         80   1141 AM 105    1940  84     -4       91
  MINIMUM         67    508 AM  43    1904  62      5       69
  AVERAGE         74                        73      1       80

PRECIPITATION (IN)
  TODAY            T             2.52 2001   0.10  -0.10     0.00
  MONTH TO DATE    2.32                      2.41  -0.09     2.11
  SINCE JUN 1      4.04                      6.33  -2.29     6.40
  SINCE JAN 1     15.54                     15.66  -0.12    12.95

SNOWFALL (IN)
  TODAY            0.0           T    2014   0.0    0.0      0.0
  MONTH TO DATE    0.0                       0.0    0.0      0.0
  SINCE JUN 1      0.0                       0.0    0.0      0.0
  SINCE JUL 1      0.0                       0.0    0.0      0.0
  SNOW DEPTH       0

DEGREE DAYS
 HEATING
  TODAY            0                         0      0        0
  MONTH TO DATE    5                         0      5        6
  SINCE JUN 1     14                        51    -37       15
  SINCE JUL 1      5                         0      5        6

 COOLING
  TODAY            9                         8      1       15
  MONTH TO DATE  226                       200     26      174
  SINCE JUN 1    461                       335    126      313
  SINCE JAN 1    494                       371    123      335
..................................................................


WIND (MPH)
  HIGHEST WIND SPEED    17   HIGHEST WIND DIRECTION    NW (320)
  HIGHEST GUST SPEED    21   HIGHEST GUST DIRECTION    NW (320)
  AVERAGE WIND SPEED     8.2


SKY COVER
  POSSIBLE SUNSHINE  MM
  AVERAGE SKY COVER 0.5


WEATHER CONDITIONS
 THE FOLLOWING WEATHER WAS RECORDED TODAY.
  LIGHT RAIN


RELATIVE HUMIDITY (PERCENT)
 HIGHEST    93           500 AM
 LOWEST     54          1100 AM
 AVERAGE    74

..........................................................


THE SIOUX FALLS SD CLIMATE NORMALS FOR TOMORROW
                         NORMAL    RECORD    YEAR
 MAXIMUM TEMPERATURE (F)   84       108      1894
 MINIMUM TEMPERATURE (F)   62        45      1904


SUNRISE AND SUNSET
JULY 24 2016..........SUNRISE   609 AM CDT   SUNSET   858 PM CDT
JULY 25 2016..........SUNRISE   610 AM CDT   SUNSET   857 PM CDT


-  INDICATES NEGATIVE NUMBERS.
R  INDICATES RECORD WAS SET OR TIED.
MM INDICATES DATA IS MISSING.
T  INDICATES TRACE AMOUNT.




$$
