000
CDUS44 KTSA 310812
CLIFSM

CLIMATE REPORT
NATIONAL WEATHER SERVICE TULSA OK
313 AM CDT WED AUG 31 2016


...................................

...THE FORT SMITH ARKANSAS CLIMATE SUMMARY FOR AUGUST 30 2016...

CLIMATE NORMAL PERIOD 1981 TO 2010
CLIMATE RECORD PERIOD 1882 TO 2016


WEATHER ITEM   OBSERVED TIME   RECORD YEAR NORMAL DEPARTURE LAST
                VALUE   (LST)  VALUE       VALUE  FROM      YEAR
                                                  NORMAL
..................................................................
TEMPERATURE (F)
 YESTERDAY
  MAXIMUM         94    120 PM 107    2000  91      3       92
  MINIMUM         72    612 AM  52    1986  69      3       71
  AVERAGE         83                        80      3       82

PRECIPITATION (IN)
  YESTERDAY        0.00          0.97 1944   0.08  -0.08      T
  MONTH TO DATE    3.88                      2.49   1.39     4.43
  SINCE JUN 1      9.44                     10.07  -0.63    16.35
  SINCE JAN 1     26.65                     29.26  -2.61    49.60

DEGREE DAYS
 COOLING
  YESTERDAY       18                        15      3       17
  MONTH TO DATE  538                       517     21      461
  SINCE JUN 1   1648                      1438    210     1558
  SINCE JAN 1   1833                      1682    151     1798
..................................................................


WIND (MPH)
  HIGHEST WIND SPEED    16   HIGHEST WIND DIRECTION    NE (30)
  HIGHEST GUST SPEED    21   HIGHEST GUST DIRECTION    NE (30)
  AVERAGE WIND SPEED     3.5


SKY COVER
  POSSIBLE SUNSHINE  MM
  AVERAGE SKY COVER 0.0


WEATHER CONDITIONS
 THE FOLLOWING WEATHER WAS RECORDED YESTERDAY.
  THUNDERSTORM


RELATIVE HUMIDITY (PERCENT)
 HIGHEST    93           100 AM
 LOWEST     47           100 PM
 AVERAGE    70

..........................................................


THE FORT SMITH ARKANSAS CLIMATE NORMALS FOR TODAY
                         NORMAL    RECORD    YEAR
 MAXIMUM TEMPERATURE (F)   91       108      2000
 MINIMUM TEMPERATURE (F)   68        51      1915


SUNRISE AND SUNSET
AUGUST 31 2016........SUNRISE   649 AM CDT   SUNSET   745 PM CDT
SEPTEMBER  1 2016.....SUNRISE   650 AM CDT   SUNSET   744 PM CDT


-  INDICATES NEGATIVE NUMBERS.
R  INDICATES RECORD WAS SET OR TIED.
MM INDICATES DATA IS MISSING.
T  INDICATES TRACE AMOUNT.




$$

&&
...........................................................

THE ARKANSAS RIVER AT VAN BUREN

                   OBSERVED      24 HOUR     24 HOUR
                    VALUE        CHANGE      FORECAST

 STAGE (FEET)
  THIS MORNING       19.8         -0.1

MEAN FLOW (CFS)
  TODAY                                        -99
...........................................................
ALL DATA MEASURED AT THE FORT SMITH REGIONAL AIRPORT
