000
CDUS44 KTSA 232118
CLIFSM

CLIMATE REPORT
NATIONAL WEATHER SERVICE TULSA OK
418 PM CDT MON OCT 23 2017


...................................

...THE FORT SMITH ARKANSAS CLIMATE SUMMARY FOR OCTOBER 23 2017...
VALID TODAY AS OF 0400 PM LOCAL TIME.

CLIMATE NORMAL PERIOD 1981 TO 2010
CLIMATE RECORD PERIOD 1882 TO 2017


WEATHER ITEM   OBSERVED TIME   RECORD YEAR NORMAL DEPARTURE LAST
                VALUE   (LST)  VALUE       VALUE  FROM      YEAR
                                                  NORMAL
..................................................................
TEMPERATURE (F)
 TODAY
  MAXIMUM         60   1015 AM  91    1939  73    -13       82
  MINIMUM         44    644 AM  27    1952  49     -5       44
  AVERAGE         52                        61     -9       63

PRECIPITATION (IN)
  TODAY            0.00          3.06 1970   0.14  -0.14     0.00
  MONTH TO DATE    3.29                      3.18   0.11     0.37
  SINCE SEP 1      3.29                      7.23  -3.94     2.16
  SINCE JAN 1     45.40                     36.59   8.81    28.81

SNOWFALL (IN)
  TODAY            0.0                                       0.0
  MONTH TO DATE    0.0                                       0.0
  SINCE SEP 1      0.0                                       0.0
  SINCE JUL 1      0.0                                       0.0

DEGREE DAYS
 HEATING
  TODAY           13                         6      7        2
  MONTH TO DATE   44                        81    -37       24
  SINCE SEP 1     44                        98    -54       24
  SINCE JUL 1     44                        98    -54       24

 COOLING
  TODAY            0                         1     -1        0
  MONTH TO DATE  124                        59     65      133
  SINCE SEP 1    464                       342    122      516
  SINCE JAN 1   2228                      2037    191     2367
..................................................................


WIND (MPH)
  HIGHEST WIND SPEED    23   HIGHEST WIND DIRECTION     W (280)
  HIGHEST GUST SPEED    32   HIGHEST GUST DIRECTION     W (280)
  AVERAGE WIND SPEED     2.7


SKY COVER
  POSSIBLE SUNSHINE  MM
  AVERAGE SKY COVER 0.0


WEATHER CONDITIONS
 THE FOLLOWING WEATHER WAS RECORDED TODAY.
  NO SIGNIFICANT WEATHER WAS OBSERVED.


RELATIVE HUMIDITY (PERCENT)
 HIGHEST   100           100 AM
 LOWEST     62          1000 AM
 AVERAGE    81

..........................................................


THE FORT SMITH ARKANSAS CLIMATE NORMALS FOR TOMORROW
                         NORMAL    RECORD    YEAR
 MAXIMUM TEMPERATURE (F)   72        91      2003
 MINIMUM TEMPERATURE (F)   48        28      1982


SUNRISE AND SUNSET
OCTOBER 23 2017.......SUNRISE   731 AM CDT   SUNSET   632 PM CDT
OCTOBER 24 2017.......SUNRISE   732 AM CDT   SUNSET   631 PM CDT


-  INDICATES NEGATIVE NUMBERS.
R  INDICATES RECORD WAS SET OR TIED.
MM INDICATES DATA IS MISSING.
T  INDICATES TRACE AMOUNT.




$$

&&
...........................................................

THE ARKANSAS RIVER AT VAN BUREN

                   OBSERVED      24 HOUR     24 HOUR
                    VALUE        CHANGE      FORECAST

 STAGE (FEET)
  THIS AFTERNOON     19.3         -0.4

 MEAN FLOW (CFS)
  TODAY                                        1391
...........................................................
ALL DATA MEASURED AT THE FORT SMITH REGIONAL AIRPORT
