000
CDUS44 KTSA 240803
CLIFSM

CLIMATE REPORT
NATIONAL WEATHER SERVICE TULSA OK
302 AM CDT THU JUL 24 2014


...................................

...THE FORT SMITH ARKANSAS CLIMATE SUMMARY FOR JULY 23 2014...

CLIMATE NORMAL PERIOD 1981 TO 2010
CLIMATE RECORD PERIOD 1882 TO 2014


WEATHER ITEM   OBSERVED TIME   RECORD YEAR NORMAL DEPARTURE LAST
                VALUE   (LST)  VALUE       VALUE  FROM      YEAR
                                                  NORMAL
..................................................................
TEMPERATURE (F)
 YESTERDAY
  MAXIMUM         96    111 PM 107    2011  94      2      100
  MINIMUM         70   1159 PM  54    1947  72     -2       73
  AVERAGE         83                        83      0       87

PRECIPITATION (IN)
  YESTERDAY        0.30          5.73 1960   0.10   0.20     2.29
  MONTH TO DATE    1.72                      2.48  -0.76     2.67
  SINCE JUN 1      6.17                      6.76  -0.59     8.77
  SINCE JAN 1     20.91                     25.95  -5.04    29.75

DEGREE DAYS
 COOLING
  YESTERDAY       18                        18      0       22
  MONTH TO DATE  307                       394    -87      411
  SINCE JUN 1    745                       779    -34      864
  SINCE JAN 1   1023                      1023      0     1138
..................................................................


WIND (MPH)
  HIGHEST WIND SPEED    46   HIGHEST WIND DIRECTION    NW (310)
  HIGHEST GUST SPEED    66   HIGHEST GUST DIRECTION    NW (300)
  AVERAGE WIND SPEED     6.2


SKY COVER
  POSSIBLE SUNSHINE  MM
  AVERAGE SKY COVER 0.2


WEATHER CONDITIONS
 THE FOLLOWING WEATHER WAS RECORDED YESTERDAY.
  HEAVY RAIN
  RAIN
  LIGHT RAIN
  FOG


RELATIVE HUMIDITY (PERCENT)
 HIGHEST    93           900 PM
 LOWEST     60          1100 AM
 AVERAGE    77

..........................................................


THE FORT SMITH ARKANSAS CLIMATE NORMALS FOR TODAY
                         NORMAL    RECORD    YEAR
 MAXIMUM TEMPERATURE (F)   94       107      2011
                                             1934
 MINIMUM TEMPERATURE (F)   72        62      2000
                                             1894


SUNRISE AND SUNSET
JULY 24 2014..........SUNRISE   620 AM CDT   SUNSET   827 PM CDT
JULY 25 2014..........SUNRISE   621 AM CDT   SUNSET   827 PM CDT


-  INDICATES NEGATIVE NUMBERS.
R  INDICATES RECORD WAS SET OR TIED.
MM INDICATES DATA IS MISSING.
T  INDICATES TRACE AMOUNT.




$$

&&
...........................................................

THE ARKANSAS RIVER AT VAN BUREN

                   OBSERVED      24 HOUR     24 HOUR
                    VALUE        CHANGE      FORECAST

 STAGE (FEET)
  THIS MORNING       19.4         -0.1

MEAN FLOW (CFS)
  TODAY                                        13600
...........................................................
ALL DATA MEASURED AT THE FORT SMITH REGIONAL AIRPORT
