044
CDUS44 KTSA 250801
CLIFSM

CLIMATE REPORT
NATIONAL WEATHER SERVICE TULSA OK
147 AM CDT WED MAY 25 2016


...................................

...THE FORT SMITH ARKANSAS CLIMATE SUMMARY FOR MAY 24 2016...

CLIMATE NORMAL PERIOD 1981 TO 2010
CLIMATE RECORD PERIOD 1882 TO 2016


WEATHER ITEM   OBSERVED TIME   RECORD YEAR NORMAL DEPARTURE LAST
                VALUE   (LST)  VALUE       VALUE  FROM      YEAR
                                                  NORMAL
..................................................................
TEMPERATURE (F)
 YESTERDAY
  MAXIMUM         84    433 PM  95    1962  82      2       73
  MINIMUM         67    431 AM  45    1983  62      5       61
  AVERAGE         76                        72      4       67

PRECIPITATION (IN)
  YESTERDAY        0.08          2.90 1909   0.17  -0.09     2.84
  MONTH TO DATE    3.39                      4.31  -0.92    17.75
  SINCE MAR 1     14.75                     12.46   2.29    26.54
  SINCE JAN 1     16.90                     18.03  -1.13    31.15

DEGREE DAYS
 COOLING
  YESTERDAY       11                         7      4        2
  MONTH TO DATE   68                       119    -51      117
  SINCE MAR 1    116                       184    -68      185
  SINCE JAN 1    117                       185    -68      185
..................................................................


WIND (MPH)
  HIGHEST WIND SPEED    16   HIGHEST WIND DIRECTION     E (70)
  HIGHEST GUST SPEED    23   HIGHEST GUST DIRECTION     S (180)
  AVERAGE WIND SPEED     7.5


SKY COVER
  POSSIBLE SUNSHINE  MM
  AVERAGE SKY COVER 0.7


WEATHER CONDITIONS
 THE FOLLOWING WEATHER WAS RECORDED YESTERDAY.
  THUNDERSTORM
  LIGHT RAIN
  FOG


RELATIVE HUMIDITY (PERCENT)
 HIGHEST    93           100 AM
 LOWEST     61          1100 AM
 AVERAGE    77

..........................................................


THE FORT SMITH ARKANSAS CLIMATE NORMALS FOR TODAY
                         NORMAL    RECORD    YEAR
 MAXIMUM TEMPERATURE (F)   83        95      1964
 MINIMUM TEMPERATURE (F)   62        47      2001
                                             1979


SUNRISE AND SUNSET
MAY 25 2016...........SUNRISE   606 AM CDT   SUNSET   823 PM CDT
MAY 26 2016...........SUNRISE   606 AM CDT   SUNSET   823 PM CDT


-  INDICATES NEGATIVE NUMBERS.
R  INDICATES RECORD WAS SET OR TIED.
MM INDICATES DATA IS MISSING.
T  INDICATES TRACE AMOUNT.




$$

&&
...........................................................

THE ARKANSAS RIVER AT VAN BUREN

                   OBSERVED      24 HOUR     24 HOUR
                    VALUE        CHANGE      FORECAST

 STAGE (FEET)
  THIS MORNING       19.5         -0.4

MEAN FLOW (CFS)
  TODAY                                        -99
...........................................................
ALL DATA MEASURED AT THE FORT SMITH REGIONAL AIRPORT
