000
CDUS42 KFFC 230820
CLIFTY


CLIMATE REPORT
NATIONAL WEATHER SERVICE PEACHTREE CITY GA
419 AM EDT WED APR 23 2014


...................................

...THE FULTON COUNTY AIRPORT CLIMATE SUMMARY FOR APRIL 22 2014...

CLIMATE NORMAL PERIOD 1981 TO 2010
CLIMATE RECORD PERIOD 9999 TO 9999


WEATHER ITEM   OBSERVED TIME   RECORD YEAR NORMAL DEPARTURE LAST
                VALUE   (LST)  VALUE       VALUE  FROM      YEAR
                                                  NORMAL
..................................................................
TEMPERATURE (F)
 YESTERDAY
  MAXIMUM         70   1103 AM  MM      MM  75     -5       70
  MINIMUM         53    627 AM  MM      MM  51      2       50
  AVERAGE         62                        63     -1       60

PRECIPITATION (IN)
  YESTERDAY        0.06         MM      MM   0.14  -0.08     0.00
  MONTH TO DATE    5.60                      2.70   2.90     2.76
  SINCE MAR 1      8.62                      7.51   1.11     3.20
  SINCE JAN 1     14.29                     16.68  -2.39     3.20

SNOWFALL (IN)
  YESTERDAY       MM            MM      MM  MM     MM       MM
  MONTH TO DATE    0.0                      MM     MM        0.0
  SINCE MAR 1      0.0                      MM     MM        0.0
  SINCE JUL 1      T                        MM     MM        0.0
  SNOW DEPTH      MM

DEGREE DAYS
 HEATING
  YESTERDAY        3                         4     -1        5
  MONTH TO DATE  131                       129      2      125
  SINCE MAR 1    543                       488     55      144
  SINCE JUL 1   3110                      2828    282      144

 COOLING
  YESTERDAY        0                         1     -1        0
  MONTH TO DATE   12                        20     -8       27
  SINCE MAR 1     12                        26    -14       27
  SINCE JAN 1     12                        26    -14       27
..................................................................


WIND (MPH)
  RESULTANT WIND SPEED   2   RESULTANT WIND DIRECTION   W (280)
  HIGHEST WIND SPEED    12   HIGHEST WIND DIRECTION     W (280)
  HIGHEST GUST SPEED    15   HIGHEST GUST DIRECTION    NW (300)
  AVERAGE WIND SPEED     2.5


SKY COVER
  AVERAGE SKY COVER 0.4


WEATHER CONDITIONS
 THE FOLLOWING WEATHER WAS RECORDED YESTERDAY.
  LIGHT RAIN
  FOG


RELATIVE HUMIDITY (PERCENT)
 HIGHEST    93           200 AM
 LOWEST     66          1000 AM
 AVERAGE    80

..........................................................


THE FULTON COUNTY AIRPORT CLIMATE NORMALS FOR TODAY
                         NORMAL    RECORD    YEAR
 MAXIMUM TEMPERATURE (F)   75        MM        MM
 MINIMUM TEMPERATURE (F)   51        MM        MM


SUNRISE AND SUNSET
APRIL 23 2014.........SUNRISE   658 AM EDT   SUNSET   815 PM EDT
APRIL 24 2014.........SUNRISE   657 AM EDT   SUNSET   816 PM EDT


-  INDICATES NEGATIVE NUMBERS.
R  INDICATES RECORD WAS SET OR TIED.
MM INDICATES DATA IS MISSING.
T  INDICATES TRACE AMOUNT.




$$
