000
CDUS46 KSGX 260019
CLIFUL


CLIMATE REPORT
NATIONAL WEATHER SERVICE SAN DIEGO, CA
419 PM PST SUN JAN 25 2015


...................................

...THE FULLERTON AIRPORT CA CLIMATE SUMMARY FOR JANUARY 25 2015...
VALID TODAY AS OF 0400 PM LOCAL TIME.

CLIMATE NORMAL PERIOD 1981 TO 2010
CLIMATE RECORD PERIOD 1998 TO 2015


WEATHER ITEM   OBSERVED TIME   RECORD YEAR NORMAL DEPARTURE LAST
                VALUE   (LST)  VALUE       VALUE  FROM      YEAR
                                                  NORMAL
..................................................................
TEMPERATURE (F)
 TODAY
  MAXIMUM         85    122 PM  86    2003  68     17       76
  MINIMUM         54    728 AM  38    2002  45      9       55
  AVERAGE         70                        56     14       66

PRECIPITATION (IN)
  TODAY            0.00          0.71 2008   0.06  -0.06     0.00
  MONTH TO DATE    0.69                      2.57  -1.88     0.00
  SINCE OCT 1      4.51                      6.47  -1.96     1.31
  SINCE JAN 1      0.69                      2.57  -1.88     0.00

SNOWFALL (IN)
  TODAY            0.0
  MONTH TO DATE    0.0
  SINCE JAN 1      0.0
  SINCE JUL 1      0.0
  SNOW DEPTH       0

DEGREE DAYS
 HEATING
  TODAY            0                         9     -9        0
  MONTH TO DATE  116                       225   -109       80
  SINCE DEC 1    289                       501   -212      285
  SINCE JUL 1    313                       665   -352      361

 COOLING
  TODAY            5                         0      5        1
  MONTH TO DATE   12                         0     12       14
  SINCE DEC 1     16                         1     15       20
  SINCE JAN 1     12                         0     12       14
..................................................................


WIND (MPH)
  RESULTANT WIND SPEED   4   RESULTANT WIND DIRECTION   E (110)
  HIGHEST WIND SPEED    18   HIGHEST WIND DIRECTION     E (100)
  HIGHEST GUST SPEED    27   HIGHEST GUST DIRECTION    SE (120)
  AVERAGE WIND SPEED     5.3


SKY COVER
  POSSIBLE SUNSHINE  MM
  AVERAGE SKY COVER 0.0


WEATHER CONDITIONS
 THE FOLLOWING WEATHER WAS RECORDED TODAY.
  NO SIGNIFICANT WEATHER WAS OBSERVED.


RELATIVE HUMIDITY (PERCENT)
 HIGHEST    41           600 AM
 LOWEST     11          1200 PM
 AVERAGE    26

..........................................................


THE FULLERTON AIRPORT CA CLIMATE NORMALS FOR TOMORROW
                         NORMAL    RECORD    YEAR
 MAXIMUM TEMPERATURE (F)   68        87      2003
 MINIMUM TEMPERATURE (F)   45        39      2007


SUNRISE AND SUNSET
JANUARY 25 2015.......SUNRISE   653 AM PST   SUNSET   516 PM PST
JANUARY 26 2015.......SUNRISE   653 AM PST   SUNSET   517 PM PST


-  INDICATES NEGATIVE NUMBERS.
R  INDICATES RECORD WAS SET OR TIED.
MM INDICATES DATA IS MISSING.
T  INDICATES TRACE AMOUNT.




$$
