000
CDUS46 KSGX 120027
CLIFUL


CLIMATE REPORT
NATIONAL WEATHER SERVICE SAN DIEGO, CA
527 PM PDT FRI JUL 11 2014


...................................

...THE FULLERTON AIRPORT CA CLIMATE SUMMARY FOR JULY 11 2014...
VALID TODAY AS OF 0500 PM LOCAL TIME.

CLIMATE NORMAL PERIOD 1981 TO 2010
CLIMATE RECORD PERIOD 1998 TO 2014


WEATHER ITEM   OBSERVED TIME   RECORD YEAR NORMAL DEPARTURE LAST
                VALUE   (LST)  VALUE       VALUE  FROM      YEAR
                                                  NORMAL
..................................................................
TEMPERATURE (F)
 TODAY
  MAXIMUM         86    319 PM  95    2009  83      3       79
  MINIMUM         67   1244 AM  61    2001  64      3       71
  AVERAGE         77                        74      3       75

PRECIPITATION (IN)
  TODAY            0.00          T    2002   0.00   0.00      T
                                      2002
                                      2013
  MONTH TO DATE    0.00                      0.01  -0.01      T
  SINCE JUL 1      0.00                      0.01  -0.01      T
  SINCE JAN 1      3.46                      9.66  -6.20     2.53

SNOWFALL (IN)
  TODAY            0.0
  MONTH TO DATE    0.0
  SINCE JAN 1      0.0
  SINCE JUL 1      0.0
  SNOW DEPTH       0

DEGREE DAYS
 HEATING
  TODAY            0                         0      0        0
  MONTH TO DATE    0                         0      0        0
  SINCE JUN 1      0                         2     -2        0
  SINCE JUL 1      0                         0      0        0

 COOLING
  TODAY           12                         9      3       10
  MONTH TO DATE  143                        87     56      144
  SINCE JUN 1    360                       232    128      419
  SINCE JAN 1    718                       355    363      774
..................................................................


WIND (MPH)
  RESULTANT WIND SPEED   1   RESULTANT WIND DIRECTION   S (160)
  HIGHEST WIND SPEED    13   HIGHEST WIND DIRECTION    SW (210)
  HIGHEST GUST SPEED    17   HIGHEST GUST DIRECTION    SW (230)
  AVERAGE WIND SPEED     3.9


SKY COVER
  POSSIBLE SUNSHINE  MM
  AVERAGE SKY COVER 0.5


WEATHER CONDITIONS
 THE FOLLOWING WEATHER WAS RECORDED TODAY.
  NO SIGNIFICANT WEATHER WAS OBSERVED.


RELATIVE HUMIDITY (PERCENT)
 HIGHEST    76          1200 AM
 LOWEST     43           400 PM
 AVERAGE    60

..........................................................


THE FULLERTON AIRPORT CA CLIMATE NORMALS FOR TOMORROW
                         NORMAL    RECORD    YEAR
 MAXIMUM TEMPERATURE (F)   83        97      2006
 MINIMUM TEMPERATURE (F)   64        58      2001


SUNRISE AND SUNSET
JULY 11 2014..........SUNRISE   550 AM PDT   SUNSET   805 PM PDT
JULY 12 2014..........SUNRISE   550 AM PDT   SUNSET   804 PM PDT


-  INDICATES NEGATIVE NUMBERS.
R  INDICATES RECORD WAS SET OR TIED.
MM INDICATES DATA IS MISSING.
T  INDICATES TRACE AMOUNT.




$$
