000
CDUS46 KSGX 071517
CLIFUL


CLIMATE REPORT
NATIONAL WEATHER SERVICE SAN DIEGO, CA
716 AM PST SUN FEB 7 2016


...................................

...THE FULLERTON AIRPORT CA CLIMATE SUMMARY FOR FEBRUARY 6 2016...

CLIMATE NORMAL PERIOD 1981 TO 2010
CLIMATE RECORD PERIOD 1998 TO 2016


WEATHER ITEM   OBSERVED TIME   RECORD YEAR NORMAL DEPARTURE LAST
                VALUE   (LST)  VALUE       VALUE  FROM      YEAR
                                                  NORMAL
..................................................................
TEMPERATURE (F)
 YESTERDAY
  MAXIMUM         81    358 PM  83    2006  68     13       76
  MINIMUM         48    606 AM  41    2008  46      2       52
  AVERAGE         65                        57      8       64

PRECIPITATION (IN)
  YESTERDAY        0.00          1.56 2010   0.09  -0.09     0.00
  MONTH TO DATE    0.00                      0.50  -0.50     0.00
  SINCE OCT 1      3.71                      7.43  -3.72     4.69
  SINCE JAN 1      2.66                      3.53  -0.87     0.87

DEGREE DAYS
 HEATING
  YESTERDAY        0                         8     -8        1
  MONTH TO DATE   49                        48      1        7
  SINCE DEC 1    555                       601    -46      296
  SINCE JUL 1    660                       765   -105      320

 COOLING
  YESTERDAY        0                         0      0        0
  MONTH TO DATE    0                         0      0        1
  SINCE DEC 1      1                         5     -4       24
  SINCE JAN 1      0                         4     -4       20
..................................................................


WIND (MPH)
  RESULTANT WIND SPEED   2   RESULTANT WIND DIRECTION   E (70)
  HIGHEST WIND SPEED    12   HIGHEST WIND DIRECTION     E (90)
  HIGHEST GUST SPEED    16   HIGHEST GUST DIRECTION     E (90)
  AVERAGE WIND SPEED     2.9


SKY COVER
  POSSIBLE SUNSHINE  MM
  AVERAGE SKY COVER 0.0


WEATHER CONDITIONS
 THE FOLLOWING WEATHER WAS RECORDED YESTERDAY.
  NO SIGNIFICANT WEATHER WAS OBSERVED.


RELATIVE HUMIDITY (PERCENT)
 HIGHEST    46           600 AM
 LOWEST     10           200 PM
 AVERAGE    28

..........................................................


THE FULLERTON AIRPORT CA CLIMATE NORMALS FOR TODAY
                         NORMAL    RECORD    YEAR
 MAXIMUM TEMPERATURE (F)   68        84      2006
 MINIMUM TEMPERATURE (F)   47        41      2002


SUNRISE AND SUNSET
FEBRUARY  7 2016......SUNRISE   644 AM PST   SUNSET   528 PM PST
FEBRUARY  8 2016......SUNRISE   643 AM PST   SUNSET   529 PM PST


-  INDICATES NEGATIVE NUMBERS.
R  INDICATES RECORD WAS SET OR TIED.
MM INDICATES DATA IS MISSING.
T  INDICATES TRACE AMOUNT.




$$
