000
CDUS46 KSGX 220024
CLIFUL


CLIMATE REPORT
NATIONAL WEATHER SERVICE SAN DIEGO, CA
424 PM PST FRI NOV 21 2014


...................................

...THE FULLERTON AIRPORT CA CLIMATE SUMMARY FOR NOVEMBER 21 2014...
VALID TODAY AS OF 0400 PM LOCAL TIME.

CLIMATE NORMAL PERIOD 1981 TO 2010
CLIMATE RECORD PERIOD 1998 TO 2014


WEATHER ITEM   OBSERVED TIME   RECORD YEAR NORMAL DEPARTURE LAST
                VALUE   (LST)  VALUE       VALUE  FROM      YEAR
                                                  NORMAL
..................................................................
TEMPERATURE (F)
 TODAY
  MAXIMUM         73    210 PM  89    2002  71      2       66
  MINIMUM         54    655 AM  44    2004  48      6       57
  AVERAGE         64                        60      4       62

PRECIPITATION (IN)
  TODAY            0.00          0.56 2004   0.03  -0.03     0.25
  MONTH TO DATE    0.25                      0.79  -0.54     0.38
  SINCE JUL 1      0.54                      1.87  -1.33     0.51
  SINCE JAN 1      4.00                     11.52  -7.52     3.04

SNOWFALL (IN)
  TODAY            0.0
  MONTH TO DATE    0.0
  SINCE JAN 1      0.0
  SINCE JUL 1      0.0
  SNOW DEPTH       0

DEGREE DAYS
 HEATING
  TODAY            1                         6     -5        3
  MONTH TO DATE   17                        79    -62       24
  SINCE SEP 1     17                       103    -86       45
  SINCE JUL 1     17                       103    -86       45

 COOLING
  TODAY            0                         0      0        0
  MONTH TO DATE   47                        19     28       37
  SINCE SEP 1    733                       387    346      506
  SINCE JAN 1   2095                      1250    845     1896
..................................................................


WIND (MPH)
  RESULTANT WIND SPEED   0   RESULTANT WIND DIRECTION  SE (140)
  HIGHEST WIND SPEED    10   HIGHEST WIND DIRECTION    SW (210)
  HIGHEST GUST SPEED    15   HIGHEST GUST DIRECTION    SW (210)
  AVERAGE WIND SPEED     1.4


SKY COVER
  POSSIBLE SUNSHINE  MM
  AVERAGE SKY COVER 0.2


WEATHER CONDITIONS
 THE FOLLOWING WEATHER WAS RECORDED TODAY.
  NO SIGNIFICANT WEATHER WAS OBSERVED.


RELATIVE HUMIDITY (PERCENT)
 HIGHEST    93           700 AM
 LOWEST     41           100 PM
 AVERAGE    67

..........................................................


THE FULLERTON AIRPORT CA CLIMATE NORMALS FOR TOMORROW
                         NORMAL    RECORD    YEAR
 MAXIMUM TEMPERATURE (F)   71        82      2005
 MINIMUM TEMPERATURE (F)   48        42      2010


SUNRISE AND SUNSET
NOVEMBER 21 2014......SUNRISE   630 AM PST   SUNSET   445 PM PST
NOVEMBER 22 2014......SUNRISE   631 AM PST   SUNSET   445 PM PST


-  INDICATES NEGATIVE NUMBERS.
R  INDICATES RECORD WAS SET OR TIED.
MM INDICATES DATA IS MISSING.
T  INDICATES TRACE AMOUNT.




$$
