663
CDUS46 KSGX 271430
CLIFUL


CLIMATE REPORT
NATIONAL WEATHER SERVICE SAN DIEGO, CA
730 AM PDT MON MAR 27 2017


...................................

...THE FULLERTON AIRPORT CA CLIMATE SUMMARY FOR MARCH 26 2017...

CLIMATE NORMAL PERIOD 1981 TO 2010
CLIMATE RECORD PERIOD 1998 TO 2017


WEATHER ITEM   OBSERVED TIME   RECORD YEAR NORMAL DEPARTURE LAST
                VALUE   (LST)  VALUE       VALUE  FROM      YEAR
                                                  NORMAL
..................................................................
TEMPERATURE (F)
 YESTERDAY
  MAXIMUM         71    101 PM  96    2015  70      1       76
  MINIMUM         52    516 AM  45    1999  50      2       56
  AVERAGE         62                        60      2       66

PRECIPITATION (IN)
  YESTERDAY        0.00          T    2012   0.03  -0.03     0.00
  MONTH TO DATE    0.26                      1.98  -1.72     0.88
  SINCE OCT 1     16.34                     12.16   4.18     5.06
  SINCE JAN 1     10.43                      8.26   2.17     4.01

DEGREE DAYS
 HEATING
  YESTERDAY        3                         5     -2        0
  MONTH TO DATE   54                       145    -91       40
  SINCE MAR 1     54                       145    -91       40
  SINCE JUL 1    751                      1067   -316      719

 COOLING
  YESTERDAY        0                         0      0        1
  MONTH TO DATE   34                         8     26       21
  SINCE MAR 1     34                         8     26       21
  SINCE JAN 1     37                        17     20       93
..................................................................


WIND (MPH)
  RESULTANT WIND SPEED   2   RESULTANT WIND DIRECTION   S (170)
  HIGHEST WIND SPEED    14   HIGHEST WIND DIRECTION     S (200)
  HIGHEST GUST SPEED    21   HIGHEST GUST DIRECTION     S (190)
  AVERAGE WIND SPEED     3.6


SKY COVER
  POSSIBLE SUNSHINE  MM
  AVERAGE SKY COVER 0.4


WEATHER CONDITIONS
 THE FOLLOWING WEATHER WAS RECORDED YESTERDAY.
  NO SIGNIFICANT WEATHER WAS OBSERVED.


RELATIVE HUMIDITY (PERCENT)
 HIGHEST    96           500 AM
 LOWEST     53           100 PM
 AVERAGE    75

..........................................................


THE FULLERTON AIRPORT CA CLIMATE NORMALS FOR TODAY
                         NORMAL    RECORD    YEAR
 MAXIMUM TEMPERATURE (F)   71        91      2015
 MINIMUM TEMPERATURE (F)   50        47      2012


SUNRISE AND SUNSET
MARCH 27 2017.........SUNRISE   646 AM PDT   SUNSET   709 PM PDT
MARCH 28 2017.........SUNRISE   644 AM PDT   SUNSET   710 PM PDT


-  INDICATES NEGATIVE NUMBERS.
R  INDICATES RECORD WAS SET OR TIED.
MM INDICATES DATA IS MISSING.
T  INDICATES TRACE AMOUNT.




$$
