000
CDUS46 KSGX 281421
CLIFUL


CLIMATE REPORT
NATIONAL WEATHER SERVICE SAN DIEGO, CA
721 AM PDT THU JUL 28 2016


...................................

...THE FULLERTON AIRPORT CA CLIMATE SUMMARY FOR JULY 27 2016...

CLIMATE NORMAL PERIOD 1981 TO 2010
CLIMATE RECORD PERIOD 1998 TO 2016


WEATHER ITEM   OBSERVED TIME   RECORD YEAR NORMAL DEPARTURE LAST
                VALUE   (LST)  VALUE       VALUE  FROM      YEAR
                                                  NORMAL
..................................................................
TEMPERATURE (F)
 YESTERDAY
  MAXIMUM         93   1213 PM  95    2007  84      9       82
  MINIMUM         72    531 AM  60    2010  65      7       68
  AVERAGE         83                        75      8       75

PRECIPITATION (IN)
  YESTERDAY        0.00          T    2014   0.01  -0.01     0.00
  MONTH TO DATE    0.00                      0.04  -0.04     0.48
  SINCE OCT 1      5.26                     13.59  -8.33     6.83
  SINCE JAN 1      4.21                      9.69  -5.48     3.01

DEGREE DAYS
 HEATING
  YESTERDAY        0                         0      0        0
  MONTH TO DATE    0                         0      0        0
  SINCE JUN 1      0                         2     -2        0
  SINCE JUL 1      0                         0      0        0

 COOLING
  YESTERDAY       18                        10      8       10
  MONTH TO DATE  342                       234    108      296
  SINCE JUN 1    602                       379    223      550
  SINCE JAN 1    838                       502    336      892
..................................................................


WIND (MPH)
  RESULTANT WIND SPEED   3   RESULTANT WIND DIRECTION   S (190)
  HIGHEST WIND SPEED    13   HIGHEST WIND DIRECTION     S (190)
  HIGHEST GUST SPEED    18   HIGHEST GUST DIRECTION     S (200)
  AVERAGE WIND SPEED     4.1


SKY COVER
  POSSIBLE SUNSHINE  MM
  AVERAGE SKY COVER 0.0


WEATHER CONDITIONS
 THE FOLLOWING WEATHER WAS RECORDED YESTERDAY.
  NO SIGNIFICANT WEATHER WAS OBSERVED.


RELATIVE HUMIDITY (PERCENT)
 HIGHEST    73           100 AM
 LOWEST     20           400 PM
 AVERAGE    47

..........................................................


THE FULLERTON AIRPORT CA CLIMATE NORMALS FOR TODAY
                         NORMAL    RECORD    YEAR
 MAXIMUM TEMPERATURE (F)   84        94      2014
 MINIMUM TEMPERATURE (F)   65        58      2010


SUNRISE AND SUNSET
JULY 28 2016..........SUNRISE   601 AM PDT   SUNSET   755 PM PDT
JULY 29 2016..........SUNRISE   602 AM PDT   SUNSET   754 PM PDT


-  INDICATES NEGATIVE NUMBERS.
R  INDICATES RECORD WAS SET OR TIED.
MM INDICATES DATA IS MISSING.
T  INDICATES TRACE AMOUNT.




$$
