000
CDUS46 KSGX 240019
CLIFUL


CLIMATE REPORT
NATIONAL WEATHER SERVICE SAN DIEGO, CA
518 PM PDT MON OCT 23 2017


...................................

...THE FULLERTON AIRPORT CA CLIMATE SUMMARY FOR OCTOBER 23 2017...
VALID TODAY AS OF 0500 PM LOCAL TIME.

CLIMATE NORMAL PERIOD 1981 TO 2010
CLIMATE RECORD PERIOD 1998 TO 2017


WEATHER ITEM   OBSERVED TIME   RECORD YEAR NORMAL DEPARTURE LAST
                VALUE   (LST)  VALUE       VALUE  FROM      YEAR
                                                  NORMAL
..................................................................
TEMPERATURE (F)
 TODAY
  MAXIMUM        107R   203 PM  99    2007  78     29       83
  MINIMUM         61    551 AM  51    2004  56      5       60
  AVERAGE         84                        67     17       72

PRECIPITATION (IN)
  TODAY            0.00          0.05 2016   0.03  -0.03     0.05
  MONTH TO DATE    T                         0.49  -0.49     0.32
  SINCE OCT 1      T                         0.49  -0.49     0.32
  SINCE JAN 1     11.18                     10.47   0.71     4.53

DEGREE DAYS
 HEATING
  TODAY            0                         1     -1        0
  MONTH TO DATE    0                         8     -8        0
  SINCE SEP 1      0                         9     -9        0
  SINCE JUL 1      0                         9     -9        0

 COOLING
  TODAY           19                         3     16        7
  MONTH TO DATE  188                        95     93      159
  SINCE SEP 1    490                       350    140      481
  SINCE JAN 1   1720                      1213    507     1756
..................................................................


WIND (MPH)
  RESULTANT WIND SPEED   2   RESULTANT WIND DIRECTION   E (80)
  HIGHEST WIND SPEED    17   HIGHEST WIND DIRECTION     E (90)
  HIGHEST GUST SPEED    20   HIGHEST GUST DIRECTION     E (90)
  AVERAGE WIND SPEED     3.1


SKY COVER
  POSSIBLE SUNSHINE  MM
  AVERAGE SKY COVER 0.0


WEATHER CONDITIONS
 THE FOLLOWING WEATHER WAS RECORDED TODAY.
  NO SIGNIFICANT WEATHER WAS OBSERVED.


RELATIVE HUMIDITY (PERCENT)
 HIGHEST    56           400 AM
 LOWEST      4           100 PM
 AVERAGE    30

..........................................................


THE FULLERTON AIRPORT CA CLIMATE NORMALS FOR TOMORROW
                         NORMAL    RECORD    YEAR
 MAXIMUM TEMPERATURE (F)   77        97      2007
 MINIMUM TEMPERATURE (F)   56        54      2008


SUNRISE AND SUNSET
OCTOBER 23 2017.......SUNRISE   704 AM PDT   SUNSET   608 PM PDT
OCTOBER 24 2017.......SUNRISE   704 AM PDT   SUNSET   607 PM PDT


-  INDICATES NEGATIVE NUMBERS.
R  INDICATES RECORD WAS SET OR TIED.
MM INDICATES DATA IS MISSING.
T  INDICATES TRACE AMOUNT.




$$
