000
CDUS46 KSGX 210120
CLIFUL


CLIMATE REPORT
NATIONAL WEATHER SERVICE SAN DIEGO, CA
519 PM PST FRI JAN 20 2017


...................................

...THE FULLERTON AIRPORT CA CLIMATE SUMMARY FOR JANUARY 20 2017...
VALID TODAY AS OF 0500 PM LOCAL TIME.

CLIMATE NORMAL PERIOD 1981 TO 2010
CLIMATE RECORD PERIOD 1998 TO 2017


WEATHER ITEM   OBSERVED TIME   RECORD YEAR NORMAL DEPARTURE LAST
                VALUE   (LST)  VALUE       VALUE  FROM      YEAR
                                                  NORMAL
..................................................................
TEMPERATURE (F)
 TODAY
  MAXIMUM         61    159 PM  85    2013  68     -7       71
  MINIMUM         53   1209 PM  37    2006  45      8       53
  AVERAGE         57                        56      1       62

PRECIPITATION (IN)
  TODAY            1.04          2.22 2010   0.10   0.94     0.00
  MONTH TO DATE    4.31                      2.13   2.18     2.35
  SINCE OCT 1     10.22                      6.03   4.19     3.40
  SINCE JAN 1      4.31                      2.13   2.18     2.35

DEGREE DAYS
 HEATING
  TODAY            8                         9     -1        3
  MONTH TO DATE  154                       180    -26      169
  SINCE DEC 1    360                       456    -96      446
  SINCE JUL 1    424                       620   -196      551

 COOLING
  TODAY            0                         0      0        0
  MONTH TO DATE    0                         0      0        0
  SINCE DEC 1      0                         1     -1        1
  SINCE JAN 1      0                         0      0        0
..................................................................


WIND (MPH)
  RESULTANT WIND SPEED   4   RESULTANT WIND DIRECTION   S (160)
  HIGHEST WIND SPEED    22   HIGHEST WIND DIRECTION     S (180)
  HIGHEST GUST SPEED    35   HIGHEST GUST DIRECTION    SE (150)
  AVERAGE WIND SPEED     6.0


SKY COVER
  POSSIBLE SUNSHINE  MM
  AVERAGE SKY COVER 0.9


WEATHER CONDITIONS
 THE FOLLOWING WEATHER WAS RECORDED TODAY.
  HEAVY RAIN
  RAIN
  LIGHT RAIN
  FOG


RELATIVE HUMIDITY (PERCENT)
 HIGHEST   100           100 AM
 LOWEST     80           300 PM
 AVERAGE    90

..........................................................


THE FULLERTON AIRPORT CA CLIMATE NORMALS FOR TOMORROW
                         NORMAL    RECORD    YEAR
 MAXIMUM TEMPERATURE (F)   68        86      2013
 MINIMUM TEMPERATURE (F)   45        35      2006


SUNRISE AND SUNSET
JANUARY 20 2017.......SUNRISE   655 AM PST   SUNSET   511 PM PST
JANUARY 21 2017.......SUNRISE   655 AM PST   SUNSET   512 PM PST


-  INDICATES NEGATIVE NUMBERS.
R  INDICATES RECORD WAS SET OR TIED.
MM INDICATES DATA IS MISSING.
T  INDICATES TRACE AMOUNT.




$$
