000
CDUS41 KCAR 240535
CLIFVE


CLIMATE REPORT
NATIONAL WEATHER SERVICE CARIBOU, ME
132 AM EDT TUE MAY 24 2016


...................................

...THE FRENCHVILLE ME CLIMATE SUMMARY FOR MAY 23 2016...

CLIMATE NORMAL PERIOD 1981 TO 2010
CLIMATE RECORD PERIOD 9999 TO 9999


WEATHER ITEM   OBSERVED TIME   RECORD YEAR NORMAL DEPARTURE LAST
                VALUE   (LST)  VALUE       VALUE  FROM      YEAR
                                                  NORMAL
..................................................................
TEMPERATURE (F)
 YESTERDAY
  MAXIMUM         79    448 PM              63     16
  MINIMUM         44    426 AM              42      2
  AVERAGE         62                        53      9

PRECIPITATION (IN)
  YESTERDAY        0.00         MM      MM   0.10  -0.10      T
  MONTH TO DATE    1.80                      2.15  -0.35     1.70
  SINCE MAR 1      5.59                      6.44  -0.85     3.93
  SINCE JAN 1      9.07                      9.01   0.06     4.74

SNOWFALL (IN)
  YESTERDAY       MM            MM      MM  MM     MM       MM
  MONTH TO DATE   MM                        MM     MM       MM
  SINCE MAR 1     MM                        MM     MM       MM
  SINCE JUL 1     MM                        MM     MM       MM
  SNOW DEPTH      MM

DEGREE DAYS
 HEATING
  YESTERDAY        3                               -9
  MONTH TO DATE  339                              -26
  SINCE JUL 1   8721                             -776

 COOLING
  YESTERDAY        0                                0
  MONTH TO DATE    2                                2
  SINCE JAN 1      2                                2
..................................................................


WIND (MPH)
  HIGHEST WIND SPEED    13   HIGHEST WIND DIRECTION    NW (330)
  HIGHEST GUST SPEED    16   HIGHEST GUST DIRECTION     N (340)
  AVERAGE WIND SPEED     4.4




..........................................................


THE FRENCHVILLE ME CLIMATE NORMALS FOR TODAY
                         NORMAL
 MAXIMUM TEMPERATURE (F)   64
 MINIMUM TEMPERATURE (F)   43


SUNRISE AND SUNSET
MAY 24 2016...........SUNRISE   447 AM EDT   SUNSET   814 PM EDT
MAY 25 2016...........SUNRISE   446 AM EDT   SUNSET   815 PM EDT


-  INDICATES NEGATIVE NUMBERS.
R  INDICATES RECORD WAS SET OR TIED.
MM INDICATES DATA IS MISSING.
T  INDICATES TRACE AMOUNT.




$$
