000
CDUS41 KCAR 242026
CLIFVE


CLIMATE REPORT
NATIONAL WEATHER SERVICE CARIBOU, ME
426 PM EDT THU JUL 24 2014


...................................

...THE FRENCHVILLE ME CLIMATE SUMMARY FOR JULY 24 2014...
VALID TODAY AS OF 0400 PM LOCAL TIME.

CLIMATE NORMAL PERIOD 1981 TO 2010
CLIMATE RECORD PERIOD 9999 TO 9999


WEATHER ITEM   OBSERVED TIME   RECORD YEAR NORMAL DEPARTURE LAST
                VALUE   (LST)  VALUE       VALUE  FROM      YEAR
                                                  NORMAL
..................................................................
TEMPERATURE (F)
 TODAY
  MAXIMUM         68    259 PM              74     -6
  MINIMUM         49    548 AM              55     -6
  AVERAGE         59                        65     -6

PRECIPITATION (IN)
  TODAY            0.00         MM      MM   0.12  -0.12     0.15
  MONTH TO DATE    3.27                      3.52  -0.25     1.24
  SINCE JUN 1      7.38                      7.37   0.01     7.00
  SINCE JAN 1     17.75                     17.27   0.48    16.89

SNOWFALL (IN)
  TODAY           MM            MM      MM  MM     MM       MM
  MONTH TO DATE   MM                        MM     MM       MM
  SINCE JUN 1     MM                        MM     MM       MM
  SINCE JUL 1     MM                        MM     MM       MM
  SNOW DEPTH      MM

DEGREE DAYS
 HEATING
  TODAY            6                                4
  MONTH TO DATE   39                              -16
  SINCE JUL 1     39                              -16

 COOLING
  TODAY            0                               -2
  MONTH TO DATE   71                               24
  SINCE JAN 1     98                               23
..................................................................


WIND (MPH)
  HIGHEST WIND SPEED    20   HIGHEST WIND DIRECTION     N (350)
  HIGHEST GUST SPEED    26   HIGHEST GUST DIRECTION     N (350)
  AVERAGE WIND SPEED     9.0




..........................................................


THE FRENCHVILLE ME CLIMATE NORMALS FOR TOMORROW
                         NORMAL
 MAXIMUM TEMPERATURE (F)   74
 MINIMUM TEMPERATURE (F)   55


SUNRISE AND SUNSET
JULY 24 2014..........SUNRISE   502 AM EDT   SUNSET   817 PM EDT
JULY 25 2014..........SUNRISE   503 AM EDT   SUNSET   816 PM EDT


-  INDICATES NEGATIVE NUMBERS.
R  INDICATES RECORD WAS SET OR TIED.
MM INDICATES DATA IS MISSING.
T  INDICATES TRACE AMOUNT.




$$
