000
CDUS41 KCAR 310529
CLIFVE


CLIMATE REPORT
NATIONAL WEATHER SERVICE CARIBOU, ME
128 AM EDT FRI JUL 31 2015


...................................

...THE FRENCHVILLE ME CLIMATE SUMMARY FOR JULY 30 2015...

CLIMATE NORMAL PERIOD 1981 TO 2010
CLIMATE RECORD PERIOD 9999 TO 9999


WEATHER ITEM   OBSERVED TIME   RECORD YEAR NORMAL DEPARTURE LAST
                VALUE   (LST)  VALUE       VALUE  FROM      YEAR
                                                  NORMAL
..................................................................
TEMPERATURE (F)
 YESTERDAY
  MAXIMUM         81    233 PM              74      7
  MINIMUM         54    337 AM              55     -1
  AVERAGE         68                        65      3

PRECIPITATION (IN)
  YESTERDAY        0.34         MM      MM   0.11   0.23     0.00
  MONTH TO DATE    3.20                      4.21  -1.01     6.04
  SINCE JUN 1      7.95                      8.06  -0.11    10.15
  SINCE JAN 1     13.49                     17.96  -4.47    20.52

SNOWFALL (IN)
  YESTERDAY       MM            MM      MM  MM     MM       MM
  MONTH TO DATE   MM                        MM     MM       MM
  SINCE JUN 1     MM                        MM     MM       MM
  SINCE JUL 1     MM                        MM     MM       MM
  SNOW DEPTH      MM

DEGREE DAYS
 HEATING
  YESTERDAY        0                               -2
  MONTH TO DATE  109                               42
  SINCE JUL 1    109                               42

 COOLING
  YESTERDAY        3                                1
  MONTH TO DATE   24                              -35
  SINCE JAN 1     35                              -52
..................................................................


WIND (MPH)
  HIGHEST WIND SPEED    25   HIGHEST WIND DIRECTION     W (250)
  HIGHEST GUST SPEED    40   HIGHEST GUST DIRECTION    SW (240)
  AVERAGE WIND SPEED     6.9




..........................................................


THE FRENCHVILLE ME CLIMATE NORMALS FOR TODAY
                         NORMAL
 MAXIMUM TEMPERATURE (F)   74
 MINIMUM TEMPERATURE (F)   55


SUNRISE AND SUNSET
JULY 31 2015..........SUNRISE   510 AM EDT   SUNSET   808 PM EDT
AUGUST  1 2015........SUNRISE   511 AM EDT   SUNSET   807 PM EDT


-  INDICATES NEGATIVE NUMBERS.
R  INDICATES RECORD WAS SET OR TIED.
MM INDICATES DATA IS MISSING.
T  INDICATES TRACE AMOUNT.




$$
