000
CDUS41 KCAR 280541
CLIFVE


CLIMATE REPORT
NATIONAL WEATHER SERVICE CARIBOU, ME
138 AM EDT SUN AUG 28 2016


...................................

...THE FRENCHVILLE ME CLIMATE SUMMARY FOR AUGUST 27 2016...

CLIMATE NORMAL PERIOD 1981 TO 2010
CLIMATE RECORD PERIOD 9999 TO 9999


WEATHER ITEM   OBSERVED TIME   RECORD YEAR NORMAL DEPARTURE LAST
                VALUE   (LST)  VALUE       VALUE  FROM      YEAR
                                                  NORMAL
..................................................................
TEMPERATURE (F)
 YESTERDAY
  MAXIMUM         74    316 PM              70      4
  MINIMUM         53   1159 PM              51      2
  AVERAGE         64                        60      4

PRECIPITATION (IN)
  YESTERDAY        0.00         MM      MM   0.14  -0.14     0.13
  MONTH TO DATE    2.63                      3.41  -0.78     4.20
  SINCE JUN 1     12.46                     11.57   0.89    12.15
  SINCE JAN 1     22.55                     21.47   1.08    17.69

SNOWFALL (IN)
  YESTERDAY       MM            MM      MM  MM     MM       MM
  MONTH TO DATE   MM                        MM     MM       MM
  SINCE JUN 1     MM                        MM     MM       MM
  SINCE JUL 1     MM                        MM     MM       MM
  SNOW DEPTH      MM

DEGREE DAYS
 HEATING
  YESTERDAY        1                               -5
  MONTH TO DATE   37                              -59
  SINCE JUL 1    100                              -66

 COOLING
  YESTERDAY        0                               -1
  MONTH TO DATE   68                               27
  SINCE JAN 1    198                               75
..................................................................


WIND (MPH)
  HIGHEST WIND SPEED    17   HIGHEST WIND DIRECTION    NW (330)
  HIGHEST GUST SPEED    23   HIGHEST GUST DIRECTION     N (340)
  AVERAGE WIND SPEED     8.3




..........................................................


THE FRENCHVILLE ME CLIMATE NORMALS FOR TODAY
                         NORMAL
 MAXIMUM TEMPERATURE (F)   70
 MINIMUM TEMPERATURE (F)   51


SUNRISE AND SUNSET
AUGUST 28 2016........SUNRISE   548 AM EDT   SUNSET   720 PM EDT
AUGUST 29 2016........SUNRISE   549 AM EDT   SUNSET   718 PM EDT


-  INDICATES NEGATIVE NUMBERS.
R  INDICATES RECORD WAS SET OR TIED.
MM INDICATES DATA IS MISSING.
T  INDICATES TRACE AMOUNT.




$$
