000
CDUS41 KCAR 050528
CLIFVE


CLIMATE REPORT
NATIONAL WEATHER SERVICE CARIBOU, ME
1227 AM EST MON DEC 5 2016


...................................

...THE FRENCHVILLE ME CLIMATE SUMMARY FOR DECEMBER 4 2016...

CLIMATE NORMAL PERIOD 1981 TO 2010
CLIMATE RECORD PERIOD 9999 TO 9999


WEATHER ITEM   OBSERVED TIME   RECORD YEAR NORMAL DEPARTURE LAST
                VALUE   (LST)  VALUE       VALUE  FROM      YEAR
                                                  NORMAL
..................................................................
TEMPERATURE (F)
 YESTERDAY
  MAXIMUM         24    147 PM              28     -4
  MINIMUM         13   1146 PM              16     -3
  AVERAGE         19                        22     -3

PRECIPITATION (IN)
  YESTERDAY        T            MM      MM   0.10  -0.10     0.01
  MONTH TO DATE    0.58                      0.40   0.18     0.69
  SINCE DEC 1      0.58                      0.40   0.18     0.69
  SINCE JAN 1     30.92                     31.46  -0.54    26.05

SNOWFALL (IN)
  YESTERDAY       MM            MM      MM  MM     MM       MM
  MONTH TO DATE   MM                        MM     MM       MM
  SINCE DEC 1     MM                        MM     MM       MM
  SINCE JUL 1     MM                        MM     MM       MM
  SNOW DEPTH      MM

DEGREE DAYS
 HEATING
  YESTERDAY       46                                3
  MONTH TO DATE  118                              -53
  SINCE JUL 1   1954                             -527

 COOLING
  YESTERDAY        0                                0
  MONTH TO DATE    0                                0
  SINCE JAN 1    221                               87
..................................................................


WIND (MPH)
  HIGHEST WIND SPEED    22   HIGHEST WIND DIRECTION     N (340)
  HIGHEST GUST SPEED    28   HIGHEST GUST DIRECTION    NW (330)
  AVERAGE WIND SPEED    11.5




..........................................................


THE FRENCHVILLE ME CLIMATE NORMALS FOR TODAY
                         NORMAL
 MAXIMUM TEMPERATURE (F)   27
 MINIMUM TEMPERATURE (F)   15


SUNRISE AND SUNSET
DECEMBER  5 2016......SUNRISE   704 AM EST   SUNSET   344 PM EST
DECEMBER  6 2016......SUNRISE   706 AM EST   SUNSET   343 PM EST


-  INDICATES NEGATIVE NUMBERS.
R  INDICATES RECORD WAS SET OR TIED.
MM INDICATES DATA IS MISSING.
T  INDICATES TRACE AMOUNT.




$$
