000
CDUS41 KCAR 230527
CLIFVE


CLIMATE REPORT
NATIONAL WEATHER SERVICE CARIBOU, ME
126 AM EDT THU OCT 23 2014


...................................

...THE FRENCHVILLE ME CLIMATE SUMMARY FOR OCTOBER 22 2014...

CLIMATE NORMAL PERIOD 1981 TO 2010
CLIMATE RECORD PERIOD 9999 TO 9999


WEATHER ITEM   OBSERVED TIME   RECORD YEAR NORMAL DEPARTURE LAST
                VALUE   (LST)  VALUE       VALUE  FROM      YEAR
                                                  NORMAL
..................................................................
TEMPERATURE (F)
 YESTERDAY
  MAXIMUM         48    241 PM              47      1
  MINIMUM         30    616 AM              33     -3
  AVERAGE         39                        40     -1

PRECIPITATION (IN)
  YESTERDAY        0.00         MM      MM   0.08  -0.08     0.24
  MONTH TO DATE    4.23                      1.84   2.39     1.53
  SINCE SEP 1      7.13                      5.36   1.77     5.43
  SINCE JAN 1     29.92                     27.42   2.50    29.94

SNOWFALL (IN)
  YESTERDAY       MM            MM      MM  MM     MM       MM
  MONTH TO DATE   MM                        MM     MM       MM
  SINCE SEP 1     MM                        MM     MM       MM
  SINCE JUL 1     MM                        MM     MM       MM
  SNOW DEPTH      MM

DEGREE DAYS
 HEATING
  YESTERDAY       26                                1
  MONTH TO DATE  410                              -63
  SINCE JUL 1    903                             -114

 COOLING
  YESTERDAY        0                                0
  MONTH TO DATE    0                                0
  SINCE JAN 1    139                                5
..................................................................


WIND (MPH)
  HIGHEST WIND SPEED    17   HIGHEST WIND DIRECTION    NE (50)
  HIGHEST GUST SPEED    27   HIGHEST GUST DIRECTION    NE (50)
  AVERAGE WIND SPEED    10.2




..........................................................


THE FRENCHVILLE ME CLIMATE NORMALS FOR TODAY
                         NORMAL
 MAXIMUM TEMPERATURE (F)   46
 MINIMUM TEMPERATURE (F)   33


SUNRISE AND SUNSET
OCTOBER 23 2014.......SUNRISE   703 AM EDT   SUNSET   531 PM EDT
OCTOBER 24 2014.......SUNRISE   705 AM EDT   SUNSET   530 PM EDT


-  INDICATES NEGATIVE NUMBERS.
R  INDICATES RECORD WAS SET OR TIED.
MM INDICATES DATA IS MISSING.
T  INDICATES TRACE AMOUNT.




$$
