000
CDUS41 KCAR 040528
CLIFVE


CLIMATE REPORT
NATIONAL WEATHER SERVICE CARIBOU, ME
126 AM EDT FRI SEP 4 2015


...................................

...THE FRENCHVILLE ME CLIMATE SUMMARY FOR SEPTEMBER 3 2015...

CLIMATE NORMAL PERIOD 1981 TO 2010
CLIMATE RECORD PERIOD 9999 TO 9999


WEATHER ITEM   OBSERVED TIME   RECORD YEAR NORMAL DEPARTURE LAST
                VALUE   (LST)  VALUE       VALUE  FROM      YEAR
                                                  NORMAL
..................................................................
TEMPERATURE (F)
 YESTERDAY
  MAXIMUM         67    152 PM              68     -1
  MINIMUM         46   1143 PM              49     -3
  AVERAGE         57                        58     -1

PRECIPITATION (IN)
  YESTERDAY        0.00         MM      MM   0.13  -0.13     0.74
  MONTH TO DATE    0.03                      0.39  -0.36     0.83
  SINCE SEP 1      0.03                      0.39  -0.36     0.83
  SINCE JAN 1     17.72                     22.45  -4.73    23.62

SNOWFALL (IN)
  YESTERDAY       MM            MM      MM  MM     MM       MM
  MONTH TO DATE   MM                        MM     MM       MM
  SINCE SEP 1     MM                        MM     MM       MM
  SINCE JUL 1      0.0                      MM     MM       MM
  SNOW DEPTH      MM

DEGREE DAYS
 HEATING
  YESTERDAY        8                                0
  MONTH TO DATE   12                              -10
  SINCE JUL 1    174                              -40

 COOLING
  YESTERDAY        0                               -1
  MONTH TO DATE    4                                1
  SINCE JAN 1    124                               -3
..................................................................


WIND (MPH)
  HIGHEST WIND SPEED    22   HIGHEST WIND DIRECTION    NW (330)
  HIGHEST GUST SPEED    30   HIGHEST GUST DIRECTION     N (340)
  AVERAGE WIND SPEED    11.4




..........................................................


THE FRENCHVILLE ME CLIMATE NORMALS FOR TODAY
                         NORMAL
 MAXIMUM TEMPERATURE (F)   68
 MINIMUM TEMPERATURE (F)   48


SUNRISE AND SUNSET
SEPTEMBER  4 2015.....SUNRISE   556 AM EDT   SUNSET   708 PM EDT
SEPTEMBER  5 2015.....SUNRISE   557 AM EDT   SUNSET   706 PM EDT


-  INDICATES NEGATIVE NUMBERS.
R  INDICATES RECORD WAS SET OR TIED.
MM INDICATES DATA IS MISSING.
T  INDICATES TRACE AMOUNT.




$$
