000
CDUS43 KIWX 280532
CLIFWA


CLIMATE REPORT
NATIONAL WEATHER SERVICE NORTHERN INDIANA
132 AM EDT WED JUN 28 2017


...................................

...THE FORT WAYNE CLIMATE SUMMARY FOR JUNE 27 2017...

CLIMATE NORMAL PERIOD 1981 TO 2010
CLIMATE RECORD PERIOD 1897 TO 2017


WEATHER ITEM   OBSERVED TIME   RECORD YEAR NORMAL DEPARTURE LAST
                VALUE   (LST)  VALUE       VALUE  FROM      YEAR
                                                  NORMAL
..................................................................
TEMPERATURE (F)
 YESTERDAY
  MAXIMUM         74    329 PM  99    1944  84    -10       89
  MINIMUM         51    329 AM  41    1902  62    -11       70
  AVERAGE         63                        73    -10       80

PRECIPITATION (IN)
  YESTERDAY        0.00          2.25 1957   0.13  -0.13     0.00
  MONTH TO DATE    4.20                      3.81   0.39     5.44
  SINCE JUN 1      4.20                      3.81   0.39     5.44
  SINCE JAN 1     27.65                     18.61   9.04    19.63

DEGREE DAYS
 HEATING
  YESTERDAY        2                         0      2        0
  MONTH TO DATE    6                        29    -23       11
  SINCE JUN 1      6                        29    -23       11
  SINCE JUL 1   4985                      6101  -1116     5127

 COOLING
  YESTERDAY        0                         8     -8       15
  MONTH TO DATE  192                       157     35      203
  SINCE JUN 1    192                       157     35      203
  SINCE JAN 1    256                       214     42      277
..................................................................


WIND (MPH)
  HIGHEST WIND SPEED    16   HIGHEST WIND DIRECTION     W (250)
  HIGHEST GUST SPEED    22   HIGHEST GUST DIRECTION     W (270)
  AVERAGE WIND SPEED     6.5


SKY COVER
  AVERAGE SKY COVER 0.3


WEATHER CONDITIONS
 THE FOLLOWING WEATHER WAS RECORDED YESTERDAY.
  NO SIGNIFICANT WEATHER WAS OBSERVED.


RELATIVE HUMIDITY (PERCENT)
 HIGHEST    89           500 AM
 LOWEST     38           400 PM
 AVERAGE    64

..........................................................


THE FORT WAYNE CLIMATE NORMALS FOR TODAY
                         NORMAL    RECORD    YEAR
 MAXIMUM TEMPERATURE (F)   84       106      2012
 MINIMUM TEMPERATURE (F)   62        46      1992


SUNRISE AND SUNSET
JUNE 28 2017..........SUNRISE   611 AM EDT   SUNSET   917 PM EDT
JUNE 29 2017..........SUNRISE   612 AM EDT   SUNSET   917 PM EDT


-  INDICATES NEGATIVE NUMBERS.
R  INDICATES RECORD WAS SET OR TIED.
MM INDICATES DATA IS MISSING.
T  INDICATES TRACE AMOUNT.




$$
