000
CDUS43 KIWX 280533
CLIFWA


CLIMATE REPORT
NATIONAL WEATHER SERVICE NORTHERN INDIANA
131 AM EDT SAT MAR 28 2015


...................................

...THE FORT WAYNE CLIMATE SUMMARY FOR MARCH 27 2015...

CLIMATE NORMAL PERIOD 1981 TO 2010
CLIMATE RECORD PERIOD 1897 TO 2015


WEATHER ITEM   OBSERVED TIME   RECORD YEAR NORMAL DEPARTURE LAST
                VALUE   (LST)  VALUE       VALUE  FROM      YEAR
                                                  NORMAL
..................................................................
TEMPERATURE (F)
 YESTERDAY
  MAXIMUM         33    424 PM  84    1910  53    -20       49
  MINIMUM         20   1159 PM   1    1965  32    -12       30
  AVERAGE         27                        43    -16       40

PRECIPITATION (IN)
  YESTERDAY        T             1.19 1921   0.10  -0.10     0.13
  MONTH TO DATE    2.07                      2.28  -0.21     1.59
  SINCE MAR 1      2.07                      2.28  -0.21     1.59
  SINCE JAN 1      5.84                      6.58  -0.74     7.83

SNOWFALL (IN)
  YESTERDAY        T             5.0  1934   0.1   -0.1       T
  MONTH TO DATE    8.6                       3.8    4.8     12.2
  SINCE MAR 1      8.6                       3.8    4.8     12.2
  SINCE JUL 1     45.1                      32.2   12.9     74.0
  SNOW DEPTH       0

DEGREE DAYS
 HEATING
  YESTERDAY       38                        22     16       25
  MONTH TO DATE  854                       741    113      972
  SINCE MAR 1    854                       741    113      972
  SINCE JUL 1   6003                      5339    664     6225

 COOLING
  YESTERDAY        0                         0      0        0
  MONTH TO DATE    0                         0      0        0
  SINCE MAR 1      0                         0      0        0
  SINCE JAN 1      0                         0      0        0
..................................................................


WIND (MPH)
  HIGHEST WIND SPEED    22   HIGHEST WIND DIRECTION     N (340)
  HIGHEST GUST SPEED    27   HIGHEST GUST DIRECTION     N (360)
  AVERAGE WIND SPEED    11.6


SKY COVER
  AVERAGE SKY COVER 0.5


WEATHER CONDITIONS
 THE FOLLOWING WEATHER WAS RECORDED YESTERDAY.
  LIGHT SNOW


RELATIVE HUMIDITY (PERCENT)
 HIGHEST    85           400 AM
 LOWEST     39           500 PM
 AVERAGE    62

..........................................................


THE FORT WAYNE CLIMATE NORMALS FOR TODAY
                         NORMAL    RECORD    YEAR
 MAXIMUM TEMPERATURE (F)   53        84      1910
 MINIMUM TEMPERATURE (F)   33        10      1955


SUNRISE AND SUNSET
MARCH 28 2015.........SUNRISE   731 AM EDT   SUNSET   801 PM EDT
MARCH 29 2015.........SUNRISE   730 AM EDT   SUNSET   802 PM EDT


-  INDICATES NEGATIVE NUMBERS.
R  INDICATES RECORD WAS SET OR TIED.
MM INDICATES DATA IS MISSING.
T  INDICATES TRACE AMOUNT.




$$
