000
CDUS43 KIWX 250527
CLIFWA


CLIMATE REPORT
NATIONAL WEATHER SERVICE NORTHERN INDIANA
126 AM EDT SAT MAR 25 2017


...................................

...THE FORT WAYNE CLIMATE SUMMARY FOR MARCH 24 2017...

CLIMATE NORMAL PERIOD 1981 TO 2010
CLIMATE RECORD PERIOD 1897 TO 2017


WEATHER ITEM   OBSERVED TIME   RECORD YEAR NORMAL DEPARTURE LAST
                VALUE   (LST)  VALUE       VALUE  FROM      YEAR
                                                  NORMAL
..................................................................
TEMPERATURE (F)
 YESTERDAY
  MAXIMUM         76    340 PM  86    1910  52     24       60
  MINIMUM         45    458 AM   5    1974  31     14       37
  AVERAGE         61                        41     20       49

PRECIPITATION (IN)
  YESTERDAY        T             1.98 1913   0.09  -0.09     0.74
  MONTH TO DATE    1.94                      1.99  -0.05     2.45
  SINCE MAR 1      1.94                      1.99  -0.05     2.45
  SINCE JAN 1      8.41                      6.29   2.12     5.50

SNOWFALL (IN)
  YESTERDAY        0.0           2.3  2013   0.1   -0.1      0.0
  MONTH TO DATE    3.0                       3.6   -0.6      2.8
  SINCE MAR 1      3.0                       3.6   -0.6      2.8
  SINCE JUL 1     18.1                      32.0  -13.9     19.0
  SNOW DEPTH       0

DEGREE DAYS
 HEATING
  YESTERDAY        4                        24    -20       16
  MONTH TO DATE  683                       673     10      499
  SINCE MAR 1    683                       673     10      499
  SINCE JUL 1   4377                      5271   -894     4326

 COOLING
  YESTERDAY        0                         0      0        0
  MONTH TO DATE    0                         0      0        0
  SINCE MAR 1      0                         0      0        0
  SINCE JAN 1      0                         0      0        0
..................................................................


WIND (MPH)
  HIGHEST WIND SPEED    32   HIGHEST WIND DIRECTION    SW (230)
  HIGHEST GUST SPEED    42   HIGHEST GUST DIRECTION    SW (230)
  AVERAGE WIND SPEED    16.2


SKY COVER
  AVERAGE SKY COVER 0.7


WEATHER CONDITIONS
 THE FOLLOWING WEATHER WAS RECORDED YESTERDAY.
  NO SIGNIFICANT WEATHER WAS OBSERVED.


RELATIVE HUMIDITY (PERCENT)
 HIGHEST    80           600 AM
 LOWEST     46           400 PM
 AVERAGE    63

..........................................................


THE FORT WAYNE CLIMATE NORMALS FOR TODAY
                         NORMAL    RECORD    YEAR
 MAXIMUM TEMPERATURE (F)   52        79      2007
 MINIMUM TEMPERATURE (F)   32         3      1974


SUNRISE AND SUNSET
MARCH 25 2017.........SUNRISE   735 AM EDT   SUNSET   759 PM EDT
MARCH 26 2017.........SUNRISE   734 AM EDT   SUNSET   800 PM EDT


-  INDICATES NEGATIVE NUMBERS.
R  INDICATES RECORD WAS SET OR TIED.
MM INDICATES DATA IS MISSING.
T  INDICATES TRACE AMOUNT.




$$
