000
CDUS43 KIWX 010022
CLIFWA


CLIMATE REPORT
NATIONAL WEATHER SERVICE NORTHERN INDIANA
822 PM EDT MON AUG 31 2015


...................................

...THE FORT WAYNE CLIMATE SUMMARY FOR AUGUST 31 2015...
VALID AS OF 0800 PM LOCAL TIME.

CLIMATE NORMAL PERIOD 1981 TO 2010
CLIMATE RECORD PERIOD 1897 TO 2015


WEATHER ITEM   OBSERVED TIME   RECORD YEAR NORMAL DEPARTURE LAST
                VALUE   (LST)  VALUE       VALUE  FROM      YEAR
                                                  NORMAL
..................................................................
TEMPERATURE (F)
 TODAY
  MAXIMUM         87    357 PM  98    1951  81      6       82
  MINIMUM         63    521 AM  43    1915  58      5       68
  AVERAGE         75                        70      5       75

PRECIPITATION (IN)
  TODAY            0.00          1.17 1950   0.11  -0.11     0.04
  MONTH TO DATE    3.57                      3.64  -0.07     6.04
  SINCE JUN 1     21.52                     12.04   9.48    13.85
  SINCE JAN 1     35.65                     26.84   8.81    30.55

SNOWFALL (IN)
  TODAY            0.0           0.0  2002   0.0    0.0      0.0
                                      2001
  MONTH TO DATE    0.0                       0.0    0.0      0.0
  SINCE JUN 1      0.0                       0.0    0.0       T
  SINCE JUL 1      0.0                       0.0    0.0       T
  SNOW DEPTH       0

DEGREE DAYS
 HEATING
  TODAY            0                         1     -1        0
  MONTH TO DATE    9                         4      5       10
  SINCE JUN 1     37                        41     -4       38
  SINCE JUL 1      9                        12     -3       24

 COOLING
  TODAY           10                         5      5       10
  MONTH TO DATE  183                       211    -28      213
  SINCE JUN 1    576                       660    -84      593
  SINCE JAN 1    672                       717    -45      674
..................................................................


WIND (MPH)
  RESULTANT WIND SPEED   3   RESULTANT WIND DIRECTION  SW (230)
  HIGHEST WIND SPEED    10   HIGHEST WIND DIRECTION     W (260)
  HIGHEST GUST SPEED    14   HIGHEST GUST DIRECTION     W (260)
  AVERAGE WIND SPEED     4.5


SKY COVER
  POSSIBLE SUNSHINE  MM
  AVERAGE SKY COVER 0.2


WEATHER CONDITIONS
 THE FOLLOWING WEATHER WAS RECORDED TODAY.
  FOG
  HAZE


RELATIVE HUMIDITY (PERCENT)
 HIGHEST   100          1200 AM
 LOWEST     55           300 PM
 AVERAGE    78

..........................................................


THE FORT WAYNE CLIMATE NORMALS FOR TOMORROW
                         NORMAL    RECORD    YEAR
 MAXIMUM TEMPERATURE (F)   81       100      1953
 MINIMUM TEMPERATURE (F)   58        42      1909


SUNRISE AND SUNSET
AUGUST 31 2015........SUNRISE   706 AM EDT   SUNSET   815 PM EDT
SEPTEMBER  1 2015.....SUNRISE   707 AM EDT   SUNSET   814 PM EDT


-  INDICATES NEGATIVE NUMBERS.
R  INDICATES RECORD WAS SET OR TIED.
MM INDICATES DATA IS MISSING.
T  INDICATES TRACE AMOUNT.




$$
