000
CDUS43 KIWX 270037
CLIFWA


CLIMATE REPORT
NATIONAL WEATHER SERVICE NORTHERN INDIANA
737 PM EST MON JAN 26 2015


...................................

...THE FORT WAYNE CLIMATE SUMMARY FOR JANUARY 26 2015...
VALID AS OF 0700 PM LOCAL TIME.

CLIMATE NORMAL PERIOD 1981 TO 2010
CLIMATE RECORD PERIOD 1897 TO 2015


WEATHER ITEM   OBSERVED TIME   RECORD YEAR NORMAL DEPARTURE LAST
                VALUE   (LST)  VALUE       VALUE  FROM      YEAR
                                                  NORMAL
..................................................................
TEMPERATURE (F)
 TODAY
  MAXIMUM         22    358 PM  61    1944  32    -10       37
  MINIMUM          7    810 AM  -8    1936  17    -10        3
  AVERAGE         15                        25    -10       20

PRECIPITATION (IN)
  TODAY            T             1.14 1967   0.07  -0.07     0.16
  MONTH TO DATE    2.15                      1.92   0.23     2.67
  SINCE DEC 1      3.87                      4.69  -0.82     5.53
  SINCE JAN 1      2.15                      1.92   0.23     2.67

SNOWFALL (IN)
  TODAY            T             4.7  1978   0.3   -0.3      2.0
  MONTH TO DATE   12.3                       8.4    3.9     29.9
  SINCE DEC 1     12.9                      16.9   -4.0     39.8
  SINCE JUL 1     17.1                      19.0   -1.9     40.8
  SNOW DEPTH       2

DEGREE DAYS
 HEATING
  TODAY           50                        40     10       45
  MONTH TO DATE 1133                      1039     94     1209
  SINCE DEC 1   2126                      2150    -24     2364
  SINCE JUL 1   3572                      3367    205     3665

 COOLING
  TODAY            0                         0      0        0
  MONTH TO DATE    0                         0      0        0
  SINCE DEC 1      0                         0      0        0
  SINCE JAN 1      0                         0      0        0
..................................................................


WIND (MPH)
  RESULTANT WIND SPEED   2   RESULTANT WIND DIRECTION   N (350)
  HIGHEST WIND SPEED    20   HIGHEST WIND DIRECTION    NE (30)
  HIGHEST GUST SPEED    23   HIGHEST GUST DIRECTION    NE (40)
  AVERAGE WIND SPEED     5.2


SKY COVER
  POSSIBLE SUNSHINE  MM
  AVERAGE SKY COVER 0.6


WEATHER CONDITIONS
 THE FOLLOWING WEATHER WAS RECORDED TODAY.
  LIGHT SNOW


RELATIVE HUMIDITY (PERCENT)
 HIGHEST    88           800 AM
 LOWEST     62           400 AM
 AVERAGE    75

..........................................................


THE FORT WAYNE CLIMATE NORMALS FOR TOMORROW
                         NORMAL    RECORD    YEAR
 MAXIMUM TEMPERATURE (F)   33        65      1916
 MINIMUM TEMPERATURE (F)   17       -11      2000


SUNRISE AND SUNSET
JANUARY 26 2015.......SUNRISE   757 AM EST   SUNSET   550 PM EST
JANUARY 27 2015.......SUNRISE   756 AM EST   SUNSET   551 PM EST


-  INDICATES NEGATIVE NUMBERS.
R  INDICATES RECORD WAS SET OR TIED.
MM INDICATES DATA IS MISSING.
T  INDICATES TRACE AMOUNT.




$$
