000
CDUS43 KIWX 272130
CLIFWA


CLIMATE REPORT
NATIONAL WEATHER SERVICE NORTHERN INDIANA
426 PM EST FRI FEB 27 2015


...................................

...THE FORT WAYNE CLIMATE SUMMARY FOR FEBRUARY 27 2015...
VALID TODAY AS OF 0400 PM LOCAL TIME.

CLIMATE NORMAL PERIOD 1981 TO 2010
CLIMATE RECORD PERIOD 1897 TO 2015


WEATHER ITEM   OBSERVED TIME   RECORD YEAR NORMAL DEPARTURE LAST
                VALUE   (LST)  VALUE       VALUE  FROM      YEAR
                                                  NORMAL
..................................................................
TEMPERATURE (F)
 TODAY
  MAXIMUM         19    309 PM  70    1996  41    -22       19
  MINIMUM         -4    709 AM -18    1963  23    -27        1
  AVERAGE          8                        32    -24       10

PRECIPITATION (IN)
  TODAY            0.00          1.15 1948   0.08  -0.08      T
  MONTH TO DATE    1.45                      1.96  -0.51     3.49
  SINCE DEC 1      5.40                      6.99  -1.59     9.10
  SINCE JAN 1      3.68                      4.22  -0.54     6.24

SNOWFALL (IN)
  TODAY            0.0           4.5  1984   0.2   -0.2      0.3
  MONTH TO DATE   18.2                       7.5   10.7     19.2
  SINCE DEC 1     31.5                      26.1    5.4     60.8
  SINCE JUL 1     35.7                      28.2    7.5     61.8

DEGREE DAYS
 HEATING
  TODAY           57                        33     24       55
  MONTH TO DATE 1318                       993    325     1268
  SINCE DEC 1   3647                      3347    300     3901
  SINCE JUL 1   5093                      4564    529     5202

 COOLING
  TODAY            0                         0      0        0
  MONTH TO DATE    0                         0      0        0
  SINCE DEC 1      0                         0      0        0
  SINCE JAN 1      0                         0      0        0
..................................................................


WIND (MPH)
  HIGHEST WIND SPEED     9   HIGHEST WIND DIRECTION     W (270)
  HIGHEST GUST SPEED    12   HIGHEST GUST DIRECTION    SW (230)
  AVERAGE WIND SPEED     4.2


SKY COVER
  POSSIBLE SUNSHINE  MM
  AVERAGE SKY COVER 0.3


WEATHER CONDITIONS
 THE FOLLOWING WEATHER WAS RECORDED TODAY.
  FOG
  HAZE


RELATIVE HUMIDITY (PERCENT)
 HIGHEST    87           600 AM
 LOWEST     43           100 PM
 AVERAGE    65

..........................................................


THE FORT WAYNE CLIMATE NORMALS FOR TOMORROW
                         NORMAL    RECORD    YEAR
 MAXIMUM TEMPERATURE (F)   41        59      1931
 MINIMUM TEMPERATURE (F)   24        -4      1901


SUNRISE AND SUNSET
FEBRUARY 27 2015......SUNRISE   718 AM EST   SUNSET   629 PM EST
FEBRUARY 28 2015......SUNRISE   717 AM EST   SUNSET   630 PM EST


-  INDICATES NEGATIVE NUMBERS.
R  INDICATES RECORD WAS SET OR TIED.
MM INDICATES DATA IS MISSING.
T  INDICATES TRACE AMOUNT.




$$
