000
CDUS44 KTSA 282137 RRB
CLIFYV

CLIMATE REPORT
NATIONAL WEATHER SERVICE TULSA OK
418 PM CDT WED JUN 28 2017


...................................

...THE FAYETTEVILLE ARKANSAS CLIMATE SUMMARY FOR JUNE 28 2017...
VALID TODAY AS OF 0400 PM LOCAL TIME.

CLIMATE NORMAL PERIOD 1981 TO 2010
CLIMATE RECORD PERIOD 1905 TO 2017


WEATHER ITEM   OBSERVED TIME   RECORD YEAR NORMAL DEPARTURE LAST
                VALUE   (LST)  VALUE       VALUE  FROM      YEAR
                                                  NORMAL
..................................................................
TEMPERATURE (F)
 TODAY
  MAXIMUM         84    255 PM 101    2012  86     -2       89
  MINIMUM         67    528 AM  51    1958  65      2       60
  AVERAGE         76                        76      0       75

PRECIPITATION (IN)
  TODAY            0.00                      0.15  -0.15     0.00
  MONTH TO DATE    4.74                      4.67   0.07     2.87
  SINCE JUN 1      4.74                      4.67   0.07     2.87
  SINCE JAN 1     33.29                     24.88   8.41    17.21

DEGREE DAYS
 COOLING
  TODAY           11                        11      0       10
  MONTH TO DATE  218                       222     -4      314
  SINCE JUN 1    218                       222     -4      314
  SINCE JAN 1    322                       335    -13      381
..................................................................


WIND (MPH)
  HIGHEST WIND SPEED    20   HIGHEST WIND DIRECTION     S (180)
  HIGHEST GUST SPEED    25   HIGHEST GUST DIRECTION     S (170)
  AVERAGE WIND SPEED     9.4


SKY COVER
  POSSIBLE SUNSHINE  MM
  AVERAGE SKY COVER 0.0


WEATHER CONDITIONS
 THE FOLLOWING WEATHER WAS RECORDED TODAY.
  NO SIGNIFICANT WEATHER WAS OBSERVED.


RELATIVE HUMIDITY (PERCENT)
 HIGHEST    81           500 AM
 LOWEST     58           300 PM
 AVERAGE    70

..........................................................


THE FAYETTEVILLE ARKANSAS CLIMATE NORMALS FOR TOMORROW
                         NORMAL    RECORD    YEAR
 MAXIMUM TEMPERATURE (F)   87       100      1954
 MINIMUM TEMPERATURE (F)   65        51      1985


SUNRISE AND SUNSET
JUNE 28 2017..........SUNRISE   602 AM CDT   SUNSET   837 PM CDT
JUNE 29 2017..........SUNRISE   603 AM CDT   SUNSET   837 PM CDT


-  INDICATES NEGATIVE NUMBERS.
R  INDICATES RECORD WAS SET OR TIED.
MM INDICATES DATA IS MISSING.
T  INDICATES TRACE AMOUNT.




$$
