000
CDUS44 KTSA 211431 RRA
CLIFYV

CLIMATE REPORT
NATIONAL WEATHER SERVICE TULSA OK
912 AM CDT SAT OCT 21 2017


...................................

...THE FAYETTEVILLE ARKANSAS CLIMATE SUMMARY FOR OCTOBER 21 2017...
VALID AS OF 0900 AM LOCAL TIME.

CLIMATE NORMAL PERIOD 1981 TO 2010
CLIMATE RECORD PERIOD 1905 TO 2017


WEATHER ITEM   OBSERVED RECORD YEAR NORMAL DEPARTURE LAST
                VALUE   VALUE       VALUE  FROM      YEAR
                                           NORMAL
...........................................................
TEMPERATURE (F)
 TODAY
  MAXIMUM         69     85    1978  69
  MINIMUM         64     27    1952  44
  AVERAGE         67

PRECIPITATION (IN)
  TODAY            0.00   1.45 1954   0.15  -0.15     0.00
  MONTH TO DATE    1.88               2.96  -1.08     2.95
  SINCE SEP 1      3.38               7.78  -4.40     5.59
  SINCE JAN 1     46.22              39.67   6.55    30.77

SNOWFALL (IN)
  TODAY            0.0                                0.0
  MONTH TO DATE    0.0                                0.0
  SINCE SEP 1      0.0                                0.0
  SINCE JUL 1      0.0                                0.0

DEGREE DAYS
 HEATING
  TODAY            0

 COOLING
  TODAY            2
...........................................................


WIND (MPH)
  RESULTANT WIND SPEED  11   RESULTANT WIND DIRECTION   S (160)
  HIGHEST WIND SPEED    17   HIGHEST WIND DIRECTION     S (170)
  HIGHEST GUST SPEED    26   HIGHEST GUST DIRECTION     S (160)


SKY COVER
  POSSIBLE SUNSHINE  MM
  AVERAGE SKY COVER 0.4


WEATHER CONDITIONS
 THE FOLLOWING WEATHER WAS RECORDED TODAY.
  NO SIGNIFICANT WEATHER WAS OBSERVED.


RELATIVE HUMIDITY (PERCENT)
 HIGHEST    93
 LOWEST     73
 AVERAGE    83

..........................................................


THE FAYETTEVILLE ARKANSAS CLIMATE NORMALS FOR TOMORROW
                         NORMAL    RECORD    YEAR
 MAXIMUM TEMPERATURE (F)   68        84      1963
 MINIMUM TEMPERATURE (F)   44        20      1952


SUNRISE AND SUNSET
OCTOBER 21 2017.......SUNRISE   729 AM CDT   SUNSET   633 PM CDT
OCTOBER 22 2017.......SUNRISE   730 AM CDT   SUNSET   632 PM CDT


-  INDICATES NEGATIVE NUMBERS.
R  INDICATES RECORD WAS SET OR TIED.
MM INDICATES DATA IS MISSING.
T  INDICATES TRACE AMOUNT.




$$
