000
CDUS44 KTSA 090957
CLIFYV

CLIMATE REPORT
NATIONAL WEATHER SERVICE TULSA OK
357 AM CST FRI DEC 9 2016


...................................

...THE FAYETTEVILLE ARKANSAS CLIMATE SUMMARY FOR DECEMBER 8 2016...

CLIMATE NORMAL PERIOD 1981 TO 2010
CLIMATE RECORD PERIOD 1905 TO 2016


WEATHER ITEM   OBSERVED TIME   RECORD YEAR NORMAL DEPARTURE LAST
                VALUE   (LST)  VALUE       VALUE  FROM      YEAR
                                                  NORMAL
..................................................................
TEMPERATURE (F)
 YESTERDAY
  MAXIMUM         32    308 PM  76    1991  49    -17       65
  MINIMUM         18    616 AM   6    2005  28    -10       33
  AVERAGE         25                        39    -14       49

PRECIPITATION (IN)
  YESTERDAY        0.00                      0.12  -0.12     0.00
  MONTH TO DATE    0.40                      0.95  -0.55     0.00
  SINCE DEC 1      0.40                      0.95  -0.55     0.00
  SINCE JAN 1     31.94                     46.22 -14.28    54.76

SNOWFALL (IN)
  YESTERDAY        0.0                                       0.0
  MONTH TO DATE    0.0                                       0.0
  SINCE DEC 1      0.0                                       0.0
  SINCE JUL 1      0.0                                        T

DEGREE DAYS
 HEATING
  YESTERDAY       40                        26     14       16
  MONTH TO DATE  222                       201     21      184
  SINCE DEC 1    222                       201     21      184
  SINCE JUL 1    749                      1030   -281      826
..................................................................


WIND (MPH)
  HIGHEST WIND SPEED    18   HIGHEST WIND DIRECTION     N (340)
  HIGHEST GUST SPEED    22   HIGHEST GUST DIRECTION     N (350)
  AVERAGE WIND SPEED     7.6


SKY COVER
  POSSIBLE SUNSHINE  MM
  AVERAGE SKY COVER 0.1


WEATHER CONDITIONS
 THE FOLLOWING WEATHER WAS RECORDED YESTERDAY.
  NO SIGNIFICANT WEATHER WAS OBSERVED.


RELATIVE HUMIDITY (PERCENT)
 HIGHEST    85          1200 AM
 LOWEST     43           300 PM
 AVERAGE    64

..........................................................


THE FAYETTEVILLE ARKANSAS CLIMATE NORMALS FOR TODAY
                         NORMAL    RECORD    YEAR
 MAXIMUM TEMPERATURE (F)   49        68      1970
 MINIMUM TEMPERATURE (F)   28         2      2005


SUNRISE AND SUNSET
DECEMBER  9 2016......SUNRISE   716 AM CST   SUNSET   503 PM CST
DECEMBER 10 2016......SUNRISE   717 AM CST   SUNSET   503 PM CST


-  INDICATES NEGATIVE NUMBERS.
R  INDICATES RECORD WAS SET OR TIED.
MM INDICATES DATA IS MISSING.
T  INDICATES TRACE AMOUNT.




$$
