000
CDUS44 KTSA 302124 RRA
CLIFYV

CLIMATE REPORT
NATIONAL WEATHER SERVICE TULSA OK
418 PM CDT SAT JUL 30 2016


...................................

...THE FAYETTEVILLE ARKANSAS CLIMATE SUMMARY FOR JULY 30 2016...
VALID TODAY AS OF 0400 PM LOCAL TIME.

CLIMATE NORMAL PERIOD 1981 TO 2010
CLIMATE RECORD PERIOD 1905 TO 2016


WEATHER ITEM   OBSERVED TIME   RECORD YEAR NORMAL DEPARTURE LAST
                VALUE   (LST)  VALUE       VALUE  FROM      YEAR
                                                  NORMAL
..................................................................
TEMPERATURE (F)
 TODAY
  MAXIMUM         84   1159 AM 107    1986  90     -6       88
  MINIMUM         68    154 PM  52    1971  67      1       67
  AVERAGE         76                        78     -2       78

PRECIPITATION (IN)
  TODAY            0.60                      0.09   0.51     0.01
  MONTH TO DATE    6.88                      3.37   3.51     8.05
  SINCE JUN 1      9.75                      8.35   1.40    14.82
  SINCE JAN 1     24.01                     28.56  -4.55    38.28

DEGREE DAYS
 COOLING
  TODAY           11                        13     -2       13
  MONTH TO DATE  421                       377     44      418
  SINCE JUN 1    758                       622    136      736
  SINCE JAN 1    825                       735     90      833
..................................................................


WIND (MPH)
  HIGHEST WIND SPEED    35   HIGHEST WIND DIRECTION     W (270)
  HIGHEST GUST SPEED    46   HIGHEST GUST DIRECTION     W (260)
  AVERAGE WIND SPEED     2.3


SKY COVER
  POSSIBLE SUNSHINE  MM
  AVERAGE SKY COVER 0.3


WEATHER CONDITIONS
 THE FOLLOWING WEATHER WAS RECORDED TODAY.
  THUNDERSTORM
  HEAVY RAIN
  LIGHT RAIN
  FOG
  HAZE


RELATIVE HUMIDITY (PERCENT)
 HIGHEST   100          1200 AM
 LOWEST     74          1100 AM
 AVERAGE    87

..........................................................


THE FAYETTEVILLE ARKANSAS CLIMATE NORMALS FOR TOMORROW
                         NORMAL    RECORD    YEAR
 MAXIMUM TEMPERATURE (F)   90       104      1980
 MINIMUM TEMPERATURE (F)   67        47      1971


SUNRISE AND SUNSET
JULY 30 2016..........SUNRISE   623 AM CDT   SUNSET   823 PM CDT
JULY 31 2016..........SUNRISE   624 AM CDT   SUNSET   822 PM CDT


-  INDICATES NEGATIVE NUMBERS.
R  INDICATES RECORD WAS SET OR TIED.
MM INDICATES DATA IS MISSING.
T  INDICATES TRACE AMOUNT.




$$
