003
CDUS44 KTSA 312119 RRA
CLIFYV

CLIMATE REPORT
NATIONAL WEATHER SERVICE TULSA OK
418 PM CDT TUE MAY 31 2016


...................................

...THE FAYETTEVILLE ARKANSAS CLIMATE SUMMARY FOR MAY 31 2016...
VALID TODAY AS OF 0400 PM LOCAL TIME.

CLIMATE NORMAL PERIOD 1981 TO 2010
CLIMATE RECORD PERIOD 1905 TO 2016


WEATHER ITEM   OBSERVED TIME   RECORD YEAR NORMAL DEPARTURE LAST
                VALUE   (LST)  VALUE       VALUE  FROM      YEAR
                                                  NORMAL
..................................................................
TEMPERATURE (F)
 TODAY
  MAXIMUM         76   1236 PM  91    1951  80     -4       69
  MINIMUM         58    532 AM  42    1984  58      0       57
  AVERAGE         67                        69     -2       63

PRECIPITATION (IN)
  TODAY            0.00                      0.18  -0.18     0.01
  MONTH TO DATE    5.53                      6.04  -0.51    13.01
  SINCE MAR 1     13.11                     14.56  -1.45    20.40
  SINCE JAN 1     14.26                     20.21  -5.95    23.46

DEGREE DAYS
 COOLING
  TODAY            2                         5     -3        0
  MONTH TO DATE   54                        85    -31       74
  SINCE MAR 1     67                       113    -46       97
  SINCE JAN 1     67                       113    -46       97
..................................................................


WIND (MPH)
  HIGHEST WIND SPEED    10   HIGHEST WIND DIRECTION    SE (140)
  HIGHEST GUST SPEED    16   HIGHEST GUST DIRECTION    NE (30)
  AVERAGE WIND SPEED     2.9


SKY COVER
  POSSIBLE SUNSHINE  MM
  AVERAGE SKY COVER 0.3


WEATHER CONDITIONS
 THE FOLLOWING WEATHER WAS RECORDED TODAY.
  FOG
  FOG W/VISIBILITY <= 1/4 MILE


RELATIVE HUMIDITY (PERCENT)
 HIGHEST   100          1200 AM
 LOWEST     74           100 PM
 AVERAGE    87

..........................................................


THE FAYETTEVILLE ARKANSAS CLIMATE NORMALS FOR TOMORROW
                         NORMAL    RECORD    YEAR
 MAXIMUM TEMPERATURE (F)   80        92      1951
 MINIMUM TEMPERATURE (F)   58        42      1983


SUNRISE AND SUNSET
MAY 31 2016...........SUNRISE   601 AM CDT   SUNSET   828 PM CDT
JUNE  1 2016..........SUNRISE   601 AM CDT   SUNSET   828 PM CDT


-  INDICATES NEGATIVE NUMBERS.
R  INDICATES RECORD WAS SET OR TIED.
MM INDICATES DATA IS MISSING.
T  INDICATES TRACE AMOUNT.




$$
