000
CDUS44 KTSA 061521
CLIFYV

CLIMATE REPORT
NATIONAL WEATHER SERVICE TULSA OK
915 AM CST FRI MAR 6 2015


...................................

...THE FAYETTEVILLE ARKANSAS CLIMATE SUMMARY FOR MARCH 6 2015...
VALID AS OF 0900 AM LOCAL TIME.

CLIMATE NORMAL PERIOD 1981 TO 2010
CLIMATE RECORD PERIOD 1905 TO 2015


WEATHER ITEM   OBSERVED RECORD YEAR NORMAL DEPARTURE LAST
                VALUE   VALUE       VALUE  FROM      YEAR
                                           NORMAL
...........................................................
TEMPERATURE (F)
 TODAY
  MAXIMUM         27     85    1956  57
  MINIMUM         17     13    1967  34
  AVERAGE         22

PRECIPITATION (IN)
  TODAY            0.00   1.53 1956   0.13  -0.13     0.00
  MONTH TO DATE    0.74               0.71   0.03     1.38
  SINCE MAR 1      0.74               0.71   0.03     1.38
  SINCE JAN 1      3.80               6.36  -2.56     3.86

SNOWFALL (IN)
  TODAY            0.0    5.0  1967   0.0             0.0
  MONTH TO DATE    2.6                0.3             3.0
  SINCE MAR 1      2.6                0.3             3.0
  SINCE JUL 1      7.9                5.9            17.1

DEGREE DAYS
 HEATING
  TODAY           43

 COOLING
  TODAY            0
...........................................................


WIND (MPH)
  RESULTANT WIND SPEED   4   RESULTANT WIND DIRECTION   S (200)
  HIGHEST WIND SPEED     8   HIGHEST WIND DIRECTION    SW (210)
  HIGHEST GUST SPEED    12   HIGHEST GUST DIRECTION     W (270)


SKY COVER
  POSSIBLE SUNSHINE  MM
  AVERAGE SKY COVER 0.0


WEATHER CONDITIONS
 THE FOLLOWING WEATHER WAS RECORDED TODAY.
  NO SIGNIFICANT WEATHER WAS OBSERVED.


RELATIVE HUMIDITY (PERCENT)
 HIGHEST    92
 LOWEST     61
 AVERAGE    77

..........................................................


THE FAYETTEVILLE ARKANSAS CLIMATE NORMALS FOR TOMORROW
                         NORMAL    RECORD    YEAR
 MAXIMUM TEMPERATURE (F)   57        78      1992
 MINIMUM TEMPERATURE (F)   34         9      1967


SUNRISE AND SUNSET
MARCH  6 2015.........SUNRISE   640 AM CST   SUNSET   616 PM CST
MARCH  7 2015.........SUNRISE   639 AM CST   SUNSET   617 PM CST


-  INDICATES NEGATIVE NUMBERS.
R  INDICATES RECORD WAS SET OR TIED.
MM INDICATES DATA IS MISSING.
T  INDICATES TRACE AMOUNT.




$$
