000
CDUS43 KUNR 250836
CLIGCC


CLIMATE REPORT
NATIONAL WEATHER SERVICE RAPID CITY SD
236 AM MDT MON SEP 25 2017


...................................

...THE GILLETTE AIRPORT WY CLIMATE SUMMARY FOR SEPTEMBER 24 2017...

CLIMATE NORMAL PERIOD 1981 TO 2010
CLIMATE RECORD PERIOD 9999 TO 9999


WEATHER ITEM   OBSERVED TIME   NORMAL DEPARTURE LAST
                VALUE   (LST)  VALUE  FROM      YEAR
                                      NORMAL
......................................................
TEMPERATURE (F)
 YESTERDAY
  MAXIMUM         44    333 PM  69    -25       50
  MINIMUM         38    631 AM  40     -2       43
  AVERAGE         41            54    -13       47

PRECIPITATION (IN)
  YESTERDAY        0.04          0.05  -0.01     1.03
  MONTH TO DATE    1.49          0.92   0.57     2.50
  SINCE SEP 1      1.49          0.92   0.57     2.50
  SINCE JAN 1     11.64         11.40   0.24    11.66

DEGREE DAYS
 HEATING
  YESTERDAY       24            11     13       18
  MONTH TO DATE  208           162     46      152
  SINCE SEP 1    208           162     46      152
  SINCE JUL 1    243           219     24      206

 COOLING
  YESTERDAY        0             0      0        0
  MONTH TO DATE   65            40     25       25
  SINCE SEP 1     65            40     25       25
  SINCE JAN 1    617           500    117      569
......................................................


WIND (MPH)
  HIGHEST WIND SPEED    17   HIGHEST WIND DIRECTION     N (340)
  HIGHEST GUST SPEED    20   HIGHEST GUST DIRECTION    NW (320)
  AVERAGE WIND SPEED     8.2


SKY COVER
  AVERAGE SKY COVER 1.0


WEATHER CONDITIONS
 THE FOLLOWING WEATHER WAS RECORDED YESTERDAY.
  LIGHT RAIN
  FOG


RELATIVE HUMIDITY (PERCENT)
 HIGHEST   100          1200 AM
 LOWEST     76          1200 PM
 AVERAGE    88

..........................................................




SUNRISE AND SUNSET
SEPTEMBER 25 2017.....SUNRISE   653 AM MDT   SUNSET   653 PM MDT
SEPTEMBER 26 2017.....SUNRISE   654 AM MDT   SUNSET   651 PM MDT


-  INDICATES NEGATIVE NUMBERS.
R  INDICATES RECORD WAS SET OR TIED.
MM INDICATES DATA IS MISSING.
T  INDICATES TRACE AMOUNT.




$$
