000
CDUS43 KUNR 310836
CLIGCC


CLIMATE REPORT
NATIONAL WEATHER SERVICE RAPID CITY SD
235 AM MDT SUN AUG 31 2014


...................................

...THE GILLETTE AIRPORT WY CLIMATE SUMMARY FOR AUGUST 30 2014...

CLIMATE NORMAL PERIOD 1981 TO 2010
CLIMATE RECORD PERIOD 9999 TO 9999


WEATHER ITEM   OBSERVED TIME   NORMAL DEPARTURE LAST
                VALUE   (LST)  VALUE  FROM      YEAR
                                      NORMAL
......................................................
TEMPERATURE (F)
 YESTERDAY
  MAXIMUM         88   1158 AM  82      6       95
  MINIMUM         52   1159 PM  49      3       62
  AVERAGE         70            66      4       79

PRECIPITATION (IN)
  YESTERDAY        0.08          0.03   0.05     0.00
  MONTH TO DATE    2.03          0.92   1.11     0.99
  SINCE JUN 1      5.54          4.79   0.75     6.39
  SINCE JAN 1     15.14         10.45   4.69    13.43

DEGREE DAYS
 HEATING
  YESTERDAY        0             3     -3        0
  MONTH TO DATE   29            36     -7        0
  SINCE JUN 1    234           197     37      117
  SINCE JUL 1     42            55    -13        0

 COOLING
  YESTERDAY        5             4      1       14
  MONTH TO DATE  153           176    -23      249
  SINCE JUN 1    347           450   -103      513
  SINCE JAN 1    355           458   -103      521
......................................................


WIND (MPH)
  HIGHEST WIND SPEED    33   HIGHEST WIND DIRECTION    NW (330)
  HIGHEST GUST SPEED    39   HIGHEST GUST DIRECTION    NW (320)
  AVERAGE WIND SPEED    14.6


SKY COVER
  AVERAGE SKY COVER 0.1


WEATHER CONDITIONS
 THE FOLLOWING WEATHER WAS RECORDED YESTERDAY.
  THUNDERSTORM
  HEAVY RAIN
  LIGHT RAIN
  FOG


RELATIVE HUMIDITY (PERCENT)
 HIGHEST    93          1000 PM
 LOWEST     23          1200 PM
 AVERAGE    58

..........................................................




SUNRISE AND SUNSET
AUGUST 31 2014........SUNRISE   624 AM MDT   SUNSET   740 PM MDT
SEPTEMBER  1 2014.....SUNRISE   625 AM MDT   SUNSET   738 PM MDT


-  INDICATES NEGATIVE NUMBERS.
R  INDICATES RECORD WAS SET OR TIED.
MM INDICATES DATA IS MISSING.
T  INDICATES TRACE AMOUNT.




$$
