000
CDUS43 KUNR 070839
CLIGCC


CLIMATE REPORT
NATIONAL WEATHER SERVICE RAPID CITY SD
138 AM MST SUN FEB 7 2016


...................................

...THE GILLETTE AIRPORT WY CLIMATE SUMMARY FOR FEBRUARY 6 2016...

CLIMATE NORMAL PERIOD 1981 TO 2010
CLIMATE RECORD PERIOD 9999 TO 9999


WEATHER ITEM   OBSERVED TIME   NORMAL DEPARTURE LAST
                VALUE   (LST)  VALUE  FROM      YEAR
                                      NORMAL
......................................................
TEMPERATURE (F)
 YESTERDAY
  MAXIMUM         42    241 PM  37      5       66
  MINIMUM         27   1215 AM  15     12       47
  AVERAGE         35            26      9       57

PRECIPITATION (IN)
  YESTERDAY        0.00          0.01  -0.01     0.00
  MONTH TO DATE    0.37          0.09   0.28     0.04
  SINCE DEC 1      1.25          0.88   0.37     0.72
  SINCE JAN 1      0.77          0.48   0.29     0.32

DEGREE DAYS
 HEATING
  YESTERDAY       30            39     -9        8
  MONTH TO DATE  244           234     10      211
  SINCE DEC 1   2555          2714   -159     2506
  SINCE JUL 1   4115          4589   -474     4289

 COOLING
  YESTERDAY        0             0      0        0
  MONTH TO DATE    0             0      0        0
  SINCE DEC 1      0             0      0        0
  SINCE JAN 1      0             0      0        0
......................................................


WIND (MPH)
  HIGHEST WIND SPEED    32   HIGHEST WIND DIRECTION    SW (220)
  HIGHEST GUST SPEED    44   HIGHEST GUST DIRECTION    SW (220)
  AVERAGE WIND SPEED    19.3


SKY COVER
  AVERAGE SKY COVER 0.2


WEATHER CONDITIONS
 THE FOLLOWING WEATHER WAS RECORDED YESTERDAY.
  NO SIGNIFICANT WEATHER WAS OBSERVED.


RELATIVE HUMIDITY (PERCENT)
 HIGHEST    61           800 AM
 LOWEST     47           700 PM
 AVERAGE    54

..........................................................




SUNRISE AND SUNSET
FEBRUARY  7 2016......SUNRISE   714 AM MST   SUNSET   520 PM MST
FEBRUARY  8 2016......SUNRISE   712 AM MST   SUNSET   521 PM MST


-  INDICATES NEGATIVE NUMBERS.
R  INDICATES RECORD WAS SET OR TIED.
MM INDICATES DATA IS MISSING.
T  INDICATES TRACE AMOUNT.




$$
