000
CDUS43 KUNR 230837
CLIGCC


CLIMATE REPORT
NATIONAL WEATHER SERVICE RAPID CITY SD
235 AM MDT SAT JUL 23 2016


...................................

...THE GILLETTE AIRPORT WY CLIMATE SUMMARY FOR JULY 22 2016...

CLIMATE NORMAL PERIOD 1981 TO 2010
CLIMATE RECORD PERIOD 9999 TO 9999


WEATHER ITEM   OBSERVED TIME   NORMAL DEPARTURE LAST
                VALUE   (LST)  VALUE  FROM      YEAR
                                      NORMAL
......................................................
TEMPERATURE (F)
 YESTERDAY
  MAXIMUM        102   1240 PM  88     14       92
  MINIMUM         65    104 AM  57      8       57
  AVERAGE         84            72     12       75

PRECIPITATION (IN)
  YESTERDAY        0.01          0.05  -0.04      T
  MONTH TO DATE    0.19          1.21  -1.02     0.30
  SINCE JUN 1      0.63          3.42  -2.79     3.41
  SINCE JAN 1      6.47          9.08  -2.61    10.53

DEGREE DAYS
 HEATING
  YESTERDAY        0             0      0        0
  MONTH TO DATE    7            14     -7       15
  SINCE JUN 1     41           156   -115       54
  SINCE JUL 1      7            14     -7       15

 COOLING
  YESTERDAY       19             8     11       10
  MONTH TO DATE  155           144     11      109
  SINCE JUN 1    319           204    115      183
  SINCE JAN 1    319           212    107      183
......................................................


WIND (MPH)
  HIGHEST WIND SPEED    29   HIGHEST WIND DIRECTION    SE (150)
  HIGHEST GUST SPEED    36   HIGHEST GUST DIRECTION    SE (150)
  AVERAGE WIND SPEED    12.6


SKY COVER
  AVERAGE SKY COVER 0.1


WEATHER CONDITIONS
 THE FOLLOWING WEATHER WAS RECORDED YESTERDAY.
  THUNDERSTORM
  LIGHT RAIN


RELATIVE HUMIDITY (PERCENT)
 HIGHEST    54          1000 PM
 LOWEST     10           200 PM
 AVERAGE    32

..........................................................




SUNRISE AND SUNSET
JULY 23 2016..........SUNRISE   540 AM MDT   SUNSET   836 PM MDT
JULY 24 2016..........SUNRISE   541 AM MDT   SUNSET   835 PM MDT


-  INDICATES NEGATIVE NUMBERS.
R  INDICATES RECORD WAS SET OR TIED.
MM INDICATES DATA IS MISSING.
T  INDICATES TRACE AMOUNT.




$$
