000
CDUS43 KUNR 060859
CLIGCC


CLIMATE REPORT
NATIONAL WEATHER SERVICE RAPID CITY SD
159 AM MST TUE DEC 6 2016


...................................

...THE GILLETTE AIRPORT WY CLIMATE SUMMARY FOR DECEMBER 5 2016...

CLIMATE NORMAL PERIOD 1981 TO 2010
CLIMATE RECORD PERIOD 9999 TO 9999


WEATHER ITEM   OBSERVED TIME   NORMAL DEPARTURE LAST
                VALUE   (LST)  VALUE  FROM      YEAR
                                      NORMAL
......................................................
TEMPERATURE (F)
 YESTERDAY
  MAXIMUM         37   1239 AM  35      2       45
  MINIMUM          0   1035 PM  14    -14       25
  AVERAGE         19            25     -6       35

PRECIPITATION (IN)
  YESTERDAY        0.14          0.02   0.12     0.00
  MONTH TO DATE    0.14          0.10   0.04     0.00
  SINCE DEC 1      0.14          0.10   0.04     0.00
  SINCE JAN 1     13.53         13.59  -0.06    14.64

DEGREE DAYS
 HEATING
  YESTERDAY       46            40      6       30
  MONTH TO DATE  187           198    -11      171
  SINCE DEC 1    187           198    -11      171
  SINCE JUL 1   1580          2073   -493     1731

 COOLING
  YESTERDAY        0             0      0        0
  MONTH TO DATE    0             0      0        0
  SINCE DEC 1      0             0      0        0
  SINCE JAN 1    569           502     67      545
......................................................


WIND (MPH)
  HIGHEST WIND SPEED    30   HIGHEST WIND DIRECTION    NW (310)
  HIGHEST GUST SPEED    39   HIGHEST GUST DIRECTION    NW (310)
  AVERAGE WIND SPEED    17.3


SKY COVER
  AVERAGE SKY COVER 0.7


WEATHER CONDITIONS
 THE FOLLOWING WEATHER WAS RECORDED YESTERDAY.
  HEAVY SNOW
  SNOW
  LIGHT SNOW
  FOG
  FOG W/VISIBILITY <= 1/4 MILE
  HAZE


RELATIVE HUMIDITY (PERCENT)
 HIGHEST   100           200 AM
 LOWEST     54          1200 AM
 AVERAGE    77

..........................................................




SUNRISE AND SUNSET
DECEMBER  6 2016......SUNRISE   724 AM MST   SUNSET   423 PM MST
DECEMBER  7 2016......SUNRISE   725 AM MST   SUNSET   423 PM MST


-  INDICATES NEGATIVE NUMBERS.
R  INDICATES RECORD WAS SET OR TIED.
MM INDICATES DATA IS MISSING.
T  INDICATES TRACE AMOUNT.




$$
