000
CDUS43 KUNR 240839
CLIGCC


CLIMATE REPORT
NATIONAL WEATHER SERVICE RAPID CITY SD
136 AM MST FRI NOV 24 2017


...................................

...THE GILLETTE AIRPORT WY CLIMATE SUMMARY FOR NOVEMBER 23 2017...

CLIMATE NORMAL PERIOD 1981 TO 2010
CLIMATE RECORD PERIOD 9999 TO 9999


WEATHER ITEM   OBSERVED TIME   NORMAL DEPARTURE LAST
                VALUE   (LST)  VALUE  FROM      YEAR
                                      NORMAL
......................................................
TEMPERATURE (F)
 YESTERDAY
  MAXIMUM         65    210 PM  40     25       49
  MINIMUM         48   1214 AM  18     30       26
  AVERAGE         57            29     28       38

PRECIPITATION (IN)
  YESTERDAY        0.00          0.01  -0.01     0.00
  MONTH TO DATE    0.41          0.44  -0.03     0.27
  SINCE SEP 1      3.11          2.90   0.21     4.22
  SINCE JAN 1     13.26         13.38  -0.12    13.38

DEGREE DAYS
 HEATING
  YESTERDAY        8            36    -28       27
  MONTH TO DATE  665           702    -37      468
  SINCE SEP 1   1556          1554      2     1126
  SINCE JUL 1   1591          1611    -20     1180

 COOLING
  YESTERDAY        0             0      0        0
  MONTH TO DATE    0             0      0        0
  SINCE SEP 1     65            42     23       25
  SINCE JAN 1    617           502    115      569
......................................................


WIND (MPH)
  HIGHEST WIND SPEED    28   HIGHEST WIND DIRECTION    SW (240)
  HIGHEST GUST SPEED    36   HIGHEST GUST DIRECTION    SW (240)
  AVERAGE WIND SPEED    19.3


SKY COVER
  AVERAGE SKY COVER 0.0


WEATHER CONDITIONS
 THE FOLLOWING WEATHER WAS RECORDED YESTERDAY.
  NO SIGNIFICANT WEATHER WAS OBSERVED.


RELATIVE HUMIDITY (PERCENT)
 HIGHEST    71          1200 AM
 LOWEST     34           200 PM
 AVERAGE    53

..........................................................




SUNRISE AND SUNSET
NOVEMBER 24 2017......SUNRISE   710 AM MST   SUNSET   427 PM MST
NOVEMBER 25 2017......SUNRISE   711 AM MST   SUNSET   427 PM MST


-  INDICATES NEGATIVE NUMBERS.
R  INDICATES RECORD WAS SET OR TIED.
MM INDICATES DATA IS MISSING.
T  INDICATES TRACE AMOUNT.




$$
