000
CDUS43 KUNR 250833
CLIGCC


CLIMATE REPORT
NATIONAL WEATHER SERVICE RAPID CITY SD
133 AM MST TUE NOV 25 2014


...................................

...THE GILLETTE AIRPORT WY CLIMATE SUMMARY FOR NOVEMBER 24 2014...

CLIMATE NORMAL PERIOD 1981 TO 2010
CLIMATE RECORD PERIOD 9999 TO 9999


WEATHER ITEM   OBSERVED TIME   NORMAL DEPARTURE LAST
                VALUE   (LST)  VALUE  FROM      YEAR
                                      NORMAL
......................................................
TEMPERATURE (F)
 YESTERDAY
  MAXIMUM         37    131 PM  40     -3       53
  MINIMUM         23   1204 AM  18      5       19
  AVERAGE         30            29      1       36

PRECIPITATION (IN)
  YESTERDAY        T             0.02  -0.02     0.00
  MONTH TO DATE    0.45          0.46  -0.01     0.04
  SINCE SEP 1      2.33          2.92  -0.59     5.17
  SINCE JAN 1     17.59         13.40   4.19    18.60

DEGREE DAYS
 HEATING
  YESTERDAY       35            36     -1       29
  MONTH TO DATE  852           738    114      705
  SINCE SEP 1   1517          1590    -73     1523
  SINCE JUL 1   1566          1647    -81     1523

 COOLING
  YESTERDAY        0             0      0        0
  MONTH TO DATE    0             0      0        0
  SINCE SEP 1     57            42     15       93
  SINCE JAN 1    412           502    -90      615
......................................................


WIND (MPH)
  HIGHEST WIND SPEED    38   HIGHEST WIND DIRECTION    NW (310)
  HIGHEST GUST SPEED    46   HIGHEST GUST DIRECTION    NW (320)
  AVERAGE WIND SPEED    17.4


SKY COVER
  AVERAGE SKY COVER 0.1


WEATHER CONDITIONS
 THE FOLLOWING WEATHER WAS RECORDED YESTERDAY.
  LIGHT SNOW
  FOG
  HAZE


RELATIVE HUMIDITY (PERCENT)
 HIGHEST    88           800 PM
 LOWEST     61           400 PM
 AVERAGE    75

..........................................................




SUNRISE AND SUNSET
NOVEMBER 25 2014......SUNRISE   711 AM MST   SUNSET   427 PM MST
NOVEMBER 26 2014......SUNRISE   712 AM MST   SUNSET   426 PM MST


-  INDICATES NEGATIVE NUMBERS.
R  INDICATES RECORD WAS SET OR TIED.
MM INDICATES DATA IS MISSING.
T  INDICATES TRACE AMOUNT.




$$
