000
CDUS43 KDDC 301010
CLIGCK


CLIMATE REPORT
NATIONAL WEATHER SERVICE DODGE CITY KS
509 AM CDT MON MAR 30 2015


...................................

...THE GARDEN CITY REGIONAL ARPT KS CLIMATE SUMMARY FOR MARCH 29 2015...

CLIMATE NORMAL PERIOD 1981 TO 2010
CLIMATE RECORD PERIOD 1948 TO 2015


WEATHER ITEM   OBSERVED TIME   RECORD YEAR NORMAL DEPARTURE LAST
                VALUE   (LST)  VALUE       VALUE  FROM      YEAR
                                                  NORMAL
..................................................................
TEMPERATURE (F)
 YESTERDAY
  MAXIMUM         69    351 PM  85    1986  62      7       70
  MINIMUM         40   1038 PM   7    1987  33      7       23
  AVERAGE         55                        47      8       47

PRECIPITATION (IN)
  YESTERDAY        0.00          0.39 1989   0.06  -0.06     0.00
  MONTH TO DATE    0.32                      1.34  -1.02     0.04
  SINCE MAR 1      0.32                      1.34  -1.02     0.04
  SINCE JAN 1      1.09                      2.22  -1.13     0.20

DEGREE DAYS
 HEATING
  YESTERDAY       10                        18     -8
  MONTH TO DATE  550                       629    -79
  SINCE MAR 1    550                       629    -79
  SINCE JUL 1   4458                      4653   -195

 COOLING
  YESTERDAY        0                         0      0
  MONTH TO DATE    0                         0      0
  SINCE MAR 1      0                         0      0
  SINCE JAN 1      0                         0      0
..................................................................


WIND (MPH)
  HIGHEST WIND SPEED    35   HIGHEST WIND DIRECTION     N (360)
  HIGHEST GUST SPEED    43   HIGHEST GUST DIRECTION     N (360)
  AVERAGE WIND SPEED    16.0



WEATHER CONDITIONS
 THE FOLLOWING WEATHER WAS RECORDED YESTERDAY.
  NO SIGNIFICANT WEATHER WAS OBSERVED.


RELATIVE HUMIDITY (PERCENT)
 HIGHEST    76           300 AM
 LOWEST     19           300 PM
 AVERAGE    48

..........................................................


THE GARDEN CITY REGIONAL ARPT KS CLIMATE NORMALS FOR TODAY
                         NORMAL    RECORD    YEAR
 MAXIMUM TEMPERATURE (F)   62        89      1986
 MINIMUM TEMPERATURE (F)   33         2      1987


SUNRISE AND SUNSET
MARCH 30 2015.........SUNRISE   731 AM CDT   SUNSET   804 PM CDT
MARCH 31 2015.........SUNRISE   730 AM CDT   SUNSET   805 PM CDT


-  INDICATES NEGATIVE NUMBERS.
R  INDICATES RECORD WAS SET OR TIED.
MM INDICATES DATA IS MISSING.
T  INDICATES TRACE AMOUNT.




$$
