000
CDUS43 KDDC 292332
CLIGCK


CLIMATE REPORT
NATIONAL WEATHER SERVICE DODGE CITY KS
631 PM CDT FRI APR 29 2016


...................................

...THE GARDEN CITY REGIONAL ARPT KS CLIMATE SUMMARY FOR APRIL 29 2016...
VALID TODAY AS OF 0500 PM LOCAL TIME.

CLIMATE NORMAL PERIOD 1981 TO 2010
CLIMATE RECORD PERIOD 1948 TO 2016


WEATHER ITEM   OBSERVED TIME   RECORD YEAR NORMAL DEPARTURE LAST
                VALUE   (LST)  VALUE       VALUE  FROM      YEAR
                                                  NORMAL
..................................................................
TEMPERATURE (F)
 TODAY
  MAXIMUM         47   1216 AM  91    1967  72    -25       73
  MINIMUM         40   1132 AM  28    1994  44     -4       33
  AVERAGE         44                        58    -14       53

PRECIPITATION (IN)
  TODAY            1.17          1.31 1985   0.07   1.10     0.00
  MONTH TO DATE    4.46                      1.65   2.81     0.36
  SINCE MAR 1      4.46                      3.11   1.35     0.68
  SINCE JAN 1      4.68                      3.99   0.69     1.45

DEGREE DAYS
 HEATING
  TODAY           21                         8     13       12
  MONTH TO DATE  306                       367    -61      314
  SINCE MAR 1    825                      1031   -206      877
  SINCE JUL 1   4238                      5055   -817     4785

 COOLING
  TODAY            0                         1     -1        0
  MONTH TO DATE    5                        10     -5        7
  SINCE MAR 1      5                        10     -5        7
  SINCE JAN 1      6                        10     -4        7
..................................................................


WIND (MPH)
  HIGHEST WIND SPEED    37   HIGHEST WIND DIRECTION     E (70)
  HIGHEST GUST SPEED    46   HIGHEST GUST DIRECTION     E (70)
  AVERAGE WIND SPEED    23.8



WEATHER CONDITIONS
 THE FOLLOWING WEATHER WAS RECORDED TODAY.
  THUNDERSTORM
  HEAVY RAIN
  RAIN
  LIGHT RAIN
  FOG


RELATIVE HUMIDITY (PERCENT)
 HIGHEST   100          1100 AM
 LOWEST     77          1200 AM
 AVERAGE    89

..........................................................


THE GARDEN CITY REGIONAL ARPT KS CLIMATE NORMALS FOR TOMORROW
                         NORMAL    RECORD    YEAR
 MAXIMUM TEMPERATURE (F)   72        93      1992
 MINIMUM TEMPERATURE (F)   44        26      2005


SUNRISE AND SUNSET
APRIL 29 2016.........SUNRISE   649 AM CDT   SUNSET   832 PM CDT
APRIL 30 2016.........SUNRISE   647 AM CDT   SUNSET   833 PM CDT


-  INDICATES NEGATIVE NUMBERS.
R  INDICATES RECORD WAS SET OR TIED.
MM INDICATES DATA IS MISSING.
T  INDICATES TRACE AMOUNT.




$$
