000
CDUS43 KDDC 250719
CLIGCK


CLIMATE REPORT
NATIONAL WEATHER SERVICE DODGE CITY KS
219 AM CDT SUN SEP 25 2016


...................................

...THE GARDEN CITY REGIONAL ARPT KS CLIMATE SUMMARY FOR SEPTEMBER 24 2016...

CLIMATE NORMAL PERIOD 1981 TO 2010
CLIMATE RECORD PERIOD 1948 TO 2016


WEATHER ITEM   OBSERVED TIME   RECORD YEAR NORMAL DEPARTURE LAST
                VALUE   (LST)  VALUE       VALUE  FROM      YEAR
                                                  NORMAL
..................................................................
TEMPERATURE (F)
 YESTERDAY
  MAXIMUM         80    456 PM  96    1966  79      1       85
  MINIMUM         57   1131 PM  33    1989  51      6       58
  AVERAGE         69                        64      5       72

PRECIPITATION (IN)
  YESTERDAY        0.00          1.08 1973   0.04  -0.04     0.00
  MONTH TO DATE    0.19                      1.21  -1.02     0.11
  SINCE SEP 1      0.19                      1.21  -1.02     0.11
  SINCE JAN 1     20.02                     16.86   3.16    19.90

DEGREE DAYS
 HEATING
  YESTERDAY        0                         4     -4
  MONTH TO DATE    8                        40    -32
  SINCE SEP 1      8                        40    -32
  SINCE JUL 1      8                        44    -36

 COOLING
  YESTERDAY        4                         3      1
  MONTH TO DATE  215                       147     68
  SINCE SEP 1    215                       147     68
  SINCE JAN 1   1371                      1263    108
..................................................................


WIND (MPH)
  HIGHEST WIND SPEED    20   HIGHEST WIND DIRECTION     S (170)
  HIGHEST GUST SPEED    29   HIGHEST GUST DIRECTION     S (170)
  AVERAGE WIND SPEED     9.3



WEATHER CONDITIONS
 THE FOLLOWING WEATHER WAS RECORDED YESTERDAY.
  THUNDERSTORM
  HAZE


RELATIVE HUMIDITY (PERCENT)
 HIGHEST    84           100 AM
 LOWEST     28           500 PM
 AVERAGE    56

..........................................................


THE GARDEN CITY REGIONAL ARPT KS CLIMATE NORMALS FOR TODAY
                         NORMAL    RECORD    YEAR
 MAXIMUM TEMPERATURE (F)   78        96      1990
 MINIMUM TEMPERATURE (F)   50        32      1961


SUNRISE AND SUNSET
SEPTEMBER 25 2016.....SUNRISE   734 AM CDT   SUNSET   734 PM CDT
SEPTEMBER 26 2016.....SUNRISE   735 AM CDT   SUNSET   733 PM CDT


-  INDICATES NEGATIVE NUMBERS.
R  INDICATES RECORD WAS SET OR TIED.
MM INDICATES DATA IS MISSING.
T  INDICATES TRACE AMOUNT.




$$
