000
CDUS43 KDDC 232332
CLIGCK


CLIMATE REPORT
NATIONAL WEATHER SERVICE DODGE CITY KS
631 PM CDT TUE SEP 23 2014


...................................

...THE GARDEN CITY REGIONAL ARPT KS CLIMATE SUMMARY FOR SEPTEMBER 23 2014...
VALID TODAY AS OF 0500 PM LOCAL TIME.

CLIMATE NORMAL PERIOD 1981 TO 2010
CLIMATE RECORD PERIOD 1948 TO 2014


WEATHER ITEM   OBSERVED TIME   RECORD YEAR NORMAL DEPARTURE LAST
                VALUE   (LST)  VALUE       VALUE  FROM      YEAR
                                                  NORMAL
..................................................................
TEMPERATURE (F)
 TODAY
  MAXIMUM         90    327 PM  99    1984  79     11       76
  MINIMUM         59    548 AM  34    1989  51      8       58
  AVERAGE         75                        65     10       67

PRECIPITATION (IN)
  TODAY            0.00          1.09 1960   0.05  -0.05      T
  MONTH TO DATE    1.47                      1.17   0.30     1.22
  SINCE SEP 1      1.47                      1.17   0.30     1.22
  SINCE JAN 1     19.12                     16.82   2.30    11.39

DEGREE DAYS
 HEATING
  TODAY            0                         4     -4        0
  MONTH TO DATE   56                        36     20        6
  SINCE SEP 1     56                        36     20        6
  SINCE JUL 1     66                        40     26        6

 COOLING
  TODAY           10                         4      6        2
  MONTH TO DATE  137                       144     -7      205
  SINCE SEP 1    137                       144     -7      205
  SINCE JAN 1   1297                      1260     37     1547
..................................................................


WIND (MPH)
  HIGHEST WIND SPEED    26   HIGHEST WIND DIRECTION     S (200)
  HIGHEST GUST SPEED    33   HIGHEST GUST DIRECTION    SW (210)
  AVERAGE WIND SPEED    13.2



WEATHER CONDITIONS
 THE FOLLOWING WEATHER WAS RECORDED TODAY.
  THUNDERSTORM


RELATIVE HUMIDITY (PERCENT)
 HIGHEST    72           500 AM
 LOWEST     34           300 PM
 AVERAGE    53

..........................................................


THE GARDEN CITY REGIONAL ARPT KS CLIMATE NORMALS FOR TOMORROW
                         NORMAL    RECORD    YEAR
 MAXIMUM TEMPERATURE (F)   79        96      1966
 MINIMUM TEMPERATURE (F)   51        33      1989


SUNRISE AND SUNSET
SEPTEMBER 23 2014.....SUNRISE   731 AM CDT   SUNSET   738 PM CDT
SEPTEMBER 24 2014.....SUNRISE   732 AM CDT   SUNSET   737 PM CDT


-  INDICATES NEGATIVE NUMBERS.
R  INDICATES RECORD WAS SET OR TIED.
MM INDICATES DATA IS MISSING.
T  INDICATES TRACE AMOUNT.




$$
