000
CDUS43 KDDC 240712
CLIGCK


CLIMATE REPORT
NATIONAL WEATHER SERVICE DODGE CITY KS
111 AM CST WED JAN 24 2018


...................................

...THE GARDEN CITY REGIONAL ARPT KS CLIMATE SUMMARY FOR JANUARY 23 2018...

CLIMATE NORMAL PERIOD 1981 TO 2010
CLIMATE RECORD PERIOD 1948 TO 2018


WEATHER ITEM   OBSERVED TIME   RECORD YEAR NORMAL DEPARTURE LAST
                VALUE   (LST)  VALUE       VALUE  FROM      YEAR
                                                  NORMAL
..................................................................
TEMPERATURE (F)
 YESTERDAY
  MAXIMUM         47    351 PM  71    1976  44      3       59
  MINIMUM         14    749 AM  -9    1963  18     -4       26
  AVERAGE         31                        31      0       43

PRECIPITATION (IN)
  YESTERDAY        0.00          0.18 1965   0.01  -0.01     0.00
  MONTH TO DATE    T                         0.24  -0.24     1.28
  SINCE DEC 1      T                         0.76  -0.76     1.58
  SINCE JAN 1      T                         0.24  -0.24     1.28

DEGREE DAYS
 HEATING
  YESTERDAY       34                        34      0
  MONTH TO DATE  795                       782     13
  SINCE DEC 1   1813                      1816     -3
  SINCE JUL 1   2769                      2905   -136

 COOLING
  YESTERDAY        0                         0      0
  MONTH TO DATE    0                         0      0
  SINCE DEC 1      0                         0      0
  SINCE JAN 1      0                         0      0
..................................................................


WIND (MPH)
  HIGHEST WIND SPEED    21   HIGHEST WIND DIRECTION    NW (320)
  HIGHEST GUST SPEED    28   HIGHEST GUST DIRECTION     N (340)
  AVERAGE WIND SPEED    12.5



WEATHER CONDITIONS
 THE FOLLOWING WEATHER WAS RECORDED YESTERDAY.
  NO SIGNIFICANT WEATHER WAS OBSERVED.


RELATIVE HUMIDITY (PERCENT)
 HIGHEST    80           300 AM
 LOWEST     34           100 PM
 AVERAGE    57

..........................................................


THE GARDEN CITY REGIONAL ARPT KS CLIMATE NORMALS FOR TODAY
                         NORMAL    RECORD    YEAR
 MAXIMUM TEMPERATURE (F)   44        72      1981
 MINIMUM TEMPERATURE (F)   18        -1      1969


SUNRISE AND SUNSET
JANUARY 24 2018.......SUNRISE   753 AM CST   SUNSET   557 PM CST
JANUARY 25 2018.......SUNRISE   752 AM CST   SUNSET   558 PM CST


-  INDICATES NEGATIVE NUMBERS.
R  INDICATES RECORD WAS SET OR TIED.
MM INDICATES DATA IS MISSING.
T  INDICATES TRACE AMOUNT.




$$
