000
CDUS43 KDDC 230713
CLIGCK


CLIMATE REPORT
NATIONAL WEATHER SERVICE DODGE CITY KS
206 AM CDT SUN JUL 23 2017


...................................

...THE GARDEN CITY REGIONAL ARPT KS CLIMATE SUMMARY FOR JULY 22 2017...

CLIMATE NORMAL PERIOD 1981 TO 2010
CLIMATE RECORD PERIOD 1948 TO 2017


WEATHER ITEM   OBSERVED TIME   RECORD YEAR NORMAL DEPARTURE LAST
                VALUE   (LST)  VALUE       VALUE  FROM      YEAR
                                                  NORMAL
..................................................................
TEMPERATURE (F)
 YESTERDAY
  MAXIMUM         99    302 PM 104    2013  92      7      100
  MINIMUM         63    526 AM  52    1989  65     -2       68
  AVERAGE         81                        79      2       84

PRECIPITATION (IN)
  YESTERDAY        T             1.58 1952   0.09  -0.09     0.00
  MONTH TO DATE    2.56                      1.99   0.57     6.12
  SINCE JUN 1      3.21                      5.47  -2.26    11.20
  SINCE JAN 1     11.52                     12.41  -0.89    16.66

DEGREE DAYS
 HEATING
  YESTERDAY        0                         0      0
  MONTH TO DATE    0                         0      0
  SINCE JUN 1      0                        16    -16
  SINCE JUL 1      0                         0      0

 COOLING
  YESTERDAY       16                        14      2
  MONTH TO DATE  339                       291     48
  SINCE JUN 1    674                       543    131
  SINCE JAN 1    764                       632    132
..................................................................


WIND (MPH)
  HIGHEST WIND SPEED    35   HIGHEST WIND DIRECTION     N (20)
  HIGHEST GUST SPEED    42   HIGHEST GUST DIRECTION     N (360)
  AVERAGE WIND SPEED     8.0



WEATHER CONDITIONS
 THE FOLLOWING WEATHER WAS RECORDED YESTERDAY.
  THUNDERSTORM
  HAZE


RELATIVE HUMIDITY (PERCENT)
 HIGHEST    78           400 AM
 LOWEST     24           400 PM
 AVERAGE    51

..........................................................


THE GARDEN CITY REGIONAL ARPT KS CLIMATE NORMALS FOR TODAY
                         NORMAL    RECORD    YEAR
 MAXIMUM TEMPERATURE (F)   92       106      1983
 MINIMUM TEMPERATURE (F)   65        54      1989


SUNRISE AND SUNSET
JULY 23 2017..........SUNRISE   639 AM CDT   SUNSET   859 PM CDT
JULY 24 2017..........SUNRISE   640 AM CDT   SUNSET   859 PM CDT


-  INDICATES NEGATIVE NUMBERS.
R  INDICATES RECORD WAS SET OR TIED.
MM INDICATES DATA IS MISSING.
T  INDICATES TRACE AMOUNT.




$$
