000
CDUS43 KDDC 222340
CLIGCK


CLIMATE REPORT
NATIONAL WEATHER SERVICE DODGE CITY KS
637 PM CDT TUE JUL 22 2014


...................................

...THE GARDEN CITY REGIONAL ARPT KS CLIMATE SUMMARY FOR JULY 22 2014...
VALID TODAY AS OF 0500 PM LOCAL TIME.

CLIMATE NORMAL PERIOD 1981 TO 2010
CLIMATE RECORD PERIOD 1948 TO 2014


WEATHER ITEM   OBSERVED TIME   RECORD YEAR NORMAL DEPARTURE LAST
                VALUE   (LST)  VALUE       VALUE  FROM      YEAR
                                                  NORMAL
..................................................................
TEMPERATURE (F)
 TODAY
  MAXIMUM         94    332 PM 104    2013  92      2      104
  MINIMUM         66    520 AM  52    1989  65      1       70
  AVERAGE         80                        79      1       87

PRECIPITATION (IN)
  TODAY            0.00          1.58 1952   0.09  -0.09     0.00
  MONTH TO DATE    1.18                      1.99  -0.81     0.42
  SINCE JUN 1     12.06                      5.47   6.59     2.56
  SINCE JAN 1     13.42                     12.41   1.01     4.13

DEGREE DAYS
 HEATING
  TODAY            0                         0      0        0
  MONTH TO DATE   10                         0     10        0
  SINCE JUN 1     21                        16      5       12
  SINCE JUL 1     10                         0     10        0

 COOLING
  TODAY           15                        14      1       22
  MONTH TO DATE  232                       291    -59      323
  SINCE JUN 1    506                       543    -37      714
  SINCE JAN 1    649                       632     17      861
..................................................................


WIND (MPH)
  HIGHEST WIND SPEED    22   HIGHEST WIND DIRECTION    SW (220)
  HIGHEST GUST SPEED    27   HIGHEST GUST DIRECTION    SW (220)
  AVERAGE WIND SPEED     7.9



WEATHER CONDITIONS
 THE FOLLOWING WEATHER WAS RECORDED TODAY.
  NO SIGNIFICANT WEATHER WAS OBSERVED.


RELATIVE HUMIDITY (PERCENT)
 HIGHEST    87           400 AM
 LOWEST     41           300 PM
 AVERAGE    64

..........................................................


THE GARDEN CITY REGIONAL ARPT KS CLIMATE NORMALS FOR TOMORROW
                         NORMAL    RECORD    YEAR
 MAXIMUM TEMPERATURE (F)   92       106      1983
 MINIMUM TEMPERATURE (F)   65        54      1989


SUNRISE AND SUNSET
JULY 22 2014..........SUNRISE   638 AM CDT   SUNSET   900 PM CDT
JULY 23 2014..........SUNRISE   639 AM CDT   SUNSET   900 PM CDT


-  INDICATES NEGATIVE NUMBERS.
R  INDICATES RECORD WAS SET OR TIED.
MM INDICATES DATA IS MISSING.
T  INDICATES TRACE AMOUNT.




$$
