000
CDUS43 KDDC 240706
CLIGCK


CLIMATE REPORT
NATIONAL WEATHER SERVICE DODGE CITY KS
206 AM CDT MON APR 24 2017


...................................

...THE GARDEN CITY REGIONAL ARPT KS CLIMATE SUMMARY FOR APRIL 23 2017...

CLIMATE NORMAL PERIOD 1981 TO 2010
CLIMATE RECORD PERIOD 1948 TO 2017


WEATHER ITEM   OBSERVED TIME   RECORD YEAR NORMAL DEPARTURE LAST
                VALUE   (LST)  VALUE       VALUE  FROM      YEAR
                                                  NORMAL
..................................................................
TEMPERATURE (F)
 YESTERDAY
  MAXIMUM         70    230 PM  96    1989  70      0       85
  MINIMUM         30    602 AM  24    2013  41    -11       52
  AVERAGE         50                        56     -6       69

PRECIPITATION (IN)
  YESTERDAY        0.00          0.78 2004   0.06  -0.06     0.00
  MONTH TO DATE    1.49                      1.25   0.24     3.28
  SINCE MAR 1      3.99                      2.71   1.28     3.28
  SINCE JAN 1      5.28                      3.59   1.69     3.50

DEGREE DAYS
 HEATING
  YESTERDAY       15                        10      5
  MONTH TO DATE  214                       312    -98
  SINCE MAR 1    724                       976   -252
  SINCE JUL 1   4198                      5000   -802

 COOLING
  YESTERDAY        0                         1     -1
  MONTH TO DATE   29                         4     25
  SINCE MAR 1     37                         4     33
  SINCE JAN 1     37                         4     33
..................................................................


WIND (MPH)
  HIGHEST WIND SPEED    29   HIGHEST WIND DIRECTION     S (180)
  HIGHEST GUST SPEED    37   HIGHEST GUST DIRECTION     S (180)
  AVERAGE WIND SPEED    14.6



WEATHER CONDITIONS
 THE FOLLOWING WEATHER WAS RECORDED YESTERDAY.
  NO SIGNIFICANT WEATHER WAS OBSERVED.


RELATIVE HUMIDITY (PERCENT)
 HIGHEST    85           600 AM
 LOWEST     28           200 PM
 AVERAGE    57

..........................................................


THE GARDEN CITY REGIONAL ARPT KS CLIMATE NORMALS FOR TODAY
                         NORMAL    RECORD    YEAR
 MAXIMUM TEMPERATURE (F)   70        95      2012
                                             1989
 MINIMUM TEMPERATURE (F)   42        19      2013


SUNRISE AND SUNSET
APRIL 24 2017.........SUNRISE   655 AM CDT   SUNSET   827 PM CDT
APRIL 25 2017.........SUNRISE   654 AM CDT   SUNSET   828 PM CDT


-  INDICATES NEGATIVE NUMBERS.
R  INDICATES RECORD WAS SET OR TIED.
MM INDICATES DATA IS MISSING.
T  INDICATES TRACE AMOUNT.




$$
