000
CDUS43 KDDC 191427
CLIGCK


CLIMATE REPORT
NATIONAL WEATHER SERVICE DODGE CITY KS
827 AM CST SUN NOV 19 2017


...................................

...THE GARDEN CITY REGIONAL ARPT KS CLIMATE SUMMARY FOR NOVEMBER 19 2017...
VALID AS OF 0800 AM LOCAL TIME.

CLIMATE NORMAL PERIOD 1981 TO 2010
CLIMATE RECORD PERIOD 1948 TO 2017


WEATHER ITEM   OBSERVED TIME   RECORD YEAR NORMAL DEPARTURE LAST
                VALUE   (LST)  VALUE       VALUE  FROM      YEAR
                                                  NORMAL
..................................................................
TEMPERATURE (F)
 TODAY
  MAXIMUM         27    738 AM  81    2007  54    -27       52
  MINIMUM         18    408 AM   9    1985  26     -8       12
  AVERAGE         23                        40    -17       32

PRECIPITATION (IN)
  TODAY            0.00          1.63 1975   0.02  -0.02     0.00
  MONTH TO DATE    0.01                      0.37  -0.36     0.07
  SINCE SEP 1      5.75                      3.12   2.63     0.26
  SINCE JAN 1     20.57                     18.77   1.80    20.09

..................................................................


WIND (MPH)
  HIGHEST WIND SPEED     9   HIGHEST WIND DIRECTION     W (290)
  HIGHEST GUST SPEED    11   HIGHEST GUST DIRECTION    SW (240)



WEATHER CONDITIONS
 THE FOLLOWING WEATHER WAS RECORDED TODAY.
  NO SIGNIFICANT WEATHER WAS OBSERVED.


RELATIVE HUMIDITY (PERCENT)
 HIGHEST    77           100 AM
 LOWEST     57           700 AM

..........................................................


THE GARDEN CITY REGIONAL ARPT KS CLIMATE NORMALS FOR TOMORROW
                         NORMAL    RECORD    YEAR
 MAXIMUM TEMPERATURE (F)   53        78      1955
 MINIMUM TEMPERATURE (F)   26        11      1985


SUNRISE AND SUNSET
NOVEMBER 19 2017......SUNRISE   728 AM CST   SUNSET   528 PM CST
NOVEMBER 20 2017......SUNRISE   729 AM CST   SUNSET   528 PM CST


-  INDICATES NEGATIVE NUMBERS.
R  INDICATES RECORD WAS SET OR TIED.
MM INDICATES DATA IS MISSING.
T  INDICATES TRACE AMOUNT.




$$
