000
CDUS43 KDDC 231006
CLIGCK


CLIMATE REPORT
NATIONAL WEATHER SERVICE DODGE CITY KS
406 AM CST SUN NOV 23 2014


...................................

...THE GARDEN CITY REGIONAL ARPT KS CLIMATE SUMMARY FOR NOVEMBER 22 2014...

CLIMATE NORMAL PERIOD 1981 TO 2010
CLIMATE RECORD PERIOD 1948 TO 2014


WEATHER ITEM   OBSERVED TIME   RECORD YEAR NORMAL DEPARTURE LAST
                VALUE   (LST)  VALUE       VALUE  FROM      YEAR
                                                  NORMAL
..................................................................
TEMPERATURE (F)
 YESTERDAY
  MAXIMUM         67    356 PM  74    1974  52     15       29
  MINIMUM         25    727 AM   7    1975  25      0       18
  AVERAGE         46                        38      8       24

PRECIPITATION (IN)
  YESTERDAY        0.00          0.08 1971   0.02  -0.02      T
  MONTH TO DATE    0.01                      0.42  -0.41     0.96
  SINCE SEP 1      3.74                      3.17   0.57     4.65
  SINCE JAN 1     21.39                     18.82   2.57    14.82

DEGREE DAYS
 HEATING
  YESTERDAY       19                        27     -8
  MONTH TO DATE  584                       473    111
  SINCE SEP 1    863                       859      4
  SINCE JUL 1    873                       863     10

 COOLING
  YESTERDAY        0                         0      0
  MONTH TO DATE    0                         0      0
  SINCE SEP 1    182                       182      0
  SINCE JAN 1   1342                      1298     44
..................................................................


WIND (MPH)
  HIGHEST WIND SPEED    28   HIGHEST WIND DIRECTION     S (180)
  HIGHEST GUST SPEED    36   HIGHEST GUST DIRECTION     S (170)
  AVERAGE WIND SPEED    11.8



WEATHER CONDITIONS
 THE FOLLOWING WEATHER WAS RECORDED YESTERDAY.
  FOG


RELATIVE HUMIDITY (PERCENT)
 HIGHEST   100          1200 AM
 LOWEST     20           300 PM
 AVERAGE    60

..........................................................


THE GARDEN CITY REGIONAL ARPT KS CLIMATE NORMALS FOR TODAY
                         NORMAL    RECORD    YEAR
 MAXIMUM TEMPERATURE (F)   52        72      2005
 MINIMUM TEMPERATURE (F)   24         7      2003


SUNRISE AND SUNSET
NOVEMBER 23 2014......SUNRISE   732 AM CST   SUNSET   526 PM CST
NOVEMBER 24 2014......SUNRISE   733 AM CST   SUNSET   526 PM CST


-  INDICATES NEGATIVE NUMBERS.
R  INDICATES RECORD WAS SET OR TIED.
MM INDICATES DATA IS MISSING.
T  INDICATES TRACE AMOUNT.




$$
