000
CDUS41 KPHI 072127
CLIGED


CLIMATE REPORT
NATIONAL WEATHER SERVICE MOUNT HOLLY NJ
526 PM EDT TUE JUL 7 2015


...................................

...THE GEORGETOWN DE CLIMATE SUMMARY FOR JULY 7 2015...
VALID TODAY AS OF 0500 PM LOCAL TIME.

CLIMATE NORMAL PERIOD 1981 TO 2010
CLIMATE RECORD PERIOD 1948 TO 2015


WEATHER ITEM   OBSERVED TIME   RECORD YEAR NORMAL DEPARTURE LAST
                VALUE   (LST)  VALUE       VALUE  FROM      YEAR
                                                  NORMAL
..................................................................
TEMPERATURE (F)
 TODAY
  MAXIMUM         89    215 PM 103    2012  86      3       91
  MINIMUM         74    516 AM  48    1980  67      7       68
  AVERAGE         82                        77      5       80

PRECIPITATION (IN)
  TODAY            0.00          2.30 1955   0.15  -0.15     0.00
  MONTH TO DATE    1.86                      1.10   0.76     2.60
  SINCE JUN 1      6.69                      5.71   0.98     4.37
  SINCE JAN 1     21.43                     22.65  -1.22    21.56

SNOWFALL (IN)
  TODAY           MM            MM      MM  MM     MM       MM
  MONTH TO DATE   MM                        MM     MM       MM
  SINCE JUN 1     MM                        MM     MM       MM
  SINCE JUL 1     MM                        MM     MM       MM
  SNOW DEPTH      MM

DEGREE DAYS
 HEATING
  TODAY            0                         0      0        0
  MONTH TO DATE    0                         0      0        0
  SINCE JUN 1     21                        13      8        5
  SINCE JUL 1      0                         0      0        0

 COOLING
  TODAY           17                        12      5       15
  MONTH TO DATE   77                        79     -2       93
  SINCE JUN 1    370                       318     52      347
  SINCE JAN 1    545                       412    133      448
..................................................................


WIND (MPH)
  HIGHEST WIND SPEED    18   HIGHEST WIND DIRECTION    SW (210)
  HIGHEST GUST SPEED    23   HIGHEST GUST DIRECTION    SW (210)
  AVERAGE WIND SPEED     8.7


SKY COVER
  POSSIBLE SUNSHINE  MM
  AVERAGE SKY COVER 0.3


WEATHER CONDITIONS
 THE FOLLOWING WEATHER WAS RECORDED TODAY.
  NO SIGNIFICANT WEATHER WAS OBSERVED.


RELATIVE HUMIDITY (PERCENT)
 HIGHEST   100           500 AM
 LOWEST     55           200 PM
 AVERAGE    78

..........................................................


THE GEORGETOWN DE CLIMATE NORMALS FOR TOMORROW
                         NORMAL    RECORD    YEAR
 MAXIMUM TEMPERATURE (F)   86        97      1993
 MINIMUM TEMPERATURE (F)   67        50      1959


SUNRISE AND SUNSET
JULY  7 2015..........SUNRISE   544 AM EDT   SUNSET   829 PM EDT
JULY  8 2015..........SUNRISE   544 AM EDT   SUNSET   829 PM EDT


-  INDICATES NEGATIVE NUMBERS.
R  INDICATES RECORD WAS SET OR TIED.
MM INDICATES DATA IS MISSING.
T  INDICATES TRACE AMOUNT.




$$
