000
CDUS41 KPHI 302126
CLIGED


CLIMATE REPORT
NATIONAL WEATHER SERVICE MOUNT HOLLY NJ
525 PM EDT SUN APR 30 2017


...................................

...THE GEORGETOWN DE CLIMATE SUMMARY FOR APRIL 30 2017...
VALID TODAY AS OF 0500 PM LOCAL TIME.

CLIMATE NORMAL PERIOD 1981 TO 2010
CLIMATE RECORD PERIOD 1948 TO 2017


WEATHER ITEM   OBSERVED TIME   RECORD YEAR NORMAL DEPARTURE LAST
                VALUE   (LST)  VALUE       VALUE  FROM      YEAR
                                                  NORMAL
..................................................................
TEMPERATURE (F)
 TODAY
  MAXIMUM         80    356 PM  90    1974  69     11       58
  MINIMUM         67    605 AM  32    1992  48     19       48
  AVERAGE         74                        58     16       53

PRECIPITATION (IN)
  TODAY            0.00          1.20 1990   0.08  -0.08     0.00
  MONTH TO DATE    2.48                      3.63  -1.15     3.82
  SINCE MAR 1      6.85                      7.68  -0.83     5.36
  SINCE JAN 1     11.09                     13.39  -2.30    11.83

DEGREE DAYS
 HEATING
  TODAY            0                         8     -8       12
  MONTH TO DATE  165                       348   -183      372
  SINCE MAR 1    781                       980   -199      822
  SINCE JUL 1   3466                      4260   -794     3500

 COOLING
  TODAY            9                         1      8        0
  MONTH TO DATE   70                        18     52       19
  SINCE MAR 1     73                        20     53       21
  SINCE JAN 1     73                        20     53       21
..................................................................


WIND (MPH)
  HIGHEST WIND SPEED    15   HIGHEST WIND DIRECTION     E (70)
  HIGHEST GUST SPEED    19   HIGHEST GUST DIRECTION     E (100)
  AVERAGE WIND SPEED     7.1


SKY COVER
  POSSIBLE SUNSHINE  MM
  AVERAGE SKY COVER 0.4


WEATHER CONDITIONS
 THE FOLLOWING WEATHER WAS RECORDED TODAY.
  FOG


RELATIVE HUMIDITY (PERCENT)
 HIGHEST    90           300 AM
 LOWEST     62           400 PM
 AVERAGE    76

..........................................................


THE GEORGETOWN DE CLIMATE NORMALS FOR TOMORROW
                         NORMAL    RECORD    YEAR
 MAXIMUM TEMPERATURE (F)   69        89      2010
 MINIMUM TEMPERATURE (F)   48        34      1987


SUNRISE AND SUNSET
APRIL 30 2017.........SUNRISE   605 AM EDT   SUNSET   753 PM EDT
MAY  1 2017...........SUNRISE   604 AM EDT   SUNSET   754 PM EDT


-  INDICATES NEGATIVE NUMBERS.
R  INDICATES RECORD WAS SET OR TIED.
MM INDICATES DATA IS MISSING.
T  INDICATES TRACE AMOUNT.




$$
