562
CDUS41 KPHI 220547
CLIGED


CLIMATE REPORT
NATIONAL WEATHER SERVICE MOUNT HOLLY NJ
146 AM EDT SUN OCT 22 2017


...................................

...THE GEORGETOWN DE CLIMATE SUMMARY FOR OCTOBER 21 2017...

CLIMATE NORMAL PERIOD 1981 TO 2010
CLIMATE RECORD PERIOD 1948 TO 2017


WEATHER ITEM   OBSERVED TIME   RECORD YEAR NORMAL DEPARTURE LAST
                VALUE   (LST)  VALUE       VALUE  FROM      YEAR
                                                  NORMAL
..................................................................
TEMPERATURE (F)
 YESTERDAY
  MAXIMUM         78    147 PM  83    1984  67     11       81
  MINIMUM         45    629 AM  22    1952  46     -1       57
  AVERAGE         62                        56      6       69

PRECIPITATION (IN)
  YESTERDAY        0.00          2.42 1976   0.13  -0.13     0.08
  MONTH TO DATE    0.77                      2.55  -1.78     3.09
  SINCE SEP 1      2.96                      6.68  -3.72    15.38
  SINCE JAN 1     36.97                     35.95   1.02    44.74

DEGREE DAYS
 HEATING
  YESTERDAY        3                         9     -6        0
  MONTH TO DATE   58                       137    -79       64
  SINCE SEP 1     69                       174   -105       71
  SINCE JUL 1     69                       175   -106       71

 COOLING
  YESTERDAY        0                         0      0        4
  MONTH TO DATE   80                        18     62       47
  SINCE SEP 1    271                       160    111      280
  SINCE JAN 1   1504                      1189    315     1494
..................................................................


WIND (MPH)
  HIGHEST WIND SPEED     8   HIGHEST WIND DIRECTION    SE (150)
  HIGHEST GUST SPEED    12   HIGHEST GUST DIRECTION    SE (120)
  AVERAGE WIND SPEED     1.5


SKY COVER
  POSSIBLE SUNSHINE  MM
  AVERAGE SKY COVER 0.0


WEATHER CONDITIONS
 THE FOLLOWING WEATHER WAS RECORDED YESTERDAY.
  NO SIGNIFICANT WEATHER WAS OBSERVED.


RELATIVE HUMIDITY (PERCENT)
 HIGHEST    93           100 AM
 LOWEST     29          1200 PM
 AVERAGE    61

..........................................................


THE GEORGETOWN DE CLIMATE NORMALS FOR TODAY
                         NORMAL    RECORD    YEAR
 MAXIMUM TEMPERATURE (F)   66        83      1979
 MINIMUM TEMPERATURE (F)   45        22      1952


SUNRISE AND SUNSET
OCTOBER 22 2017.......SUNRISE   718 AM EDT   SUNSET   613 PM EDT
OCTOBER 23 2017.......SUNRISE   719 AM EDT   SUNSET   612 PM EDT


-  INDICATES NEGATIVE NUMBERS.
R  INDICATES RECORD WAS SET OR TIED.
MM INDICATES DATA IS MISSING.
T  INDICATES TRACE AMOUNT.




$$
