000
CDUS41 KPHI 142128
CLIGED


CLIMATE REPORT
NATIONAL WEATHER SERVICE MOUNT HOLLY NJ
526 PM EDT SUN SEP 14 2014


...................................

...THE GEORGETOWN DE CLIMATE SUMMARY FOR SEPTEMBER 14 2014...
VALID TODAY AS OF 0500 PM LOCAL TIME.

CLIMATE NORMAL PERIOD 1981 TO 2010
CLIMATE RECORD PERIOD 1948 TO 2014


WEATHER ITEM   OBSERVED TIME   RECORD YEAR NORMAL DEPARTURE LAST
                VALUE   (LST)  VALUE       VALUE  FROM      YEAR
                                                  NORMAL
..................................................................
TEMPERATURE (F)
 TODAY
  MAXIMUM         71    352 PM  93    2008  79     -8       70
                                      1962
  MINIMUM         55    614 AM  37    1953  60     -5       52
  AVERAGE         63                        69     -6       61

PRECIPITATION (IN)
  TODAY            0.00          1.11 2006   0.15  -0.15     0.00
  MONTH TO DATE    1.23                      2.13  -0.90     0.27
  SINCE SEP 1      1.23                      2.13  -0.90     0.27
  SINCE JAN 1     31.53                     31.40   0.13    42.26

SNOWFALL (IN)
  TODAY           MM            MM      MM  MM     MM       MM
  MONTH TO DATE   MM                        MM     MM       MM
  SINCE SEP 1     MM                        MM     MM       MM
  SINCE JUL 1     MM                        MM     MM       MM
  SNOW DEPTH      MM

DEGREE DAYS
 HEATING
  TODAY            2                         1      1        4
  MONTH TO DATE    2                         4     -2        4
  SINCE SEP 1      2                         4     -2        4
  SINCE JUL 1      2                         5     -3        4

 COOLING
  TODAY            0                         5     -5        0
  MONTH TO DATE  142                        91     51      130
  SINCE SEP 1    142                        91     51      130
  SINCE JAN 1   1093                      1120    -27     1317
..................................................................


WIND (MPH)
  HIGHEST WIND SPEED    17   HIGHEST WIND DIRECTION    NE (60)
  HIGHEST GUST SPEED    29   HIGHEST GUST DIRECTION    NE (30)
  AVERAGE WIND SPEED     6.8


SKY COVER
  POSSIBLE SUNSHINE  MM
  AVERAGE SKY COVER 0.0


WEATHER CONDITIONS
 THE FOLLOWING WEATHER WAS RECORDED TODAY.
  FOG


RELATIVE HUMIDITY (PERCENT)
 HIGHEST    93           300 AM
 LOWEST     44           100 PM
 AVERAGE    69

..........................................................


THE GEORGETOWN DE CLIMATE NORMALS FOR TOMORROW
                         NORMAL    RECORD    YEAR
 MAXIMUM TEMPERATURE (F)   78        90      1981
 MINIMUM TEMPERATURE (F)   59        40      1975


SUNRISE AND SUNSET
SEPTEMBER 14 2014.....SUNRISE   642 AM EDT   SUNSET   711 PM EDT
SEPTEMBER 15 2014.....SUNRISE   643 AM EDT   SUNSET   710 PM EDT


-  INDICATES NEGATIVE NUMBERS.
R  INDICATES RECORD WAS SET OR TIED.
MM INDICATES DATA IS MISSING.
T  INDICATES TRACE AMOUNT.




$$
