000
CDUS41 KPHI 240628
CLIGED


CLIMATE REPORT
NATIONAL WEATHER SERVICE MOUNT HOLLY NJ
126 AM EST TUE JAN 24 2017


...................................

...THE GEORGETOWN DE CLIMATE SUMMARY FOR JANUARY 23 2017...

CLIMATE NORMAL PERIOD 1981 TO 2010
CLIMATE RECORD PERIOD 1948 TO 2017


WEATHER ITEM   OBSERVED TIME   RECORD YEAR NORMAL DEPARTURE LAST
                VALUE   (LST)  VALUE       VALUE  FROM      YEAR
                                                  NORMAL
..................................................................
TEMPERATURE (F)
 YESTERDAY
  MAXIMUM         49    445 AM  70    1967  43      6       38
  MINIMUM         44   1159 PM  -1    1970  26     18       28
  AVERAGE         47                        35     12       33

PRECIPITATION (IN)
  YESTERDAY        0.65          1.22 2006   0.09   0.56     0.72
  MONTH TO DATE    2.94                      2.17   0.77     2.87
  SINCE DEC 1      5.74                      5.46   0.28     7.03
  SINCE JAN 1      2.94                      2.17   0.77     2.87

DEGREE DAYS
 HEATING
  YESTERDAY       18                        30    -12       32
  MONTH TO DATE  564                       687   -123      694
  SINCE DEC 1   1328                      1485   -157     1095
  SINCE JUL 1   1962                      2269   -307     1735

 COOLING
  YESTERDAY        0                         0      0        0
  MONTH TO DATE    0                         0      0        0
  SINCE DEC 1      0                         0      0        9
  SINCE JAN 1      0                         0      0        0
..................................................................


WIND (MPH)
  HIGHEST WIND SPEED    40   HIGHEST WIND DIRECTION    NE (60)
  HIGHEST GUST SPEED    53   HIGHEST GUST DIRECTION    NE (60)
  AVERAGE WIND SPEED    23.9


SKY COVER
  POSSIBLE SUNSHINE  MM
  AVERAGE SKY COVER 1.0


WEATHER CONDITIONS
 THE FOLLOWING WEATHER WAS RECORDED YESTERDAY.
  HEAVY RAIN
  RAIN
  LIGHT RAIN
  FOG


RELATIVE HUMIDITY (PERCENT)
 HIGHEST   100          1000 PM
 LOWEST     83          1100 PM
 AVERAGE    92

..........................................................


THE GEORGETOWN DE CLIMATE NORMALS FOR TODAY
                         NORMAL    RECORD    YEAR
 MAXIMUM TEMPERATURE (F)   44        73      1967
 MINIMUM TEMPERATURE (F)   26         6      1987


SUNRISE AND SUNSET
JANUARY 24 2017.......SUNRISE   713 AM EST   SUNSET   514 PM EST
JANUARY 25 2017.......SUNRISE   713 AM EST   SUNSET   516 PM EST


-  INDICATES NEGATIVE NUMBERS.
R  INDICATES RECORD WAS SET OR TIED.
MM INDICATES DATA IS MISSING.
T  INDICATES TRACE AMOUNT.




$$
