000
CDUS41 KPHI 030636
CLIGED


CLIMATE REPORT
NATIONAL WEATHER SERVICE MOUNT HOLLY NJ
235 AM EDT TUE MAY 3 2016


...................................

...THE GEORGETOWN DE CLIMATE SUMMARY FOR MAY 2 2016...

CLIMATE NORMAL PERIOD 1981 TO 2010
CLIMATE RECORD PERIOD 1948 TO 2016


WEATHER ITEM   OBSERVED TIME   RECORD YEAR NORMAL DEPARTURE LAST
                VALUE   (LST)  VALUE       VALUE  FROM      YEAR
                                                  NORMAL
..................................................................
TEMPERATURE (F)
 YESTERDAY
  MAXIMUM         78    501 PM  87    1986  69      9       71
  MINIMUM         50    642 AM  34    1956  48      2       42
  AVERAGE         64                        59      5       57

PRECIPITATION (IN)
  YESTERDAY        0.58          1.31 2002   0.08   0.50     0.00
  MONTH TO DATE    1.02                      0.16   0.86     0.24
  SINCE MAR 1      6.38                      7.84  -1.46     6.96
  SINCE JAN 1     12.85                     13.55  -0.70    13.79

SNOWFALL (IN)
  YESTERDAY       MM            MM      MM  MM     MM       MM
  MONTH TO DATE   MM                        MM     MM       MM
  SINCE MAR 1     MM                        MM     MM       MM
  SINCE JUL 1     MM                        MM     MM       MM
  SNOW DEPTH      MM

DEGREE DAYS
 HEATING
  YESTERDAY        1                         7     -6        8
  MONTH TO DATE   15                        15      0       24
  SINCE MAR 1    837                       995   -158     1089
  SINCE JUL 1   3515                      4275   -760     4577

 COOLING
  YESTERDAY        0                         1     -1        0
  MONTH TO DATE    0                         2     -2        0
  SINCE MAR 1     21                        22     -1        5
  SINCE JAN 1     21                        22     -1        5
..................................................................


WIND (MPH)
  HIGHEST WIND SPEED    15   HIGHEST WIND DIRECTION    SW (230)
  HIGHEST GUST SPEED    20   HIGHEST GUST DIRECTION     W (250)
  AVERAGE WIND SPEED     6.8


SKY COVER
  POSSIBLE SUNSHINE  MM
  AVERAGE SKY COVER 0.6


WEATHER CONDITIONS
 THE FOLLOWING WEATHER WAS RECORDED YESTERDAY.
  THUNDERSTORM
  HEAVY RAIN
  RAIN
  LIGHT RAIN
  FOG


RELATIVE HUMIDITY (PERCENT)
 HIGHEST   100          1200 AM
 LOWEST     64           400 PM
 AVERAGE    82

..........................................................


THE GEORGETOWN DE CLIMATE NORMALS FOR TODAY
                         NORMAL    RECORD    YEAR
 MAXIMUM TEMPERATURE (F)   70        90      1965
 MINIMUM TEMPERATURE (F)   49        32      1960


SUNRISE AND SUNSET
MAY  3 2016...........SUNRISE   601 AM EDT   SUNSET   756 PM EDT
MAY  4 2016...........SUNRISE   600 AM EDT   SUNSET   757 PM EDT


-  INDICATES NEGATIVE NUMBERS.
R  INDICATES RECORD WAS SET OR TIED.
MM INDICATES DATA IS MISSING.
T  INDICATES TRACE AMOUNT.




$$
